{"id":54498,"date":"2016-03-25T01:42:53","date_gmt":"2016-03-25T01:42:53","guid":{"rendered":"https:\/\/www.youreporter.it\/video_ricordando_i_desaparecidos_argentini_milano_24_marzo_2016\/"},"modified":"2016-03-25T01:42:53","modified_gmt":"2016-03-25T01:42:53","slug":"video_ricordando_i_desaparecidos_argentini_milano_24_marzo_2016","status":"publish","type":"video","link":"https:\/\/www.youreporter.it\/video\/video_ricordando_i_desaparecidos_argentini_milano_24_marzo_2016\/","title":{"rendered":"Ricordando i Desaparecidos argentini (Milano, 24 marzo 2016)"},"content":{"rendered":"<p>RICORDANDO IL GOLPE ARGENTINO DEL 24 MARZO 1976 E TUTTI I DESAPARECIDOS E LE VITTIME DELLA REPRESSIONE FASCISTA DEL GOVERNO DI JORGE RAFAEL VIDELA.<br \/>\nGioved\u00ec 24 marzo 2016, presidio in piazza della Scala a Milano ed interventi di vari relatori tra cui Alfredo Somoza, giornalista di Radio Popolare; tra i presenti anche Anita Sonego e Basilio Rizzo.<br \/>\n40esimo anniversario del colpo di stato militare che port\u00f2 a una sistematica repressione senza precedenti nella storia dell\u2019Argentina: 30mila \u201cdesaparecidos\u201d, pi\u00f9 di 4000 morti, centinaia di migliaia di esuli, il rapimento di pi\u00f9 di 500 bambini nati da madri detenute e poi assassinate ed un clima generale di costante terrore in tutto il Paese. Pi\u00f9 di 300 erano i centri di detenzione in cui le persone rapite venivano sistematicamente torturate per poi essere uccise, molto spesso gettate in mare da aerei in volo, esecuzioni definite \u201ci voli della morte\u201d.<br \/>\nMemoria, verit\u00e0, giustizia e condanna di tutti gli atti di persecuzione politica, di criminalizzazione della protesta sociale e repressione del popolo argentino: una simbolica &#8220;ronda&#8221; in cerchio in ricordo alla lotta delle Madres y Abuelas de Plaza de Mayo (madri e nonne di Piazza di Maggio, \u00e8 una importante organizzazione internazionale per i diritti umani, nata appunto in Argentina per tentare di recuperare figli e nipoti scomparsi durante la dittatura fascista).<br \/>\nRicordando la famigerata \u201dOperazione Condor\u201d ideata dagli USA per ingerirsi negli affari interni dei Paesi latinoamericani ed instaurare regimi terroristici e sanguinari, come quello di Augusto Pinochet in Cile e di Jorge Rafael Videla in Argentina, avallati dalle compagnie multinazionali, dalla borghesia conservatrice e reazionaria, nonch\u00e9 dalle alte gerarchie del Vaticano e della Chiesa cattolica che ne furono complici (oltre agli armamenti forniti da Israele).<\/p>\n","protected":false},"author":5262,"featured_media":0,"comment_status":"closed","ping_status":"closed","template":"","categories":[1],"tags":[],"geo":[51,3629],"class_list":{"0":"post-54498","1":"video","2":"type-video","3":"status-publish","5":"category-cronaca","6":"geo-lombardia","7":"geo-milano"},"acf":[],"_links":{"self":[{"href":"https:\/\/www.youreporter.it\/api\/wp\/v2\/video\/54498"}],"collection":[{"href":"https:\/\/www.youreporter.it\/api\/wp\/v2\/video"}],"about":[{"href":"https:\/\/www.youreporter.it\/api\/wp\/v2\/types\/video"}],"author":[{"embeddable":true,"href":"https:\/\/www.youreporter.it\/api\/wp\/v2\/users\/5262"}],"replies":[{"embeddable":true,"href":"https:\/\/www.youreporter.it\/api\/wp\/v2\/comments?post=54498"}],"version-history":[{"count":0,"href":"https:\/\/www.youreporter.it\/api\/wp\/v2\/video\/54498\/revisions"}],"wp:attachment":[{"href":"https:\/\/www.youreporter.it\/api\/wp\/v2\/media?parent=54498"}],"wp:term":[{"taxonomy":"category","embeddable":true,"href":"https:\/\/www.youreporter.it\/api\/wp\/v2\/categories?post=54498"},{"taxonomy":"post_tag","embeddable":true,"href":"https:\/\/www.youreporter.it\/api\/wp\/v2\/tags?post=54498"},{"taxonomy":"geo","embeddable":true,"href":"https:\/\/www.youreporter.it\/api\/wp\/v2\/geo?post=54498"}],"curies":[{"name":"wp","href":"https:\/\/api.w.org\/{rel}","templated":true}]}}

<p>RICORDANDO IL GOLPE ARGENTINO DEL 24 MARZO 1976 E TUTTI I DESAPARECIDOS E LE VITTIME DELLA REPRESSIONE FASCISTA DEL GOVERNO DI JORGE RAFAEL VIDELA.<br />
Giovedì 24 marzo 2016, presidio in piazza della Scala a Milano ed interventi di vari relatori tra cui Alfredo Somoza, giornalista di Radio Popolare; tra i presenti anche Anita Sonego e Basilio Rizzo.<br />
40esimo anniversario del colpo di stato militare che portò a una sistematica repressione senza precedenti nella storia dell’Argentina: 30mila “desaparecidos”, più di 4000 morti, centinaia di migliaia di esuli, il rapimento di più di 500 bambini nati da madri detenute e poi assassinate ed un clima generale di costante terrore in tutto il Paese. Più di 300 erano i centri di detenzione in cui le persone rapite venivano sistematicamente torturate per poi essere uccise, molto spesso gettate in mare da aerei in volo, esecuzioni definite “i voli della morte”.<br />
Memoria, verità, giustizia e condanna di tutti gli atti di persecuzione politica, di criminalizzazione della protesta sociale e repressione del popolo argentino: una simbolica &#8220;ronda&#8221; in cerchio in ricordo alla lotta delle Madres y Abuelas de Plaza de Mayo (madri e nonne di Piazza di Maggio, è una importante organizzazione internazionale per i diritti umani, nata appunto in Argentina per tentare di recuperare figli e nipoti scomparsi durante la dittatura fascista).<br />
Ricordando la famigerata ”Operazione Condor” ideata dagli USA per ingerirsi negli affari interni dei Paesi latinoamericani ed instaurare regimi terroristici e sanguinari, come quello di Augusto Pinochet in Cile e di Jorge Rafael Videla in Argentina, avallati dalle compagnie multinazionali, dalla borghesia conservatrice e reazionaria, nonché dalle alte gerarchie del Vaticano e della Chiesa cattolica che ne furono complici (oltre agli armamenti forniti da Israele).</p>
