{"id":54468,"date":"2016-07-08T10:24:04","date_gmt":"2016-07-08T10:24:04","guid":{"rendered":"https:\/\/www.youreporter.it\/video_no_al_razzismo_stop_racism_loggia_dei_mercanti_di_milano\/"},"modified":"2016-07-08T10:24:04","modified_gmt":"2016-07-08T10:24:04","slug":"video_no_al_razzismo_stop_racism_loggia_dei_mercanti_di_milano","status":"publish","type":"video","link":"https:\/\/www.youreporter.it\/video\/video_no_al_razzismo_stop_racism_loggia_dei_mercanti_di_milano\/","title":{"rendered":"No al razzismo! Stop racism! (Loggia dei Mercanti di Milano)"},"content":{"rendered":"<p>NO RACISM! \/ NO AL RAZZISMO!<br \/>\nGioved\u00ec 7 luglio 2016, presso la Loggia dei Mercanti di Milano (MM Cordusio), presidio antirazzista alla memoria del cittadino nigeriano Emmanuel Chidi Namdi, barbaramente assassinato a Fermo nelle Marche dal fascista Amedeo Mancini, militante della Lega Nord Marche, mentre stava difendendo la moglie da insulti razzisti.<br \/>\nTra i presenti Cecilia Strada, ANPI, ANED e altre associazioni democratiche.<br \/>\nSolidariet\u00e0, vigilanza, impegno civico e persecuzione legale per chi incita all\u2019odio ed alla violenza razziale.<br \/>\n\u201cLo scorso 5 luglio Emmanuel Chidi Namdi, richiedente asilo giunto in Italia dalla Nigeria in cerca di scampo dalle atrocit\u00e0 di Boko Haram, passeggiava in pieno centro a Fermo con la sua compagna Chimiary. Reagendo agli insulti rivolti contro di lei da due individui, la coppia \u00e8 stata da questi aggredita con lei malmenata e lui ridotto in fin di vita. Gi\u00e0 finito in coma durante il pestaggio, morir\u00e0 poche ore pi\u00f9 tardi. Dei due aggressori sono emerse le generalit\u00e0: uno \u00e8 Amedeo Mancini, un allevatore del posto. Chi lo conosce lo ricorda sempre in prima fila ai comizi di Salvini nella vicina Porto S.Giorgio, pronto a difendere come improvvisato ma gradito servizio d&#8217;ordine i discorsi grondanti odio e xenofobia. Ben altre sono le etichette con cui i media lo inquadrano: \u201cultr\u00e0\u201d, abito buono per tutte le stagioni per criminalizzare gratuitamente e ben oltre questo specifico episodio un&#8217;intera categoria sociale, e \u201csimpatizzante\u201d di una generica \u201cestrema destra\u201d a cui tra le righe dei giornali idealmente contrapporre una \u201ctifoseria opposta\u201d. Eppure dovrebbe essere impossibile definire una persona che ne apostrofa un&#8217;altra come \u201cscimmia africana\u201d diversamente da ci\u00f2 che \u00e8: una repellente canaglia razzista\u201d. Estratto da:<br \/>\nhttp:\/\/www.infoaut.org\/index.php\/blog\/antifascismoanuove-destre\/item\/17344-amedeo-mancini-boia-di-emmanuel-\u00e8-un-fascista-e-un-razzista<\/p>\n","protected":false},"author":5262,"featured_media":0,"comment_status":"closed","ping_status":"closed","template":"","categories":[1],"tags":[],"geo":[51,3629],"class_list":{"0":"post-54468","1":"video","2":"type-video","3":"status-publish","5":"category-cronaca","6":"geo-lombardia","7":"geo-milano"},"acf":[],"_links":{"self":[{"href":"https:\/\/www.youreporter.it\/api\/wp\/v2\/video\/54468"}],"collection":[{"href":"https:\/\/www.youreporter.it\/api\/wp\/v2\/video"}],"about":[{"href":"https:\/\/www.youreporter.it\/api\/wp\/v2\/types\/video"}],"author":[{"embeddable":true,"href":"https:\/\/www.youreporter.it\/api\/wp\/v2\/users\/5262"}],"replies":[{"embeddable":true,"href":"https:\/\/www.youreporter.it\/api\/wp\/v2\/comments?post=54468"}],"version-history":[{"count":0,"href":"https:\/\/www.youreporter.it\/api\/wp\/v2\/video\/54468\/revisions"}],"wp:attachment":[{"href":"https:\/\/www.youreporter.it\/api\/wp\/v2\/media?parent=54468"}],"wp:term":[{"taxonomy":"category","embeddable":true,"href":"https:\/\/www.youreporter.it\/api\/wp\/v2\/categories?post=54468"},{"taxonomy":"post_tag","embeddable":true,"href":"https:\/\/www.youreporter.it\/api\/wp\/v2\/tags?post=54468"},{"taxonomy":"geo","embeddable":true,"href":"https:\/\/www.youreporter.it\/api\/wp\/v2\/geo?post=54468"}],"curies":[{"name":"wp","href":"https:\/\/api.w.org\/{rel}","templated":true}]}}

<p>NO RACISM! / NO AL RAZZISMO!<br />
Giovedì 7 luglio 2016, presso la Loggia dei Mercanti di Milano (MM Cordusio), presidio antirazzista alla memoria del cittadino nigeriano Emmanuel Chidi Namdi, barbaramente assassinato a Fermo nelle Marche dal fascista Amedeo Mancini, militante della Lega Nord Marche, mentre stava difendendo la moglie da insulti razzisti.<br />
Tra i presenti Cecilia Strada, ANPI, ANED e altre associazioni democratiche.<br />
Solidarietà, vigilanza, impegno civico e persecuzione legale per chi incita all’odio ed alla violenza razziale.<br />
“Lo scorso 5 luglio Emmanuel Chidi Namdi, richiedente asilo giunto in Italia dalla Nigeria in cerca di scampo dalle atrocità di Boko Haram, passeggiava in pieno centro a Fermo con la sua compagna Chimiary. Reagendo agli insulti rivolti contro di lei da due individui, la coppia è stata da questi aggredita con lei malmenata e lui ridotto in fin di vita. Già finito in coma durante il pestaggio, morirà poche ore più tardi. Dei due aggressori sono emerse le generalità: uno è Amedeo Mancini, un allevatore del posto. Chi lo conosce lo ricorda sempre in prima fila ai comizi di Salvini nella vicina Porto S.Giorgio, pronto a difendere come improvvisato ma gradito servizio d&#8217;ordine i discorsi grondanti odio e xenofobia. Ben altre sono le etichette con cui i media lo inquadrano: “ultrà”, abito buono per tutte le stagioni per criminalizzare gratuitamente e ben oltre questo specifico episodio un&#8217;intera categoria sociale, e “simpatizzante” di una generica “estrema destra” a cui tra le righe dei giornali idealmente contrapporre una “tifoseria opposta”. Eppure dovrebbe essere impossibile definire una persona che ne apostrofa un&#8217;altra come “scimmia africana” diversamente da ciò che è: una repellente canaglia razzista”. Estratto da:<br />
http://www.infoaut.org/index.php/blog/antifascismoanuove-destre/item/17344-amedeo-mancini-boia-di-emmanuel-è-un-fascista-e-un-razzista</p>
