{"id":54457,"date":"2016-09-11T10:58:06","date_gmt":"2016-09-11T10:58:06","guid":{"rendered":"https:\/\/www.youreporter.it\/video_no_al_referendum_costituzionale_10_settembre_2016\/"},"modified":"2016-09-11T10:58:06","modified_gmt":"2016-09-11T10:58:06","slug":"video_no_al_referendum_costituzionale_10_settembre_2016","status":"publish","type":"video","link":"https:\/\/www.youreporter.it\/video\/video_no_al_referendum_costituzionale_10_settembre_2016\/","title":{"rendered":"\u201cNO\u201d al Referendum Costituzionale (10 settembre 2016)"},"content":{"rendered":"<p>\u201cLIBERI DI DIRE NO\u201d: BICICLETTATA IN DIFESA DELLA COSTITUZIONE REPUBBLICANA ANTIFASCISTA CONTRO OGNI TENTATIVO DI STRAVOLGIMENTO CHIESTO DA COLORO CHE DI FATTO NON LA APPLICANO.<br \/>\nSabato 10 settembre 2016, evento organizzato dal Comitato per il NO al prossimo referendum sulle modifiche costituzionali.<br \/>\nDopo il punto di ritrovo iniziale presso il Civico Planetario ai giardini pubblici di Porta Venezia a Milano, il corteo di biciclette molto applaudito si \u00e8 snodato per le vie cittadine transitando per piazza S.Babila e concludendosi in piazza della Scala, dove sono intervenuti vari relatori tra cui Luca Vaccarossa (ANPI, Associazione Nazionale Partigiani Italiani), Mario Ciurli (92enne, uno degli ultimi partigiani combattenti sopravvissuti di Milano), Mario Garofalo (Movimento 5 Stelle), Vladimiro Merlin (PCI, Partito Comunista Italiano), Leonardo Cribio, ecc. Tra i presenti anche Silvia Pinelli.<br \/>\nQualcuno si \u00e8 mai chiesto cosa hanno in comune gli attuali governo italiano e libico?<br \/>\nEbbene si tratta di fatto di due governi fantoccio imposti \u201cformalmente\u201d dall\u2019alto da \u201cpoteri forti\u201d, senza mai essere stati legittimati direttamente da alcuna elezione popolare.<br \/>\nTrattandosi in Italia gi\u00e0 del terzo governo del genere (dopo Monti e Letta), la cosa diventa estremamente \u201csospetta\u201d, soprattutto dopo la sentenza sull\u2019anticostituzionalit\u00e0 della legge elettorale che ha composto l\u2019attuale Parlamento e con il governo del PD di Renzi succube dei poteri finanziari, che si \u00e8 pure vergognosamente astenuto sulla condanna del nazismo alle Nazioni Unite (\u2026).<br \/>\nQuesta cosiddetta \u201criforma\u201d divide il Paese, appesantisce l\u2019iter legislativo, complica il bicameralismo anzich\u00e9 correggerlo, rafforza il governo a danno del Parlamento, svilisce la rappresentanza dei cittadini e la sovranit\u00e0 popolare, oltre a non far risparmiare.<br \/>\nVota NO al referendum costituzionale di questo autunno: non \u00e8 una questione di costi, \u00e8 una questione di democrazia, non si tratta di schieramenti, si tratta di qualcosa che \u00e8 di tutti!<br \/>\nLa Costituzione si pu\u00f2 modificare, ma non cos\u00ec con una rinnovata \u201clegge truffa\u201d del 1953!<br \/>\nhttp:\/\/iovotono.milano.it\/<br \/>\nhttps:\/\/www.facebook.com\/CDCMilano\/<\/p>\n","protected":false},"author":5262,"featured_media":0,"comment_status":"closed","ping_status":"closed","template":"","categories":[1],"tags":[],"geo":[51,3629],"class_list":{"0":"post-54457","1":"video","2":"type-video","3":"status-publish","5":"category-cronaca","6":"geo-lombardia","7":"geo-milano"},"acf":[],"_links":{"self":[{"href":"https:\/\/www.youreporter.it\/api\/wp\/v2\/video\/54457"}],"collection":[{"href":"https:\/\/www.youreporter.it\/api\/wp\/v2\/video"}],"about":[{"href":"https:\/\/www.youreporter.it\/api\/wp\/v2\/types\/video"}],"author":[{"embeddable":true,"href":"https:\/\/www.youreporter.it\/api\/wp\/v2\/users\/5262"}],"replies":[{"embeddable":true,"href":"https:\/\/www.youreporter.it\/api\/wp\/v2\/comments?post=54457"}],"version-history":[{"count":0,"href":"https:\/\/www.youreporter.it\/api\/wp\/v2\/video\/54457\/revisions"}],"wp:attachment":[{"href":"https:\/\/www.youreporter.it\/api\/wp\/v2\/media?parent=54457"}],"wp:term":[{"taxonomy":"category","embeddable":true,"href":"https:\/\/www.youreporter.it\/api\/wp\/v2\/categories?post=54457"},{"taxonomy":"post_tag","embeddable":true,"href":"https:\/\/www.youreporter.it\/api\/wp\/v2\/tags?post=54457"},{"taxonomy":"geo","embeddable":true,"href":"https:\/\/www.youreporter.it\/api\/wp\/v2\/geo?post=54457"}],"curies":[{"name":"wp","href":"https:\/\/api.w.org\/{rel}","templated":true}]}}

<p>“LIBERI DI DIRE NO”: BICICLETTATA IN DIFESA DELLA COSTITUZIONE REPUBBLICANA ANTIFASCISTA CONTRO OGNI TENTATIVO DI STRAVOLGIMENTO CHIESTO DA COLORO CHE DI FATTO NON LA APPLICANO.<br />
Sabato 10 settembre 2016, evento organizzato dal Comitato per il NO al prossimo referendum sulle modifiche costituzionali.<br />
Dopo il punto di ritrovo iniziale presso il Civico Planetario ai giardini pubblici di Porta Venezia a Milano, il corteo di biciclette molto applaudito si è snodato per le vie cittadine transitando per piazza S.Babila e concludendosi in piazza della Scala, dove sono intervenuti vari relatori tra cui Luca Vaccarossa (ANPI, Associazione Nazionale Partigiani Italiani), Mario Ciurli (92enne, uno degli ultimi partigiani combattenti sopravvissuti di Milano), Mario Garofalo (Movimento 5 Stelle), Vladimiro Merlin (PCI, Partito Comunista Italiano), Leonardo Cribio, ecc. Tra i presenti anche Silvia Pinelli.<br />
Qualcuno si è mai chiesto cosa hanno in comune gli attuali governo italiano e libico?<br />
Ebbene si tratta di fatto di due governi fantoccio imposti “formalmente” dall’alto da “poteri forti”, senza mai essere stati legittimati direttamente da alcuna elezione popolare.<br />
Trattandosi in Italia già del terzo governo del genere (dopo Monti e Letta), la cosa diventa estremamente “sospetta”, soprattutto dopo la sentenza sull’anticostituzionalità della legge elettorale che ha composto l’attuale Parlamento e con il governo del PD di Renzi succube dei poteri finanziari, che si è pure vergognosamente astenuto sulla condanna del nazismo alle Nazioni Unite (…).<br />
Questa cosiddetta “riforma” divide il Paese, appesantisce l’iter legislativo, complica il bicameralismo anziché correggerlo, rafforza il governo a danno del Parlamento, svilisce la rappresentanza dei cittadini e la sovranità popolare, oltre a non far risparmiare.<br />
Vota NO al referendum costituzionale di questo autunno: non è una questione di costi, è una questione di democrazia, non si tratta di schieramenti, si tratta di qualcosa che è di tutti!<br />
La Costituzione si può modificare, ma non così con una rinnovata “legge truffa” del 1953!<br />
http://iovotono.milano.it/<br />
https://www.facebook.com/CDCMilano/</p>
