{"id":54409,"date":"2017-02-26T11:12:45","date_gmt":"2017-02-26T11:12:45","guid":{"rendered":"https:\/\/www.youreporter.it\/video_ricordando_luigi_pestalozza_a_lambrate_1928-2017\/"},"modified":"2017-02-26T11:12:45","modified_gmt":"2017-02-26T11:12:45","slug":"video_ricordando_luigi_pestalozza_a_lambrate_1928-2017","status":"publish","type":"video","link":"https:\/\/www.youreporter.it\/video\/video_ricordando_luigi_pestalozza_a_lambrate_1928-2017\/","title":{"rendered":"Ricordando Luigi Pestalozza a Lambrate (1928-2017)"},"content":{"rendered":"<p>RICORDANDO IL PARTIGIANO LUIGI PESTALOZZA (1928-2017).<br \/>\nSabato 25 febbraio 2017, presso un salone di rappresentanza del cimitero di Lambrate a Milano (Zona Tangenziale Est), cerimonia laica alla memoria di Luigi Pestalozza.<br \/>\nSono intervenuti il figlio Alessandro, la nipote Roberta (che si \u00e8 esibita con la sua arpa), vari rappresentanti dell\u2019ANPI Associazione Nazionale Partigiani Italiani (tra cui Libero Traversa e Roberto Cenati), un rappresentante del Comune di Milano, ecc.<br \/>\nUn partigiano, un uomo impegnato in politica, un intellettuale un raffinato musicologo: il 23 febbraio 2017 al Policlinico di Milano \u00e8 deceduto Luigi Pestalozza.<br \/>\nNato nel 1928 collabor\u00f2 come critico musicale all&#8217;Avanti, all&#8217;Unit\u00e0, Paese Sera e Rinascita. Insegn\u00f2 storia della musica all&#8217;Accademia di Brera ed alla scuola di arte drammatica del Piccolo Teatro, oltre che all&#8217;universit\u00e0 di Pisa.<br \/>\nDopo l&#8217;esperienza da partigiano con Giustizia e libert\u00e0, ha ricoperto incarichi nazionali nel PCI ed \u00e8 stato dirigente dell&#8217;ANPI. Nel 1950 ha fondato la rivista \u201cIl diapason\u201d ed \u00e8 stato direttore del settore musicale del Verri. Studioso autorevole della musica del ventesimo secolo ha scritto una ventina di libri. Nel 1980 ha dato vita alla rivista di studi musicali \u201cMusica\/Realt\u00e0\u201d e nel 1981 alle collane di studi musicali \u201cLe Sfere\u201d e \u201cI Quaderni di M\/R\u201d. Ha organizzato numerosi convegni tra i quali giornate dedicate alla musica elettroacustica al Teatro alla Scala fra il 1998 e il 2000.<br \/>\nDal 1998 era presidente dell&#8217;associazione gli Amici di Musica\/Realt\u00e0 e direttore delle sue stagioni musicali a Milano. Nel 2009 aveva ricevuto l&#8217;Ambrogino d&#8217;Oro. &#8220;Apprezzato musicologo, recitava la motivazione, \u00e8 stato protagonista fin dal dopoguerra della vita sociale e culturale di Milano e vicepresidente dell&#8217;ANPI provinciale. Tra i primi a cogliere gli stimoli intellettuali della sperimentazione artistica contemporanea ed elettronica ha dato un contributo di alto livello alla diffusione della musica attraverso l&#8217;insegnamento e numerose pubblicazioni\u201d.<br \/>\nVideo realizzato per la sezione dell\u2019ANPI di Crescenzago, Zona 2 Milano.<\/p>\n","protected":false},"author":5262,"featured_media":0,"comment_status":"closed","ping_status":"closed","template":"","categories":[1],"tags":[],"geo":[51,3629],"class_list":{"0":"post-54409","1":"video","2":"type-video","3":"status-publish","5":"category-cronaca","6":"geo-lombardia","7":"geo-milano"},"acf":[],"_links":{"self":[{"href":"https:\/\/www.youreporter.it\/api\/wp\/v2\/video\/54409"}],"collection":[{"href":"https:\/\/www.youreporter.it\/api\/wp\/v2\/video"}],"about":[{"href":"https:\/\/www.youreporter.it\/api\/wp\/v2\/types\/video"}],"author":[{"embeddable":true,"href":"https:\/\/www.youreporter.it\/api\/wp\/v2\/users\/5262"}],"replies":[{"embeddable":true,"href":"https:\/\/www.youreporter.it\/api\/wp\/v2\/comments?post=54409"}],"version-history":[{"count":0,"href":"https:\/\/www.youreporter.it\/api\/wp\/v2\/video\/54409\/revisions"}],"wp:attachment":[{"href":"https:\/\/www.youreporter.it\/api\/wp\/v2\/media?parent=54409"}],"wp:term":[{"taxonomy":"category","embeddable":true,"href":"https:\/\/www.youreporter.it\/api\/wp\/v2\/categories?post=54409"},{"taxonomy":"post_tag","embeddable":true,"href":"https:\/\/www.youreporter.it\/api\/wp\/v2\/tags?post=54409"},{"taxonomy":"geo","embeddable":true,"href":"https:\/\/www.youreporter.it\/api\/wp\/v2\/geo?post=54409"}],"curies":[{"name":"wp","href":"https:\/\/api.w.org\/{rel}","templated":true}]}}

<p>RICORDANDO IL PARTIGIANO LUIGI PESTALOZZA (1928-2017).<br />
Sabato 25 febbraio 2017, presso un salone di rappresentanza del cimitero di Lambrate a Milano (Zona Tangenziale Est), cerimonia laica alla memoria di Luigi Pestalozza.<br />
Sono intervenuti il figlio Alessandro, la nipote Roberta (che si è esibita con la sua arpa), vari rappresentanti dell’ANPI Associazione Nazionale Partigiani Italiani (tra cui Libero Traversa e Roberto Cenati), un rappresentante del Comune di Milano, ecc.<br />
Un partigiano, un uomo impegnato in politica, un intellettuale un raffinato musicologo: il 23 febbraio 2017 al Policlinico di Milano è deceduto Luigi Pestalozza.<br />
Nato nel 1928 collaborò come critico musicale all&#8217;Avanti, all&#8217;Unità, Paese Sera e Rinascita. Insegnò storia della musica all&#8217;Accademia di Brera ed alla scuola di arte drammatica del Piccolo Teatro, oltre che all&#8217;università di Pisa.<br />
Dopo l&#8217;esperienza da partigiano con Giustizia e libertà, ha ricoperto incarichi nazionali nel PCI ed è stato dirigente dell&#8217;ANPI. Nel 1950 ha fondato la rivista “Il diapason” ed è stato direttore del settore musicale del Verri. Studioso autorevole della musica del ventesimo secolo ha scritto una ventina di libri. Nel 1980 ha dato vita alla rivista di studi musicali “Musica/Realtà” e nel 1981 alle collane di studi musicali “Le Sfere” e “I Quaderni di M/R”. Ha organizzato numerosi convegni tra i quali giornate dedicate alla musica elettroacustica al Teatro alla Scala fra il 1998 e il 2000.<br />
Dal 1998 era presidente dell&#8217;associazione gli Amici di Musica/Realtà e direttore delle sue stagioni musicali a Milano. Nel 2009 aveva ricevuto l&#8217;Ambrogino d&#8217;Oro. &#8220;Apprezzato musicologo, recitava la motivazione, è stato protagonista fin dal dopoguerra della vita sociale e culturale di Milano e vicepresidente dell&#8217;ANPI provinciale. Tra i primi a cogliere gli stimoli intellettuali della sperimentazione artistica contemporanea ed elettronica ha dato un contributo di alto livello alla diffusione della musica attraverso l&#8217;insegnamento e numerose pubblicazioni”.<br />
Video realizzato per la sezione dell’ANPI di Crescenzago, Zona 2 Milano.</p>
