{"id":54402,"date":"2017-03-24T13:22:49","date_gmt":"2017-03-24T13:22:49","guid":{"rendered":"https:\/\/www.youreporter.it\/video_difendiamo_la_legge_194_solidarieta_a_stefania_favoino\/"},"modified":"2017-03-24T13:22:49","modified_gmt":"2017-03-24T13:22:49","slug":"video_difendiamo_la_legge_194_solidarieta_a_stefania_favoino","status":"publish","type":"video","link":"https:\/\/www.youreporter.it\/video\/video_difendiamo_la_legge_194_solidarieta_a_stefania_favoino\/","title":{"rendered":"Difendiamo la Legge 194: solidarieta\u2019 a Stefania Favoino!"},"content":{"rendered":"<p>DIFENDERE I DIRITTI DELLE DONNE E APPLICARE LA COSTITUZIONE: SOLIDARIETA\u2019 A STEFANIA FAVOINO!<br \/>\nFUORI GLI OBIETTORI DAGLI OSPEDALI E NO ALLE INGERENZE DEI CLERICOPAPISTI!<br \/>\nIl 4 maggio 2013 si svolgeva davanti alla clinica Mangiagalli di Milano una \u201cveglia di preghiera\u201d organizzata da bigotti integralisti contro la quale si sono schierate donne organizzate in un presidio alternativo, per rivendicare e difendere la legalit\u00e0 dell&#8217;aborto, per un accesso all&#8217;interruzione volontaria della gravidanza, che sia indipendente anche da giudizi \u201cmorali\u201d e da tentativi di colpevolizzare la libera scelta di una donna sul suo corpo. In questa occasione Stefania, nel tentativo di rimuovere cartelli che insultavano la libera scelta delle donne e contro la legge 194 affissi all&#8217;ingresso dell&#8217;ospedale, veniva aggredita con pugno al volto da un esponente dei comitati antiabortisti. A quel fatto sono seguite due denunce: quella di Stefania (per aggressione) e quella del suo aggressore (per diffamazione), nonch\u00e9 l&#8217;apertura delle indagini. Il 10 aprile 2017 si terr\u00e0 il processo presso il Tribunale di Milano (via Freguglia 1) alle ore 9.30 e contemporaneamente sar\u00e0 organizzato un presidio di solidariet\u00e0. Non lasciamo sola Stefania! Gli ospedali e le strutture sanitarie sono infestate da ipocriti \u201cmedici obiettori\u201d, che di fatto impediscono il diritto all\u2019aborto e sono piene di demenziali \u201cgruppi di preghiera\u201d, di pressione e di coercizione che ne fanno terreno di prevaricazione e umiliazione delle donne, nonch\u00e9 sempre pi\u00f9 terreno per la propaganda medioevale dei gruppi oltranzisti cattolici e fascisti come Forza Nuova. Il processo a Stefania \u00e8 il processo a tutte le donne che osano ribellarsi al sistema patriarcale e oppressivo (in cui vale di pi\u00f9 il concetto astratto della \u201cvita\u201d rispetto alle condizioni materiali e concrete di chi vive), a una societ\u00e0 in cui morire sul posto di lavoro, morire di parto, morire di stenti e povert\u00e0 \u00e8 considerato \u201cnormale\u201d, o \u201cuna tragica fatalit\u00e0\u201d e invece l\u2019eutanasia \u00e8 considerata un tab\u00f9 e l\u2019aborto un crimine, a una societ\u00e0 in cui \u201cle donne sono l\u2019angelo del focolare\u201d, ma vengono usualmente trattate come (e in certi casi peggio) delle bestie da soma, o da riproduzione. Il grado di civilt\u00e0 di una societ\u00e0 si misura anche dalla condizione sociale delle donne. Per questo lanciamo la campagna per sostenere tutte quelle donne i cui diritti vengono negati ogni giorno: il diritto ad una maternit\u00e0 consapevole e sicura, a una sanit\u00e0 pubblica e gratuita, a un lavoro utile, dignitoso ed equamente remunerato, ad avere accesso a strutture come i centri antiviolenza. Sostenere questa campagna significa mobilitarsi per contrastare nei mille ambiti in cui \u00e8 radicata l\u2019ingerenza e l\u2019oscurantismo del Vaticano, per promuovere il protagonismo delle donne che non delegano pi\u00f9, ma iniziano ad applicare direttamente e da subito le parti progressiste della Costituzione.<br \/>\nRiprese video effettuate gioved\u00ec 23 marzo 2016, presso la Casa del Popolo di via Padova 179 (in galleria), Zona 2 Milano.<br \/>\nhttps:\/\/www.facebook.com\/Io-sto-con-chi-difende-la-194-e-applica-la-Costituzione-407743376247118\/<br \/>\nhttps:\/\/www.facebook.com\/casadelpopoloviapadovami\/<\/p>\n","protected":false},"author":5262,"featured_media":0,"comment_status":"closed","ping_status":"closed","template":"","categories":[1],"tags":[],"geo":[51,3629],"class_list":{"0":"post-54402","1":"video","2":"type-video","3":"status-publish","5":"category-cronaca","6":"geo-lombardia","7":"geo-milano"},"acf":[],"_links":{"self":[{"href":"https:\/\/www.youreporter.it\/api\/wp\/v2\/video\/54402"}],"collection":[{"href":"https:\/\/www.youreporter.it\/api\/wp\/v2\/video"}],"about":[{"href":"https:\/\/www.youreporter.it\/api\/wp\/v2\/types\/video"}],"author":[{"embeddable":true,"href":"https:\/\/www.youreporter.it\/api\/wp\/v2\/users\/5262"}],"replies":[{"embeddable":true,"href":"https:\/\/www.youreporter.it\/api\/wp\/v2\/comments?post=54402"}],"version-history":[{"count":0,"href":"https:\/\/www.youreporter.it\/api\/wp\/v2\/video\/54402\/revisions"}],"wp:attachment":[{"href":"https:\/\/www.youreporter.it\/api\/wp\/v2\/media?parent=54402"}],"wp:term":[{"taxonomy":"category","embeddable":true,"href":"https:\/\/www.youreporter.it\/api\/wp\/v2\/categories?post=54402"},{"taxonomy":"post_tag","embeddable":true,"href":"https:\/\/www.youreporter.it\/api\/wp\/v2\/tags?post=54402"},{"taxonomy":"geo","embeddable":true,"href":"https:\/\/www.youreporter.it\/api\/wp\/v2\/geo?post=54402"}],"curies":[{"name":"wp","href":"https:\/\/api.w.org\/{rel}","templated":true}]}}

<p>DIFENDERE I DIRITTI DELLE DONNE E APPLICARE LA COSTITUZIONE: SOLIDARIETA’ A STEFANIA FAVOINO!<br />
FUORI GLI OBIETTORI DAGLI OSPEDALI E NO ALLE INGERENZE DEI CLERICOPAPISTI!<br />
Il 4 maggio 2013 si svolgeva davanti alla clinica Mangiagalli di Milano una “veglia di preghiera” organizzata da bigotti integralisti contro la quale si sono schierate donne organizzate in un presidio alternativo, per rivendicare e difendere la legalità dell&#8217;aborto, per un accesso all&#8217;interruzione volontaria della gravidanza, che sia indipendente anche da giudizi “morali” e da tentativi di colpevolizzare la libera scelta di una donna sul suo corpo. In questa occasione Stefania, nel tentativo di rimuovere cartelli che insultavano la libera scelta delle donne e contro la legge 194 affissi all&#8217;ingresso dell&#8217;ospedale, veniva aggredita con pugno al volto da un esponente dei comitati antiabortisti. A quel fatto sono seguite due denunce: quella di Stefania (per aggressione) e quella del suo aggressore (per diffamazione), nonché l&#8217;apertura delle indagini. Il 10 aprile 2017 si terrà il processo presso il Tribunale di Milano (via Freguglia 1) alle ore 9.30 e contemporaneamente sarà organizzato un presidio di solidarietà. Non lasciamo sola Stefania! Gli ospedali e le strutture sanitarie sono infestate da ipocriti “medici obiettori”, che di fatto impediscono il diritto all’aborto e sono piene di demenziali “gruppi di preghiera”, di pressione e di coercizione che ne fanno terreno di prevaricazione e umiliazione delle donne, nonché sempre più terreno per la propaganda medioevale dei gruppi oltranzisti cattolici e fascisti come Forza Nuova. Il processo a Stefania è il processo a tutte le donne che osano ribellarsi al sistema patriarcale e oppressivo (in cui vale di più il concetto astratto della “vita” rispetto alle condizioni materiali e concrete di chi vive), a una società in cui morire sul posto di lavoro, morire di parto, morire di stenti e povertà è considerato “normale”, o “una tragica fatalità” e invece l’eutanasia è considerata un tabù e l’aborto un crimine, a una società in cui “le donne sono l’angelo del focolare”, ma vengono usualmente trattate come (e in certi casi peggio) delle bestie da soma, o da riproduzione. Il grado di civiltà di una società si misura anche dalla condizione sociale delle donne. Per questo lanciamo la campagna per sostenere tutte quelle donne i cui diritti vengono negati ogni giorno: il diritto ad una maternità consapevole e sicura, a una sanità pubblica e gratuita, a un lavoro utile, dignitoso ed equamente remunerato, ad avere accesso a strutture come i centri antiviolenza. Sostenere questa campagna significa mobilitarsi per contrastare nei mille ambiti in cui è radicata l’ingerenza e l’oscurantismo del Vaticano, per promuovere il protagonismo delle donne che non delegano più, ma iniziano ad applicare direttamente e da subito le parti progressiste della Costituzione.<br />
Riprese video effettuate giovedì 23 marzo 2016, presso la Casa del Popolo di via Padova 179 (in galleria), Zona 2 Milano.<br />
https://www.facebook.com/Io-sto-con-chi-difende-la-194-e-applica-la-Costituzione-407743376247118/<br />
https://www.facebook.com/casadelpopoloviapadovami/</p>
