{"id":52162,"date":"2014-10-21T15:05:48","date_gmt":"2014-10-21T15:05:48","guid":{"rendered":"https:\/\/www.youreporter.it\/video_lucca_comics_e_games_2014_-_apertura_mostre_-_video_7_di_7\/"},"modified":"2014-10-21T15:05:48","modified_gmt":"2014-10-21T15:05:48","slug":"video_lucca_comics_e_games_2014_-_apertura_mostre_-_video_7_di_7","status":"publish","type":"video","link":"https:\/\/www.youreporter.it\/video\/video_lucca_comics_e_games_2014_-_apertura_mostre_-_video_7_di_7\/","title":{"rendered":"Lucca Comics &#038; Games 2014 &#8211; apertura mostre &#8211; video 7 di 7"},"content":{"rendered":"<p>LUCCA 18.10.2014 &#8211; L\u2019arte del fumetto si mette in mostra a Lucca Comics &#038; Games il festival internazionale del fumetto, del cinema d\u2019animazione, dell\u2019illustrazione e del gioco intelligente che aprir\u00e0 i battenti il 30 ottobre. In attesa degli eventi clou del festival, a Lucca si sono inaugurate le 7 mostre, ospitate nello storico Palazzo Ducale (in piazzale Napoleone, orario: dal 18 al 29 ottobre 9\/13 e 15\/18, dal 30 ottobre al 2 novembre ore 9\/19) e la citt\u00e0 inizia a respirare l\u2019aria tipica di festa della manifestazione. Come ogni anno, Lucca Comics &#038; Games porta a Lucca i pi\u00f9 importanti nomi del mondo del fumetto, del gioco, del fantastico, dell\u2019entertainment e dell\u2019illustrazione per bambini con una proposta culturale volutamente ad ingresso gratuito, cos\u00ec da essere fruibile non solo dagli appassionati del settore, ma da tutti. A tagliare il nastro le numerose autorit\u00e0 presenti: il sindaco Alessandro Tambellini, il presidente della Provincia di Lucca Stefano Baccelli, il senatore Andrea Marcucci (in qualit\u00e0 di Presidente della Commissione Istruzione e Cultura del Senato), la Vicecapo di Gabinetto Dott.ssa Stefania Trimarchi (in rappresentanza del Prefetto di Lucca), oltre ad una delegazione del Ministero della Cultura giapponese. Dopo il taglio del nastro, con il numeroso pubblico intervenuto, insieme all\u2019amministratore unico di Lucca Comics &#038; Games Francesco Caredio e del direttore Renato Genovese i presenti hanno fatto un primo giro d\u2019onore dell\u2019esposizione, che presenta tavole originali, disegni e note di pugno dei diversi artisti, portando allo scoperto l\u2019arte, ma soprattutto il grande lavoro, anche tecnico, che sta dietro al puro \u201cdivertimento\u201d, sia fumetto che del gioco. \u201cUn cast stellare per uno spettacolo stellare &#8211; ha sottolineato Renato Genovese direttore di Lucca Comics &#038; Games \u2013 che si svolge nella vetrina scintillante del festival, presentando i pi\u00f9 rappresentativi autori della nona arte e dell\u2019illustrazione. Frutto di una ricerca e di una progettazione accuratissime, le mostre a Palazzo Ducale sono il miglior biglietto di presentazione per Lucca Comics &#038; Games 2014\u201d. Nel complesso le mostre saranno una ventina, diffuse in tutta l\u2019area della manifestazione, ma gi\u00e0 da sabato 18 sono visitabili ben sette esposizioni (ingresso gratuito) ambientate nello storico Palazzo Ducale di Piazza Napoleone.<br \/>\nSALA 7 &#8211; THE WALKING DEAD<br \/>\nNel 2003, Robert Kirman si present\u00f2 all\u2019Image Comics con un\u2019idea per un fumetto seriale a tema zombie. Era un\u2019idea che rispondeva alla domanda a lungo posta da generazioni e generazioni di cinefili e adoratori dei morti viventi \u2013 fin dal primo gioiello targato George A. Romero nel lontano 1968 \u2013 ovvero \u201ccosa succede ai sopravvissuti alla catastrofe dell\u2019umanit\u00e0 una volta che cavalcano verso l\u2019orizzonte in cerca di speranza e una cura che ristabilisca l\u2019ordine devastato dai claudicanti cadaveri?\u201d. E cos\u00ec, passo dopo passo, Rick Grimes e il suo sparuto gruppo di sopravvissuti, perfetta raffigurazione di una comunit\u00e0 che nonostante le situazioni a rischio non vuole rinunciare, nel bene e nel male, alla sua umanit\u00e0, ha preso forma sulle tavole a fumetti in bianco e nero, sapientemente raffigurate prima da Tony Moore e poi da Charlie Adlard, l\u2019autore qui esposto e ora \u201cbraccio unico\u201d delle visioni del suddetto Kirkman. Cos\u00ec dieci anni e pi\u00f9 dopo la sua nascita, The Walking Dead \u00e8 un\u2019icona pop che vanta un serial tv di spessore adorato da milioni di fan, merchandising dedicato e un mood nuovo di zecca nel rapporto tra umanit\u00e0 in fuga e masse affamate di zombie ululanti.<br \/>\nLuogo: Palazzo Ducale &#8211; Lucca<br \/>\nData: dal 18 ottobre al 2 novembre 2014<br \/>\nInaugurazione: sabato 18 ottobre ore 17:30<br \/>\nOrari: dal 19 al 29 ottobre ore 9.00 &#8211; 13.00 e 15.00 &#8211; 19.00 \/ dal 30 ottobre al 2 novembre ore 9.00 &#8211; 19.00<br \/>\nIngresso gratuito<br \/>\nPer maggiori informazioni: http:\/\/www.luccacomicsandgames.com\/it\/2014\/comics\/ospiti\/ http:\/\/www.luccacomicsandgames.com\/it\/2014\/comics\/mostre\/<br \/>\nNel video 6 un momento dell&#8217;inaugurazione della mostra dedicata a The Walking Dead.<\/p>\n","protected":false},"author":5255,"featured_media":0,"comment_status":"closed","ping_status":"closed","template":"","categories":[8282],"tags":[],"geo":[7013,7011,58],"class_list":{"0":"post-52162","1":"video","2":"type-video","3":"status-publish","5":"category-arte-e-cultura","6":"geo-bagni-di-lucca","7":"geo-lucca","8":"geo-toscana"},"acf":[],"_links":{"self":[{"href":"https:\/\/www.youreporter.it\/api\/wp\/v2\/video\/52162"}],"collection":[{"href":"https:\/\/www.youreporter.it\/api\/wp\/v2\/video"}],"about":[{"href":"https:\/\/www.youreporter.it\/api\/wp\/v2\/types\/video"}],"author":[{"embeddable":true,"href":"https:\/\/www.youreporter.it\/api\/wp\/v2\/users\/5255"}],"replies":[{"embeddable":true,"href":"https:\/\/www.youreporter.it\/api\/wp\/v2\/comments?post=52162"}],"version-history":[{"count":0,"href":"https:\/\/www.youreporter.it\/api\/wp\/v2\/video\/52162\/revisions"}],"wp:attachment":[{"href":"https:\/\/www.youreporter.it\/api\/wp\/v2\/media?parent=52162"}],"wp:term":[{"taxonomy":"category","embeddable":true,"href":"https:\/\/www.youreporter.it\/api\/wp\/v2\/categories?post=52162"},{"taxonomy":"post_tag","embeddable":true,"href":"https:\/\/www.youreporter.it\/api\/wp\/v2\/tags?post=52162"},{"taxonomy":"geo","embeddable":true,"href":"https:\/\/www.youreporter.it\/api\/wp\/v2\/geo?post=52162"}],"curies":[{"name":"wp","href":"https:\/\/api.w.org\/{rel}","templated":true}]}}

<p>LUCCA 18.10.2014 &#8211; L’arte del fumetto si mette in mostra a Lucca Comics &#038; Games il festival internazionale del fumetto, del cinema d’animazione, dell’illustrazione e del gioco intelligente che aprirà i battenti il 30 ottobre. In attesa degli eventi clou del festival, a Lucca si sono inaugurate le 7 mostre, ospitate nello storico Palazzo Ducale (in piazzale Napoleone, orario: dal 18 al 29 ottobre 9/13 e 15/18, dal 30 ottobre al 2 novembre ore 9/19) e la città inizia a respirare l’aria tipica di festa della manifestazione. Come ogni anno, Lucca Comics &#038; Games porta a Lucca i più importanti nomi del mondo del fumetto, del gioco, del fantastico, dell’entertainment e dell’illustrazione per bambini con una proposta culturale volutamente ad ingresso gratuito, così da essere fruibile non solo dagli appassionati del settore, ma da tutti. A tagliare il nastro le numerose autorità presenti: il sindaco Alessandro Tambellini, il presidente della Provincia di Lucca Stefano Baccelli, il senatore Andrea Marcucci (in qualità di Presidente della Commissione Istruzione e Cultura del Senato), la Vicecapo di Gabinetto Dott.ssa Stefania Trimarchi (in rappresentanza del Prefetto di Lucca), oltre ad una delegazione del Ministero della Cultura giapponese. Dopo il taglio del nastro, con il numeroso pubblico intervenuto, insieme all’amministratore unico di Lucca Comics &#038; Games Francesco Caredio e del direttore Renato Genovese i presenti hanno fatto un primo giro d’onore dell’esposizione, che presenta tavole originali, disegni e note di pugno dei diversi artisti, portando allo scoperto l’arte, ma soprattutto il grande lavoro, anche tecnico, che sta dietro al puro “divertimento”, sia fumetto che del gioco. “Un cast stellare per uno spettacolo stellare &#8211; ha sottolineato Renato Genovese direttore di Lucca Comics &#038; Games – che si svolge nella vetrina scintillante del festival, presentando i più rappresentativi autori della nona arte e dell’illustrazione. Frutto di una ricerca e di una progettazione accuratissime, le mostre a Palazzo Ducale sono il miglior biglietto di presentazione per Lucca Comics &#038; Games 2014”. Nel complesso le mostre saranno una ventina, diffuse in tutta l’area della manifestazione, ma già da sabato 18 sono visitabili ben sette esposizioni (ingresso gratuito) ambientate nello storico Palazzo Ducale di Piazza Napoleone.<br />
SALA 7 &#8211; THE WALKING DEAD<br />
Nel 2003, Robert Kirman si presentò all’Image Comics con un’idea per un fumetto seriale a tema zombie. Era un’idea che rispondeva alla domanda a lungo posta da generazioni e generazioni di cinefili e adoratori dei morti viventi – fin dal primo gioiello targato George A. Romero nel lontano 1968 – ovvero “cosa succede ai sopravvissuti alla catastrofe dell’umanità una volta che cavalcano verso l’orizzonte in cerca di speranza e una cura che ristabilisca l’ordine devastato dai claudicanti cadaveri?”. E così, passo dopo passo, Rick Grimes e il suo sparuto gruppo di sopravvissuti, perfetta raffigurazione di una comunità che nonostante le situazioni a rischio non vuole rinunciare, nel bene e nel male, alla sua umanità, ha preso forma sulle tavole a fumetti in bianco e nero, sapientemente raffigurate prima da Tony Moore e poi da Charlie Adlard, l’autore qui esposto e ora “braccio unico” delle visioni del suddetto Kirkman. Così dieci anni e più dopo la sua nascita, The Walking Dead è un’icona pop che vanta un serial tv di spessore adorato da milioni di fan, merchandising dedicato e un mood nuovo di zecca nel rapporto tra umanità in fuga e masse affamate di zombie ululanti.<br />
Luogo: Palazzo Ducale &#8211; Lucca<br />
Data: dal 18 ottobre al 2 novembre 2014<br />
Inaugurazione: sabato 18 ottobre ore 17:30<br />
Orari: dal 19 al 29 ottobre ore 9.00 &#8211; 13.00 e 15.00 &#8211; 19.00 / dal 30 ottobre al 2 novembre ore 9.00 &#8211; 19.00<br />
Ingresso gratuito<br />
Per maggiori informazioni: http://www.luccacomicsandgames.com/it/2014/comics/ospiti/ http://www.luccacomicsandgames.com/it/2014/comics/mostre/<br />
Nel video 6 un momento dell&#8217;inaugurazione della mostra dedicata a The Walking Dead.</p>
