{"id":51545,"date":"2015-08-08T21:16:41","date_gmt":"2015-08-08T21:16:41","guid":{"rendered":"https:\/\/www.youreporter.it\/video_lesbos_nel_campo_profughi_di_moria_parole_tra_le_reti\/"},"modified":"2015-08-08T21:16:41","modified_gmt":"2015-08-08T21:16:41","slug":"video_lesbos_nel_campo_profughi_di_moria_parole_tra_le_reti","status":"publish","type":"video","link":"https:\/\/www.youreporter.it\/video\/video_lesbos_nel_campo_profughi_di_moria_parole_tra_le_reti\/","title":{"rendered":"Lesbos: nel campo profughi di Moria, parole tra le reti"},"content":{"rendered":"<p>Il campo profughi di Moria \u00e8 molto simile ad una prigione: filo spinato, reti, cancelli che impediscono ai migranti di muoversi liberamente. Chi \u00e8 all&#8217;interno, pu\u00f2 parlare attraverso le cancellate: mancanza di acqua salubre, cibo cattivo e insufficiente, bagni sporchi, assenza del personale medico. Questi i problemi lamentati da chi, prigioniero, attende il riconoscimento.<\/p>\n","protected":false},"author":5252,"featured_media":0,"comment_status":"closed","ping_status":"closed","template":"","categories":[1],"tags":[],"geo":[2254],"class_list":{"0":"post-51545","1":"video","2":"type-video","3":"status-publish","5":"category-cronaca","6":"geo-roma"},"acf":[],"_links":{"self":[{"href":"https:\/\/www.youreporter.it\/api\/wp\/v2\/video\/51545"}],"collection":[{"href":"https:\/\/www.youreporter.it\/api\/wp\/v2\/video"}],"about":[{"href":"https:\/\/www.youreporter.it\/api\/wp\/v2\/types\/video"}],"author":[{"embeddable":true,"href":"https:\/\/www.youreporter.it\/api\/wp\/v2\/users\/5252"}],"replies":[{"embeddable":true,"href":"https:\/\/www.youreporter.it\/api\/wp\/v2\/comments?post=51545"}],"version-history":[{"count":0,"href":"https:\/\/www.youreporter.it\/api\/wp\/v2\/video\/51545\/revisions"}],"wp:attachment":[{"href":"https:\/\/www.youreporter.it\/api\/wp\/v2\/media?parent=51545"}],"wp:term":[{"taxonomy":"category","embeddable":true,"href":"https:\/\/www.youreporter.it\/api\/wp\/v2\/categories?post=51545"},{"taxonomy":"post_tag","embeddable":true,"href":"https:\/\/www.youreporter.it\/api\/wp\/v2\/tags?post=51545"},{"taxonomy":"geo","embeddable":true,"href":"https:\/\/www.youreporter.it\/api\/wp\/v2\/geo?post=51545"}],"curies":[{"name":"wp","href":"https:\/\/api.w.org\/{rel}","templated":true}]}}

<p>Il campo profughi di Moria è molto simile ad una prigione: filo spinato, reti, cancelli che impediscono ai migranti di muoversi liberamente. Chi è all&#8217;interno, può parlare attraverso le cancellate: mancanza di acqua salubre, cibo cattivo e insufficiente, bagni sporchi, assenza del personale medico. Questi i problemi lamentati da chi, prigioniero, attende il riconoscimento.</p>
