{"id":49449,"date":"2015-06-30T20:28:36","date_gmt":"2015-06-30T20:28:36","guid":{"rendered":"https:\/\/www.youreporter.it\/video_tutto_e_cominciato_venerdi_3\/"},"modified":"2015-06-30T20:28:36","modified_gmt":"2015-06-30T20:28:36","slug":"video_tutto_e_cominciato_venerdi_3","status":"publish","type":"video","link":"https:\/\/www.youreporter.it\/video\/video_tutto_e_cominciato_venerdi_3\/","title":{"rendered":"Tutto \u00e8 cominciato venerd\u00ec&#8230;"},"content":{"rendered":"<p>Infatti proprio venerd\u00ec pomeriggio attorno alle 14,30 \u00e8 atterrato, proveniente dall\u2019Aeroporto di Coburg, (a circa 90 km a sud di Erfurtand e 100 km a nord di Norimberga info @ www.airports.de\/component\/option,com_mtree\/task,viewlink\/link_id,86\/lang,de\/ )<br \/>\nil meraviglioso Beechcraft King Air 200 GT D-IBTA (c\/n BY-75) della BROSE ( info @ www.brose.com\/ ) un\u2019azienda tedesca che si occupa di tecnologie per automobili.<\/p>\n<p>Questo magnifico velivolo trasportava appunto del personale che si \u00e8 trattenuto in citt\u00e0 fino a domenica sera quando attorno alle 18,20 \u00e8 ridecollato per la Bavaria.<\/p>\n<p>Sempre venerd\u00ec attorno alle 19, \u00e8 atterrato proveniente da Basel Mulhouse ( Basilea ) un Cessna 172P Skyhawk II F-GJFR (cn 17274712) dell\u2019 A\u00e9ro-Club du Haut-Rhin ( info @ www.achr.asso.fr\/ ) il quale sarebbe decollato il luned\u00ec seguente.<\/p>\n<p>Domenica mattina alle 08,45 un Aagusta Westland AW109s Grand I-ELFA (c\/n 22032) della compagnia Hover Fly Executive Helicopter Service (info @ www.hoverfly.it\/ ) con a bordo una famiglia proveniente dalla Russia che a bordo di due Limousine si \u00e8 recata all\u2019Autodromo di Modena per un evento privato.<br \/>\nDopo pochi minuti l\u2019elicottero \u00e8 ripartito<\/p>\n<p>Attorno alle 15,30 l\u2019AW-109S \u00e8 atterrato nuovamente ed in attesa dei passeggeri russi i piloti si sono goduti un caff\u00e8 presso il bar dell\u2019Ostaria Gente dell\u2019Aria<\/p>\n<p>Insomma il nostro piccolo grande aeroporto si \u00e8 \u201cinternazionalizzato\u201d per un week end<\/p>\n","protected":false},"author":5248,"featured_media":0,"comment_status":"closed","ping_status":"closed","template":"","categories":[8282],"tags":[],"geo":[1602,46,1594],"class_list":{"0":"post-49449","1":"video","2":"type-video","3":"status-publish","5":"category-arte-e-cultura","6":"geo-castelvetro-di-modena","7":"geo-emilia-romagna","8":"geo-modena"},"acf":[],"_links":{"self":[{"href":"https:\/\/www.youreporter.it\/api\/wp\/v2\/video\/49449"}],"collection":[{"href":"https:\/\/www.youreporter.it\/api\/wp\/v2\/video"}],"about":[{"href":"https:\/\/www.youreporter.it\/api\/wp\/v2\/types\/video"}],"author":[{"embeddable":true,"href":"https:\/\/www.youreporter.it\/api\/wp\/v2\/users\/5248"}],"replies":[{"embeddable":true,"href":"https:\/\/www.youreporter.it\/api\/wp\/v2\/comments?post=49449"}],"version-history":[{"count":0,"href":"https:\/\/www.youreporter.it\/api\/wp\/v2\/video\/49449\/revisions"}],"wp:attachment":[{"href":"https:\/\/www.youreporter.it\/api\/wp\/v2\/media?parent=49449"}],"wp:term":[{"taxonomy":"category","embeddable":true,"href":"https:\/\/www.youreporter.it\/api\/wp\/v2\/categories?post=49449"},{"taxonomy":"post_tag","embeddable":true,"href":"https:\/\/www.youreporter.it\/api\/wp\/v2\/tags?post=49449"},{"taxonomy":"geo","embeddable":true,"href":"https:\/\/www.youreporter.it\/api\/wp\/v2\/geo?post=49449"}],"curies":[{"name":"wp","href":"https:\/\/api.w.org\/{rel}","templated":true}]}}

Tutto è cominciato venerdì&#8230;

<p>Infatti proprio venerdì pomeriggio attorno alle 14,30 è atterrato, proveniente dall’Aeroporto di Coburg, (a circa 90 km a sud di Erfurtand e 100 km a nord di Norimberga info @ www.airports.de/component/option,com_mtree/task,viewlink/link_id,86/lang,de/ )<br />
il meraviglioso Beechcraft King Air 200 GT D-IBTA (c/n BY-75) della BROSE ( info @ www.brose.com/ ) un’azienda tedesca che si occupa di tecnologie per automobili.</p>
<p>Questo magnifico velivolo trasportava appunto del personale che si è trattenuto in città fino a domenica sera quando attorno alle 18,20 è ridecollato per la Bavaria.</p>
<p>Sempre venerdì attorno alle 19, è atterrato proveniente da Basel Mulhouse ( Basilea ) un Cessna 172P Skyhawk II F-GJFR (cn 17274712) dell’ Aéro-Club du Haut-Rhin ( info @ www.achr.asso.fr/ ) il quale sarebbe decollato il lunedì seguente.</p>
<p>Domenica mattina alle 08,45 un Aagusta Westland AW109s Grand I-ELFA (c/n 22032) della compagnia Hover Fly Executive Helicopter Service (info @ www.hoverfly.it/ ) con a bordo una famiglia proveniente dalla Russia che a bordo di due Limousine si è recata all’Autodromo di Modena per un evento privato.<br />
Dopo pochi minuti l’elicottero è ripartito</p>
<p>Attorno alle 15,30 l’AW-109S è atterrato nuovamente ed in attesa dei passeggeri russi i piloti si sono goduti un caffè presso il bar dell’Ostaria Gente dell’Aria</p>
<p>Insomma il nostro piccolo grande aeroporto si è “internazionalizzato” per un week end</p>
