{"id":49403,"date":"2015-09-21T20:48:56","date_gmt":"2015-09-21T20:48:56","guid":{"rendered":"https:\/\/www.youreporter.it\/video_una_domenica_tra_aerei_elicotteri_auto_e_para_2\/"},"modified":"2015-09-21T20:48:56","modified_gmt":"2015-09-21T20:48:56","slug":"video_una_domenica_tra_aerei_elicotteri_auto_e_para_2","status":"publish","type":"video","link":"https:\/\/www.youreporter.it\/video\/video_una_domenica_tra_aerei_elicotteri_auto_e_para_2\/","title":{"rendered":"Una domenica tra aerei elicotteri auto e par\u00e0"},"content":{"rendered":"<p>Iniziata con un temporale alle 8,00 del mattino e finita con un tramonto rosa da cartolina, questa domenica tra aerei elicotteri auto e par\u00e0 \u00e8 iniziata all&#8217;Autodromo di Modena dove si teneva il Dag Dal Gas Open Auto, una giornata di giri liberi per appassionati di auto con una serie di iniziative parallele che si snodavano durante l&#8217;arco della giornata.<\/p>\n<p>Abbiamo potuto ammirare, tra le altre, la stupenda Alfa Romeo 4C, costruita a Modena, di una scuderia di preparatori provenienti da Bologna.<br \/>\nAlcune &#8220;super Giapponesi&#8221; che si sono date battaglia in pista ed una serie di Volkswagen super customizzate parcheggiate nell&#8217;area mostre allestita al&#8217;interno del paddok.<\/p>\n<p>Dopo di ch\u00e9 ci siamo spostati all&#8217;Aeroporto di Marzaglia, giusto al di l\u00e0 della rete, dove alle 11,25 \u00e8 atterrato un Bell 429 Global Ranger OK-BHX ( cn 57105  ) [ex C-GTNQ e G-RIDB ] il quale ha caricato un noto personaggio dell&#8217;alta finanza modenese ed \u00e8 ripartito verso Gubbio (Pg).<\/p>\n<p>Nel pomeriggio proveniente da Brno (Repubblica Ceca) una vecchia conoscenza, si tratta del Piper Pa-46-500TP Malib\u00f9 Meridian I-ECPM (cn 4679108), il quale dopo aver scaricato il proprietario ed altri due passeggeri \u00e8 rientrato all&#8217;Aeroporto di  Carpi.<\/p>\n<p>Infine attorno alle 18 proveniente dall&#8217;Avio Superficie di Molinella (Bo) \u00e8 atterrato un bellissimo Piper Pa-32RT-300T Turbo Lance II T7-WSM (cn 32&#8230;) il quale a motore acceso ha caricato 3 paracadutisti per un lancio sul Festival de l&#8217;Unit\u00e0 di Pontealto (Mo)<\/p>\n<p>E cos\u00ec \u00e8 terminata questa giornata iniziata con un temporale e finita con un tramonto rosa da cartolina&#8230;<\/p>\n","protected":false},"author":5248,"featured_media":0,"comment_status":"closed","ping_status":"closed","template":"","categories":[8282],"tags":[],"geo":[],"class_list":{"0":"post-49403","1":"video","2":"type-video","3":"status-publish","5":"category-arte-e-cultura"},"acf":[],"_links":{"self":[{"href":"https:\/\/www.youreporter.it\/api\/wp\/v2\/video\/49403"}],"collection":[{"href":"https:\/\/www.youreporter.it\/api\/wp\/v2\/video"}],"about":[{"href":"https:\/\/www.youreporter.it\/api\/wp\/v2\/types\/video"}],"author":[{"embeddable":true,"href":"https:\/\/www.youreporter.it\/api\/wp\/v2\/users\/5248"}],"replies":[{"embeddable":true,"href":"https:\/\/www.youreporter.it\/api\/wp\/v2\/comments?post=49403"}],"version-history":[{"count":0,"href":"https:\/\/www.youreporter.it\/api\/wp\/v2\/video\/49403\/revisions"}],"wp:attachment":[{"href":"https:\/\/www.youreporter.it\/api\/wp\/v2\/media?parent=49403"}],"wp:term":[{"taxonomy":"category","embeddable":true,"href":"https:\/\/www.youreporter.it\/api\/wp\/v2\/categories?post=49403"},{"taxonomy":"post_tag","embeddable":true,"href":"https:\/\/www.youreporter.it\/api\/wp\/v2\/tags?post=49403"},{"taxonomy":"geo","embeddable":true,"href":"https:\/\/www.youreporter.it\/api\/wp\/v2\/geo?post=49403"}],"curies":[{"name":"wp","href":"https:\/\/api.w.org\/{rel}","templated":true}]}}

Una domenica tra aerei elicotteri auto e parà

<p>Iniziata con un temporale alle 8,00 del mattino e finita con un tramonto rosa da cartolina, questa domenica tra aerei elicotteri auto e parà è iniziata all&#8217;Autodromo di Modena dove si teneva il Dag Dal Gas Open Auto, una giornata di giri liberi per appassionati di auto con una serie di iniziative parallele che si snodavano durante l&#8217;arco della giornata.</p>
<p>Abbiamo potuto ammirare, tra le altre, la stupenda Alfa Romeo 4C, costruita a Modena, di una scuderia di preparatori provenienti da Bologna.<br />
Alcune &#8220;super Giapponesi&#8221; che si sono date battaglia in pista ed una serie di Volkswagen super customizzate parcheggiate nell&#8217;area mostre allestita al&#8217;interno del paddok.</p>
<p>Dopo di ché ci siamo spostati all&#8217;Aeroporto di Marzaglia, giusto al di là della rete, dove alle 11,25 è atterrato un Bell 429 Global Ranger OK-BHX ( cn 57105  ) [ex C-GTNQ e G-RIDB ] il quale ha caricato un noto personaggio dell&#8217;alta finanza modenese ed è ripartito verso Gubbio (Pg).</p>
<p>Nel pomeriggio proveniente da Brno (Repubblica Ceca) una vecchia conoscenza, si tratta del Piper Pa-46-500TP Malibù Meridian I-ECPM (cn 4679108), il quale dopo aver scaricato il proprietario ed altri due passeggeri è rientrato all&#8217;Aeroporto di  Carpi.</p>
<p>Infine attorno alle 18 proveniente dall&#8217;Avio Superficie di Molinella (Bo) è atterrato un bellissimo Piper Pa-32RT-300T Turbo Lance II T7-WSM (cn 32&#8230;) il quale a motore acceso ha caricato 3 paracadutisti per un lancio sul Festival de l&#8217;Unità di Pontealto (Mo)</p>
<p>E così è terminata questa giornata iniziata con un temporale e finita con un tramonto rosa da cartolina&#8230;</p>
