{"id":430627,"date":"2026-04-28T23:10:57","date_gmt":"2026-04-28T21:10:57","guid":{"rendered":"https:\/\/www.youreporter.it\/?post_type=video&#038;p=430627"},"modified":"2026-04-28T23:10:57","modified_gmt":"2026-04-28T21:10:57","slug":"nunzio-bellino-luomo-elastico-con-il-regista-giuseppe-cossentino-ospiti-di-andrea-delogu-a-la-porta-magica-su-rai2","status":"publish","type":"video","link":"https:\/\/www.youreporter.it\/video\/nunzio-bellino-luomo-elastico-con-il-regista-giuseppe-cossentino-ospiti-di-andrea-delogu-a-la-porta-magica-su-rai2\/","title":{"rendered":"Nunzio Bellino, &#8220;l&#8217;uomo elastico&#8221; con il regista Giuseppe Cossentino ospiti di Andrea Delogu a La Porta Magica su Rai2"},"content":{"rendered":"<p>In una puntata carica di commozione e verit\u00e0, lo studio de \u201cLa Porta Magica\u201d su Rai 2, condotto da una partecipe Andrea Delogu, ha aperto le sue porte a una storia che \u00e8 un inno alla vita: quella di Nunzio Bellino. Conosciuto dal grande pubblico come \u201cl\u2019Uomo Elastico\u201d, l\u2019attore e personaggio pubblico ha messo a nudo la sua anima, raccontando senza filtri il viaggio di un uomo che ha saputo trasformare il dolore in una missione.<br \/>\nUn Racconto tra Cielo e Terra<br \/>\nL\u2019intervista \u00e8 stata un susseguirsi di momenti di altissima intensit\u00e0 emotiva. Bellino ha ripercorso i sentieri pi\u00f9 bui del suo passato, a partire dalla convivenza con la Sindrome di Ehlers-Danlos, una malattia rara che lo ha reso \u201cdiverso\u201d agli occhi degli altri, esponendolo a feroci episodi di bullismo social.<\/p>\n<p>Il racconto si \u00e8 poi fatto ancora pi\u00f9 profondo quando Nunzio ha toccato le corde del dolore privato:<\/p>\n<p>Il lutto traumatico: Il ricordo della scomparsa della madre, avvenuta tragicamente proprio davanti ai suoi occhi.<br \/>\nL\u2019esperienza pre-morte: Il racconto del periodo trascorso in coma, un momento sospeso in cui Bellino ha dichiarato di aver avuto una visione mistica di Ges\u00f9, un incontro che gli ha dato la forza di tornare alla vita con una nuova consapevolezza.<br \/>\n\u201cLa recitazione mi ha salvato. Lo spettacolo \u00e8 stato lo strumento per trasformare la mia fragilit\u00e0 in un punto di forza unico.\u201d<\/p>\n<p>La \u201cporta magica\u201d ha regalato a Nunzio momenti di pura gioia attraverso i videomessaggi del pap\u00e0 e della sorella, che hanno testimoniato il coraggio quotidiano dell\u2019attore. A sorpresa, \u00e8 arrivato anche il saluto affettuoso di Simona Tagli, a dimostrazione della stima che Bellino riscuote nel mondo dello spettacolo.<\/p>\n<p>L\u2019Incontro con Giuseppe Cossentino: Un\u2019Amicizia \u201cRara\u201d<br \/>\nIl momento clou della puntata \u00e8della puntata \u00e8 stato l\u2019ingresso a sorpresa in studio come ospite del regista e sceneggiatore Giuseppe Cossentino. Un\u2019amicizia speciale.<\/p>\n","protected":false},"author":24642,"featured_media":430628,"comment_status":"closed","ping_status":"closed","template":"","categories":[8282],"tags":[],"geo":[49],"class_list":{"0":"post-430627","1":"video","2":"type-video","3":"status-publish","4":"has-post-thumbnail","6":"category-arte-e-cultura","7":"geo-lazio"},"acf":[],"_links":{"self":[{"href":"https:\/\/www.youreporter.it\/api\/wp\/v2\/video\/430627"}],"collection":[{"href":"https:\/\/www.youreporter.it\/api\/wp\/v2\/video"}],"about":[{"href":"https:\/\/www.youreporter.it\/api\/wp\/v2\/types\/video"}],"author":[{"embeddable":true,"href":"https:\/\/www.youreporter.it\/api\/wp\/v2\/users\/24642"}],"replies":[{"embeddable":true,"href":"https:\/\/www.youreporter.it\/api\/wp\/v2\/comments?post=430627"}],"version-history":[{"count":1,"href":"https:\/\/www.youreporter.it\/api\/wp\/v2\/video\/430627\/revisions"}],"predecessor-version":[{"id":430629,"href":"https:\/\/www.youreporter.it\/api\/wp\/v2\/video\/430627\/revisions\/430629"}],"wp:featuredmedia":[{"embeddable":true,"href":"https:\/\/www.youreporter.it\/api\/wp\/v2\/media\/430628"}],"wp:attachment":[{"href":"https:\/\/www.youreporter.it\/api\/wp\/v2\/media?parent=430627"}],"wp:term":[{"taxonomy":"category","embeddable":true,"href":"https:\/\/www.youreporter.it\/api\/wp\/v2\/categories?post=430627"},{"taxonomy":"post_tag","embeddable":true,"href":"https:\/\/www.youreporter.it\/api\/wp\/v2\/tags?post=430627"},{"taxonomy":"geo","embeddable":true,"href":"https:\/\/www.youreporter.it\/api\/wp\/v2\/geo?post=430627"}],"curies":[{"name":"wp","href":"https:\/\/api.w.org\/{rel}","templated":true}]}}

<p>In una puntata carica di commozione e verità, lo studio de “La Porta Magica” su Rai 2, condotto da una partecipe Andrea Delogu, ha aperto le sue porte a una storia che è un inno alla vita: quella di Nunzio Bellino. Conosciuto dal grande pubblico come “l’Uomo Elastico”, l’attore e personaggio pubblico ha messo a nudo la sua anima, raccontando senza filtri il viaggio di un uomo che ha saputo trasformare il dolore in una missione.<br />
Un Racconto tra Cielo e Terra<br />
L’intervista è stata un susseguirsi di momenti di altissima intensità emotiva. Bellino ha ripercorso i sentieri più bui del suo passato, a partire dalla convivenza con la Sindrome di Ehlers-Danlos, una malattia rara che lo ha reso “diverso” agli occhi degli altri, esponendolo a feroci episodi di bullismo social.</p>
<p>Il racconto si è poi fatto ancora più profondo quando Nunzio ha toccato le corde del dolore privato:</p>
<p>Il lutto traumatico: Il ricordo della scomparsa della madre, avvenuta tragicamente proprio davanti ai suoi occhi.<br />
L’esperienza pre-morte: Il racconto del periodo trascorso in coma, un momento sospeso in cui Bellino ha dichiarato di aver avuto una visione mistica di Gesù, un incontro che gli ha dato la forza di tornare alla vita con una nuova consapevolezza.<br />
“La recitazione mi ha salvato. Lo spettacolo è stato lo strumento per trasformare la mia fragilità in un punto di forza unico.”</p>
<p>La “porta magica” ha regalato a Nunzio momenti di pura gioia attraverso i videomessaggi del papà e della sorella, che hanno testimoniato il coraggio quotidiano dell’attore. A sorpresa, è arrivato anche il saluto affettuoso di Simona Tagli, a dimostrazione della stima che Bellino riscuote nel mondo dello spettacolo.</p>
<p>L’Incontro con Giuseppe Cossentino: Un’Amicizia “Rara”<br />
Il momento clou della puntata èdella puntata è stato l’ingresso a sorpresa in studio come ospite del regista e sceneggiatore Giuseppe Cossentino. Un’amicizia speciale.</p>
