{"id":430552,"date":"2026-04-27T23:58:52","date_gmt":"2026-04-27T21:58:52","guid":{"rendered":"https:\/\/www.youreporter.it\/?post_type=video&#038;p=430552"},"modified":"2026-04-27T23:58:52","modified_gmt":"2026-04-27T21:58:52","slug":"vittorio-camaiani-presenta-la-collezione-primavera-estate-2026-alla-galleria-del-cardinale-colonna","status":"publish","type":"video","link":"https:\/\/www.youreporter.it\/video\/vittorio-camaiani-presenta-la-collezione-primavera-estate-2026-alla-galleria-del-cardinale-colonna\/","title":{"rendered":"Vittorio Camaiani presenta la collezione Primavera\/Estate 2026 alla Galleria del Cardinale Colonna"},"content":{"rendered":"<p>La nuova collezione Spring\/Summer 2026 di Vittorio Camaiani intitolata \u201cSenza Confini\u201d \u00e8 stata svelata domenica 12 aprile 2026 attraverso una sfilata alla Galleria del Cardinale Colonna di Palazzo Colonna. La settecentesca dimora nobiliare per l\u2019occasione ha festeggiato il quarto anno della sua rinnovata gestione. Per il prestigioso anniversario Elena Parmegiani, Direttore Eventi della Galleria del Cardinale Colonna, Direttore della Coffee House di Palazzo Colonna e giornalista di moda e costume, ha presentato la sfilata. Con la nuova collezione ss2026 \u201cSenza Confini\u201d Vittorio Camaiani ci parla della sua fascinazione per i colori, le forme, le atmosfere delle diverse culture del mondo che, attraverso il suo modo di approcciare la couture, sembra voler rendere unito sotto l\u2019egida della bellezza e dell\u2019eleganza. Camaiani, nonostante questo tempo storico dominato da conflitti e disparit\u00e0, immagina la moda come il possibile fil rouge che in realt\u00e0 unisce, mette a confronto, racconta le identit\u00e0 differenti dei popoli sognando di \u201cunire il mondo con il tessuto\u201d. Questa collezione multiforme e ricca di spunti estetici diversi tra loro, ma unificati dall\u2019impronta dello stilista che da sempre punta a vestire una donna pratica ma al contempo elegante e sofisticata, viaggia \u201cintorno al mondo\u201d dal giorno alla sera, in un caleidoscopio di colori e tessuti ricercati. I diversi continenti vengono raccontati omaggiando i tratti salienti dell\u2019estetica delle varie culture attraverso le linee degli abiti, i diversi colori, i tessuti stessi, riportandoci anche alla grande passione per il tema del viaggio che ha spesso influenzato le collezioni di Camaiani.<\/p>\n<p>Nel parterre della sfilata la principessa Jeanne Colonna, il principe Ascanio Colonna, le attrici Elisabetta Pellini, Agnese Catalani, Giorgia Fiori, Carla Cogliandro, l\u2019influencer Kate Cavaliere, lo scultore Andrea Borga in esposizione nella galleria con delle suggestive sculture in acciaio, gli artisti Anfissa Vass\u00e8, Ilian Rachov, l\u2019attore Simone Pieroni, i pittori Amedeo Brogli e Mauro Russo, l\u2019ambasciatrice d\u2019Italia in Ghana Laura Ranalli,. le nobildonne Daniela Memmo, Leontina Pallavicino, Maria Consiglio Visco Marigliano, i socialit\u00e8 Jolanda Gurreri, Andrea Ripa di Meana. A complimentarsi con Camaiani anche l\u2019art manager Michele Crocitto e le designers Giuliana Civello e Petrana Colesanti.<\/p>\n","protected":false},"author":19536,"featured_media":430553,"comment_status":"closed","ping_status":"closed","template":"","categories":[8282],"tags":[],"geo":[49],"class_list":{"0":"post-430552","1":"video","2":"type-video","3":"status-publish","4":"has-post-thumbnail","6":"category-arte-e-cultura","7":"geo-lazio"},"acf":[],"_links":{"self":[{"href":"https:\/\/www.youreporter.it\/api\/wp\/v2\/video\/430552"}],"collection":[{"href":"https:\/\/www.youreporter.it\/api\/wp\/v2\/video"}],"about":[{"href":"https:\/\/www.youreporter.it\/api\/wp\/v2\/types\/video"}],"author":[{"embeddable":true,"href":"https:\/\/www.youreporter.it\/api\/wp\/v2\/users\/19536"}],"replies":[{"embeddable":true,"href":"https:\/\/www.youreporter.it\/api\/wp\/v2\/comments?post=430552"}],"version-history":[{"count":1,"href":"https:\/\/www.youreporter.it\/api\/wp\/v2\/video\/430552\/revisions"}],"predecessor-version":[{"id":430613,"href":"https:\/\/www.youreporter.it\/api\/wp\/v2\/video\/430552\/revisions\/430613"}],"wp:featuredmedia":[{"embeddable":true,"href":"https:\/\/www.youreporter.it\/api\/wp\/v2\/media\/430553"}],"wp:attachment":[{"href":"https:\/\/www.youreporter.it\/api\/wp\/v2\/media?parent=430552"}],"wp:term":[{"taxonomy":"category","embeddable":true,"href":"https:\/\/www.youreporter.it\/api\/wp\/v2\/categories?post=430552"},{"taxonomy":"post_tag","embeddable":true,"href":"https:\/\/www.youreporter.it\/api\/wp\/v2\/tags?post=430552"},{"taxonomy":"geo","embeddable":true,"href":"https:\/\/www.youreporter.it\/api\/wp\/v2\/geo?post=430552"}],"curies":[{"name":"wp","href":"https:\/\/api.w.org\/{rel}","templated":true}]}}

<p>La nuova collezione Spring/Summer 2026 di Vittorio Camaiani intitolata “Senza Confini” è stata svelata domenica 12 aprile 2026 attraverso una sfilata alla Galleria del Cardinale Colonna di Palazzo Colonna. La settecentesca dimora nobiliare per l’occasione ha festeggiato il quarto anno della sua rinnovata gestione. Per il prestigioso anniversario Elena Parmegiani, Direttore Eventi della Galleria del Cardinale Colonna, Direttore della Coffee House di Palazzo Colonna e giornalista di moda e costume, ha presentato la sfilata. Con la nuova collezione ss2026 “Senza Confini” Vittorio Camaiani ci parla della sua fascinazione per i colori, le forme, le atmosfere delle diverse culture del mondo che, attraverso il suo modo di approcciare la couture, sembra voler rendere unito sotto l’egida della bellezza e dell’eleganza. Camaiani, nonostante questo tempo storico dominato da conflitti e disparità, immagina la moda come il possibile fil rouge che in realtà unisce, mette a confronto, racconta le identità differenti dei popoli sognando di “unire il mondo con il tessuto”. Questa collezione multiforme e ricca di spunti estetici diversi tra loro, ma unificati dall’impronta dello stilista che da sempre punta a vestire una donna pratica ma al contempo elegante e sofisticata, viaggia “intorno al mondo” dal giorno alla sera, in un caleidoscopio di colori e tessuti ricercati. I diversi continenti vengono raccontati omaggiando i tratti salienti dell’estetica delle varie culture attraverso le linee degli abiti, i diversi colori, i tessuti stessi, riportandoci anche alla grande passione per il tema del viaggio che ha spesso influenzato le collezioni di Camaiani.</p>
<p>Nel parterre della sfilata la principessa Jeanne Colonna, il principe Ascanio Colonna, le attrici Elisabetta Pellini, Agnese Catalani, Giorgia Fiori, Carla Cogliandro, l’influencer Kate Cavaliere, lo scultore Andrea Borga in esposizione nella galleria con delle suggestive sculture in acciaio, gli artisti Anfissa Vassè, Ilian Rachov, l’attore Simone Pieroni, i pittori Amedeo Brogli e Mauro Russo, l’ambasciatrice d’Italia in Ghana Laura Ranalli,. le nobildonne Daniela Memmo, Leontina Pallavicino, Maria Consiglio Visco Marigliano, i socialitè Jolanda Gurreri, Andrea Ripa di Meana. A complimentarsi con Camaiani anche l’art manager Michele Crocitto e le designers Giuliana Civello e Petrana Colesanti.</p>
