{"id":430038,"date":"2026-03-17T22:53:06","date_gmt":"2026-03-17T21:53:06","guid":{"rendered":"https:\/\/www.youreporter.it\/?post_type=video&#038;p=430038"},"modified":"2026-03-17T22:53:06","modified_gmt":"2026-03-17T21:53:06","slug":"inaugurazione-della-mostra-rosso-v-alla-galleria-morgana-lengfeld-show-lab-a-roma","status":"publish","type":"video","link":"https:\/\/www.youreporter.it\/video\/inaugurazione-della-mostra-rosso-v-alla-galleria-morgana-lengfeld-show-lab-a-roma\/","title":{"rendered":"Inaugurazione della mostra &#8220;ROSSO V&#8221; alla galleria Morgana Lengfeld Show Lab a Roma"},"content":{"rendered":"<p>La pittrice moscovita Irene Lak alla mostra \u201cRosso V\u201d a Roma<\/p>\n<p>La tela \u201cValentino rosso Romano\u201d della pittrice moscovita Irene Lak \u00e8 esposta alla mostra \u201cRosso V\u201d, organizzata dalla galleria Morgana Lengfeld Show Lab a Roma, dedicata al maestro della moda Valentino Garavani.<br \/>\nNativa di Ni\u017enij Novgorod, celebre citt\u00e0 russa, Irene Lak \u00e8 designer e proprietaria di un marchio di abbigliamento sport chic. Ha partecipato a numerose mostre e concorsi per designer, anche in Italia. Vive e lavora comunque a Mosca.<br \/>\nQuesta opera riflette il legame profondo di Valentino Garavani con Roma. La tela raffigura la Scalinata di Trinit\u00e0 dei Monti, luogo dell\u2019ultima sfilata del brand Valentino a Roma durante la vita del designer. Il tessuto rosso \u2013 simbolo di Roma e colore prediletto del maestro \u2013 \u00e8 intrecciato simbolicamente nella lettera V e in una rosa, motivo ricorrente nelle sue collezioni.<br \/>\nL\u2019inaugurazione si \u00e8 tenuta il 14 marzo, con una sfilata di moda e dress code: rosso.<br \/>\nLa pittrice \u00e8 stata presentata dalla sua amica e compagna di scuola d\u2019arte, Lia Zefi: nota conduttrice televisiva, attrice di talento, anch\u2019essa originaria di Ni\u017enij Novgorod. Lavora tra la sua citt\u00e0 natale, Mosca e l\u2019Italia.<br \/>\nLa mostra prosegue fino al 22 marzo.<\/p>\n","protected":false},"author":19536,"featured_media":430039,"comment_status":"closed","ping_status":"closed","template":"","categories":[8282],"tags":[],"geo":[49],"class_list":{"0":"post-430038","1":"video","2":"type-video","3":"status-publish","4":"has-post-thumbnail","6":"category-arte-e-cultura","7":"geo-lazio"},"acf":[],"_links":{"self":[{"href":"https:\/\/www.youreporter.it\/api\/wp\/v2\/video\/430038"}],"collection":[{"href":"https:\/\/www.youreporter.it\/api\/wp\/v2\/video"}],"about":[{"href":"https:\/\/www.youreporter.it\/api\/wp\/v2\/types\/video"}],"author":[{"embeddable":true,"href":"https:\/\/www.youreporter.it\/api\/wp\/v2\/users\/19536"}],"replies":[{"embeddable":true,"href":"https:\/\/www.youreporter.it\/api\/wp\/v2\/comments?post=430038"}],"version-history":[{"count":1,"href":"https:\/\/www.youreporter.it\/api\/wp\/v2\/video\/430038\/revisions"}],"predecessor-version":[{"id":430046,"href":"https:\/\/www.youreporter.it\/api\/wp\/v2\/video\/430038\/revisions\/430046"}],"wp:featuredmedia":[{"embeddable":true,"href":"https:\/\/www.youreporter.it\/api\/wp\/v2\/media\/430039"}],"wp:attachment":[{"href":"https:\/\/www.youreporter.it\/api\/wp\/v2\/media?parent=430038"}],"wp:term":[{"taxonomy":"category","embeddable":true,"href":"https:\/\/www.youreporter.it\/api\/wp\/v2\/categories?post=430038"},{"taxonomy":"post_tag","embeddable":true,"href":"https:\/\/www.youreporter.it\/api\/wp\/v2\/tags?post=430038"},{"taxonomy":"geo","embeddable":true,"href":"https:\/\/www.youreporter.it\/api\/wp\/v2\/geo?post=430038"}],"curies":[{"name":"wp","href":"https:\/\/api.w.org\/{rel}","templated":true}]}}

<p>La pittrice moscovita Irene Lak alla mostra “Rosso V” a Roma</p>
<p>La tela “Valentino rosso Romano” della pittrice moscovita Irene Lak è esposta alla mostra “Rosso V”, organizzata dalla galleria Morgana Lengfeld Show Lab a Roma, dedicata al maestro della moda Valentino Garavani.<br />
Nativa di Nižnij Novgorod, celebre città russa, Irene Lak è designer e proprietaria di un marchio di abbigliamento sport chic. Ha partecipato a numerose mostre e concorsi per designer, anche in Italia. Vive e lavora comunque a Mosca.<br />
Questa opera riflette il legame profondo di Valentino Garavani con Roma. La tela raffigura la Scalinata di Trinità dei Monti, luogo dell’ultima sfilata del brand Valentino a Roma durante la vita del designer. Il tessuto rosso – simbolo di Roma e colore prediletto del maestro – è intrecciato simbolicamente nella lettera V e in una rosa, motivo ricorrente nelle sue collezioni.<br />
L’inaugurazione si è tenuta il 14 marzo, con una sfilata di moda e dress code: rosso.<br />
La pittrice è stata presentata dalla sua amica e compagna di scuola d’arte, Lia Zefi: nota conduttrice televisiva, attrice di talento, anch’essa originaria di Nižnij Novgorod. Lavora tra la sua città natale, Mosca e l’Italia.<br />
La mostra prosegue fino al 22 marzo.</p>
