{"id":428752,"date":"2026-01-27T23:01:27","date_gmt":"2026-01-27T22:01:27","guid":{"rendered":"https:\/\/www.youreporter.it\/?post_type=video&#038;p=428752"},"modified":"2026-01-27T23:01:27","modified_gmt":"2026-01-27T22:01:27","slug":"conclusione-della-settimana-di-preghiera-per-lunita-dei-cristiani-cattedrale-di-napoli","status":"publish","type":"video","link":"https:\/\/www.youreporter.it\/video\/conclusione-della-settimana-di-preghiera-per-lunita-dei-cristiani-cattedrale-di-napoli\/","title":{"rendered":"Conclusione della Settimana di Preghiera per l&#8217;Unit\u00e0 dei Cristiani &#8211; Cattedrale di Napoli"},"content":{"rendered":"<p>Celebrazione Ecumenica della Parola<br \/>\ncon il cardinale don Mimmo Battaglia<br \/>\nConclusione della Settimana di Preghiera per l&#8217;Unit\u00e0 dei Cristiani<br \/>\nDomenica 25 gennaio 2026, ore 18, Cattedrale di Napoli<br \/>\nDomenica 25 gennaio 2026, alle ore 18, presso la Chiesa Cattedrale di Napoli si \u00e8 tenuta la Celebrazione Ecumenica della Parola, conclusione della Settimana di Preghiera per l\u2019Unit\u00e0 dei Cristiani 2026.<br \/>\nCon la partecipazione delle Chiese di Napoli e del cardinale don Mimmo Battaglia, un momento significativo di incontro e dialogo tra le diverse confessioni cristiane presenti sul territorio partenopeo.<br \/>\nLa Settimana di Preghiera per l&#8217;Unit\u00e0 dei Cristiani, che si \u00e8 svolta dal 18 al 25 gennaio, \u00e8 un appuntamento ecumenico mondiale che ogni anno invita i cristiani di tutte le confessioni a pregare insieme per l&#8217;unit\u00e0 della Chiesa.<br \/>\nQuest&#8217;anno il tema \u00e8 \u00abUno solo \u00e8 il corpo, uno solo \u00e8 lo Spirito come una sola \u00e8 la speranza alla quale Dio vi ha chiamati\u00bb (Efesini 4, 4), un richiamo all&#8217;unit\u00e0 e alla comunione tra tutti i cristiani.<br \/>\nLa celebrazione ecumenica costituisce il culmine di una settimana di riflessione e preghiera condivisa, testimoniando il cammino comune delle Chiese verso una sempre maggiore unit\u00e0 nella fede e nella testimonianza.<br \/>\nL\u2019iniziativa \u00e8 promossa dal Consiglio Regionale delle Chiese Cristiane della Campania, in collaborazione con il Gruppo Interconfessionale di Attivit\u00e0 Ecumeniche Napoli (Giaen) e l\u2019Arcidiocesi di Napoli.<\/p>\n","protected":false},"author":4186,"featured_media":428753,"comment_status":"closed","ping_status":"closed","template":"","categories":[1],"tags":[],"geo":[45],"class_list":{"0":"post-428752","1":"video","2":"type-video","3":"status-publish","4":"has-post-thumbnail","6":"category-cronaca","7":"geo-campania"},"acf":[],"_links":{"self":[{"href":"https:\/\/www.youreporter.it\/api\/wp\/v2\/video\/428752"}],"collection":[{"href":"https:\/\/www.youreporter.it\/api\/wp\/v2\/video"}],"about":[{"href":"https:\/\/www.youreporter.it\/api\/wp\/v2\/types\/video"}],"author":[{"embeddable":true,"href":"https:\/\/www.youreporter.it\/api\/wp\/v2\/users\/4186"}],"replies":[{"embeddable":true,"href":"https:\/\/www.youreporter.it\/api\/wp\/v2\/comments?post=428752"}],"version-history":[{"count":2,"href":"https:\/\/www.youreporter.it\/api\/wp\/v2\/video\/428752\/revisions"}],"predecessor-version":[{"id":428791,"href":"https:\/\/www.youreporter.it\/api\/wp\/v2\/video\/428752\/revisions\/428791"}],"wp:featuredmedia":[{"embeddable":true,"href":"https:\/\/www.youreporter.it\/api\/wp\/v2\/media\/428753"}],"wp:attachment":[{"href":"https:\/\/www.youreporter.it\/api\/wp\/v2\/media?parent=428752"}],"wp:term":[{"taxonomy":"category","embeddable":true,"href":"https:\/\/www.youreporter.it\/api\/wp\/v2\/categories?post=428752"},{"taxonomy":"post_tag","embeddable":true,"href":"https:\/\/www.youreporter.it\/api\/wp\/v2\/tags?post=428752"},{"taxonomy":"geo","embeddable":true,"href":"https:\/\/www.youreporter.it\/api\/wp\/v2\/geo?post=428752"}],"curies":[{"name":"wp","href":"https:\/\/api.w.org\/{rel}","templated":true}]}}

Conclusione della Settimana di Preghiera per l&#8217;Unità dei Cristiani &#8211; Cattedrale di Napoli

<p>Celebrazione Ecumenica della Parola<br />
con il cardinale don Mimmo Battaglia<br />
Conclusione della Settimana di Preghiera per l&#8217;Unità dei Cristiani<br />
Domenica 25 gennaio 2026, ore 18, Cattedrale di Napoli<br />
Domenica 25 gennaio 2026, alle ore 18, presso la Chiesa Cattedrale di Napoli si è tenuta la Celebrazione Ecumenica della Parola, conclusione della Settimana di Preghiera per l’Unità dei Cristiani 2026.<br />
Con la partecipazione delle Chiese di Napoli e del cardinale don Mimmo Battaglia, un momento significativo di incontro e dialogo tra le diverse confessioni cristiane presenti sul territorio partenopeo.<br />
La Settimana di Preghiera per l&#8217;Unità dei Cristiani, che si è svolta dal 18 al 25 gennaio, è un appuntamento ecumenico mondiale che ogni anno invita i cristiani di tutte le confessioni a pregare insieme per l&#8217;unità della Chiesa.<br />
Quest&#8217;anno il tema è «Uno solo è il corpo, uno solo è lo Spirito come una sola è la speranza alla quale Dio vi ha chiamati» (Efesini 4, 4), un richiamo all&#8217;unità e alla comunione tra tutti i cristiani.<br />
La celebrazione ecumenica costituisce il culmine di una settimana di riflessione e preghiera condivisa, testimoniando il cammino comune delle Chiese verso una sempre maggiore unità nella fede e nella testimonianza.<br />
L’iniziativa è promossa dal Consiglio Regionale delle Chiese Cristiane della Campania, in collaborazione con il Gruppo Interconfessionale di Attività Ecumeniche Napoli (Giaen) e l’Arcidiocesi di Napoli.</p>
