{"id":39911,"date":"2015-11-15T15:53:44","date_gmt":"2015-11-15T15:53:44","guid":{"rendered":"https:\/\/www.youreporter.it\/video_francia_polizia_carica_contro_manifestanti_anti-islam_a_metz\/"},"modified":"2015-11-15T15:53:44","modified_gmt":"2015-11-15T15:53:44","slug":"video_francia_polizia_carica_contro_manifestanti_anti-islam_a_metz","status":"publish","type":"video","link":"https:\/\/www.youreporter.it\/video\/video_francia_polizia_carica_contro_manifestanti_anti-islam_a_metz\/","title":{"rendered":"Francia, polizia carica contro manifestanti anti-islam a Metz"},"content":{"rendered":"<p>La polizia ha caricato i manifestanti di un corteo anti-islam nella citt\u00e0 di Metz organizzato in risposta agli attentati di venerd\u00ec sera. Il fatto \u00e8 avvenuto dopo che la popolazione ha mostrato di non gradire gli slogan. La polizia ha anche arrestato alcuni manifestanti con l&#8217;accusa di istigazione all&#8217;odio razziale.<\/p>\n","protected":false},"author":4731,"featured_media":0,"comment_status":"closed","ping_status":"closed","template":"","categories":[1],"tags":[],"geo":[3629],"class_list":{"0":"post-39911","1":"video","2":"type-video","3":"status-publish","5":"category-cronaca","6":"geo-milano"},"acf":[],"_links":{"self":[{"href":"https:\/\/www.youreporter.it\/api\/wp\/v2\/video\/39911"}],"collection":[{"href":"https:\/\/www.youreporter.it\/api\/wp\/v2\/video"}],"about":[{"href":"https:\/\/www.youreporter.it\/api\/wp\/v2\/types\/video"}],"author":[{"embeddable":true,"href":"https:\/\/www.youreporter.it\/api\/wp\/v2\/users\/4731"}],"replies":[{"embeddable":true,"href":"https:\/\/www.youreporter.it\/api\/wp\/v2\/comments?post=39911"}],"version-history":[{"count":0,"href":"https:\/\/www.youreporter.it\/api\/wp\/v2\/video\/39911\/revisions"}],"wp:attachment":[{"href":"https:\/\/www.youreporter.it\/api\/wp\/v2\/media?parent=39911"}],"wp:term":[{"taxonomy":"category","embeddable":true,"href":"https:\/\/www.youreporter.it\/api\/wp\/v2\/categories?post=39911"},{"taxonomy":"post_tag","embeddable":true,"href":"https:\/\/www.youreporter.it\/api\/wp\/v2\/tags?post=39911"},{"taxonomy":"geo","embeddable":true,"href":"https:\/\/www.youreporter.it\/api\/wp\/v2\/geo?post=39911"}],"curies":[{"name":"wp","href":"https:\/\/api.w.org\/{rel}","templated":true}]}}

<p>La polizia ha caricato i manifestanti di un corteo anti-islam nella città di Metz organizzato in risposta agli attentati di venerdì sera. Il fatto è avvenuto dopo che la popolazione ha mostrato di non gradire gli slogan. La polizia ha anche arrestato alcuni manifestanti con l&#8217;accusa di istigazione all&#8217;odio razziale.</p>
