{"id":39906,"date":"2015-11-16T13:26:33","date_gmt":"2015-11-16T13:26:33","guid":{"rendered":"https:\/\/www.youreporter.it\/video_il_messaggio_di_pace_di_balotelli_dopo_gli_attentati\/"},"modified":"2015-11-16T13:26:33","modified_gmt":"2015-11-16T13:26:33","slug":"video_il_messaggio_di_pace_di_balotelli_dopo_gli_attentati","status":"publish","type":"video","link":"https:\/\/www.youreporter.it\/video\/video_il_messaggio_di_pace_di_balotelli_dopo_gli_attentati\/","title":{"rendered":"Il messaggio di pace di Balotelli dopo gli attentati"},"content":{"rendered":"<p>Mario Balotelli ah condiviso sulla sua pagina Facebook un messaggio di pace in seguito agli attentati di venerd\u00ec 13 a Parigi. &#8220;Perch\u00e9 non riusciamo a trovare una soluzione? Perch\u00e9 non ci comportiamo come un&#8217;unica famiglia?&#8221;<\/p>\n","protected":false},"author":4731,"featured_media":0,"comment_status":"closed","ping_status":"closed","template":"","categories":[1],"tags":[],"geo":[51,3629],"class_list":{"0":"post-39906","1":"video","2":"type-video","3":"status-publish","5":"category-cronaca","6":"geo-lombardia","7":"geo-milano"},"acf":[],"_links":{"self":[{"href":"https:\/\/www.youreporter.it\/api\/wp\/v2\/video\/39906"}],"collection":[{"href":"https:\/\/www.youreporter.it\/api\/wp\/v2\/video"}],"about":[{"href":"https:\/\/www.youreporter.it\/api\/wp\/v2\/types\/video"}],"author":[{"embeddable":true,"href":"https:\/\/www.youreporter.it\/api\/wp\/v2\/users\/4731"}],"replies":[{"embeddable":true,"href":"https:\/\/www.youreporter.it\/api\/wp\/v2\/comments?post=39906"}],"version-history":[{"count":0,"href":"https:\/\/www.youreporter.it\/api\/wp\/v2\/video\/39906\/revisions"}],"wp:attachment":[{"href":"https:\/\/www.youreporter.it\/api\/wp\/v2\/media?parent=39906"}],"wp:term":[{"taxonomy":"category","embeddable":true,"href":"https:\/\/www.youreporter.it\/api\/wp\/v2\/categories?post=39906"},{"taxonomy":"post_tag","embeddable":true,"href":"https:\/\/www.youreporter.it\/api\/wp\/v2\/tags?post=39906"},{"taxonomy":"geo","embeddable":true,"href":"https:\/\/www.youreporter.it\/api\/wp\/v2\/geo?post=39906"}],"curies":[{"name":"wp","href":"https:\/\/api.w.org\/{rel}","templated":true}]}}

<p>Mario Balotelli ah condiviso sulla sua pagina Facebook un messaggio di pace in seguito agli attentati di venerdì 13 a Parigi. &#8220;Perché non riusciamo a trovare una soluzione? Perché non ci comportiamo come un&#8217;unica famiglia?&#8221;</p>
