{"id":39404,"date":"2016-04-14T09:55:09","date_gmt":"2016-04-14T09:55:09","guid":{"rendered":"https:\/\/www.youreporter.it\/video_milano_treno_travolge_due_writer_un_morto_e_un_ferito\/"},"modified":"2016-04-14T09:55:09","modified_gmt":"2016-04-14T09:55:09","slug":"video_milano_treno_travolge_due_writer_un_morto_e_un_ferito","status":"publish","type":"video","link":"https:\/\/www.youreporter.it\/video\/video_milano_treno_travolge_due_writer_un_morto_e_un_ferito\/","title":{"rendered":"Milano, treno travolge due writer: un morto e un ferito"},"content":{"rendered":"<p>Si chiamava Naryshev Svyatoslav, aveva 19 anni. E&#8217; lui il writer travolto da un treno di Trenord nello scalo ferroviario di Greco Pirelli, in via Venezia a Sesto San Giovanni (Milano). Il ragazzo abitava l\u00ec vicino ed era cittadino italiano nato in Russia, a San Pietroburgo. A svolgere le indagini sull&#8217;incidente \u00e8 la polizia, ci\u00f2 che \u00e8 stato ricostruito fino a questo momento \u00e8 che Svyatoslav, insieme a un amico ventenne di Monza, stava realizzando un graffito. Nessuno dei due si \u00e8 accorto di nulla fino a quando non \u00e8 stato pi\u00f9 possibile scappare via dal binario. A chiamare i soccorsi sono stati alcuni residenti della zona che hanno sentito le urla del ragazzo ferito. Portato d&#8217;urgenza all&#8217;ospedale Niguarda ha riportato fratture alla gamba destra: se la caver\u00e0 con 25 giorni di prognosi. Gli investigatori della Polfer dovranno anche sentire il macchinista del treno che &#8211; secondo le prime ricostruzioni &#8211; non si \u00e8 accorto dell&#8217;impatto e dopo aver investito i due ragazzi  ha continuato la sua corsa in direzione di Sesto San Giovanni. Al momento non si \u00e8 ancora riusciti a risalire con precisione al convoglio. I due writer sono stati travolti mentre compivano la loro opera su un muraglione che delimita l&#8217;area dei binari. Video da Youtube.<\/p>\n","protected":false},"author":4731,"featured_media":0,"comment_status":"closed","ping_status":"closed","template":"","categories":[1],"tags":[],"geo":[51,3629,3742],"class_list":{"0":"post-39404","1":"video","2":"type-video","3":"status-publish","5":"category-cronaca","6":"geo-lombardia","7":"geo-milano","8":"geo-sesto-san-giovanni"},"acf":[],"_links":{"self":[{"href":"https:\/\/www.youreporter.it\/api\/wp\/v2\/video\/39404"}],"collection":[{"href":"https:\/\/www.youreporter.it\/api\/wp\/v2\/video"}],"about":[{"href":"https:\/\/www.youreporter.it\/api\/wp\/v2\/types\/video"}],"author":[{"embeddable":true,"href":"https:\/\/www.youreporter.it\/api\/wp\/v2\/users\/4731"}],"replies":[{"embeddable":true,"href":"https:\/\/www.youreporter.it\/api\/wp\/v2\/comments?post=39404"}],"version-history":[{"count":0,"href":"https:\/\/www.youreporter.it\/api\/wp\/v2\/video\/39404\/revisions"}],"wp:attachment":[{"href":"https:\/\/www.youreporter.it\/api\/wp\/v2\/media?parent=39404"}],"wp:term":[{"taxonomy":"category","embeddable":true,"href":"https:\/\/www.youreporter.it\/api\/wp\/v2\/categories?post=39404"},{"taxonomy":"post_tag","embeddable":true,"href":"https:\/\/www.youreporter.it\/api\/wp\/v2\/tags?post=39404"},{"taxonomy":"geo","embeddable":true,"href":"https:\/\/www.youreporter.it\/api\/wp\/v2\/geo?post=39404"}],"curies":[{"name":"wp","href":"https:\/\/api.w.org\/{rel}","templated":true}]}}

<p>Si chiamava Naryshev Svyatoslav, aveva 19 anni. E&#8217; lui il writer travolto da un treno di Trenord nello scalo ferroviario di Greco Pirelli, in via Venezia a Sesto San Giovanni (Milano). Il ragazzo abitava lì vicino ed era cittadino italiano nato in Russia, a San Pietroburgo. A svolgere le indagini sull&#8217;incidente è la polizia, ciò che è stato ricostruito fino a questo momento è che Svyatoslav, insieme a un amico ventenne di Monza, stava realizzando un graffito. Nessuno dei due si è accorto di nulla fino a quando non è stato più possibile scappare via dal binario. A chiamare i soccorsi sono stati alcuni residenti della zona che hanno sentito le urla del ragazzo ferito. Portato d&#8217;urgenza all&#8217;ospedale Niguarda ha riportato fratture alla gamba destra: se la caverà con 25 giorni di prognosi. Gli investigatori della Polfer dovranno anche sentire il macchinista del treno che &#8211; secondo le prime ricostruzioni &#8211; non si è accorto dell&#8217;impatto e dopo aver investito i due ragazzi  ha continuato la sua corsa in direzione di Sesto San Giovanni. Al momento non si è ancora riusciti a risalire con precisione al convoglio. I due writer sono stati travolti mentre compivano la loro opera su un muraglione che delimita l&#8217;area dei binari. Video da Youtube.</p>
