{"id":39370,"date":"2016-05-04T15:52:41","date_gmt":"2016-05-04T15:52:41","guid":{"rendered":"https:\/\/www.youreporter.it\/video_milano_auto_della_polizia_incastrata_tra_due_tram\/"},"modified":"2016-05-04T15:52:41","modified_gmt":"2016-05-04T15:52:41","slug":"video_milano_auto_della_polizia_incastrata_tra_due_tram","status":"publish","type":"video","link":"https:\/\/www.youreporter.it\/video\/video_milano_auto_della_polizia_incastrata_tra_due_tram\/","title":{"rendered":"Milano, auto della polizia incastrata tra due tram"},"content":{"rendered":"<p>Un\u2019auto della polizia si \u00e8 incastrata tra due tram in marcia in piazza della Scala, a Milano. Nessuno \u00e8 rimasto ferito, n\u00e9 tra gli agenti n\u00e9 tra i passeggeri che erano a bordo dei due mezzi in quel momento. L\u2019incidente attorno alle 13.30 di marted\u00ec 3 Maggio per cause ancora da accertare. La dinamica \u00e8 al vaglio della polizia che, in ogni caso, esclude che si sia trattato di un sinistro dovuto a un inseguimento. La vicenda ha destato la curiosit\u00e0 dei numerosi passanti presenti nel centro di Milano, molti dei quali si sono fermati per scattare fotografie con il proprio smartphone. Immagini che nelle ore successive hanno popolato i social network, rimbalzando da un account all\u2019altro. Video da Youtube.<\/p>\n","protected":false},"author":4731,"featured_media":0,"comment_status":"closed","ping_status":"closed","template":"","categories":[1],"tags":[],"geo":[51,3629],"class_list":{"0":"post-39370","1":"video","2":"type-video","3":"status-publish","5":"category-cronaca","6":"geo-lombardia","7":"geo-milano"},"acf":[],"_links":{"self":[{"href":"https:\/\/www.youreporter.it\/api\/wp\/v2\/video\/39370"}],"collection":[{"href":"https:\/\/www.youreporter.it\/api\/wp\/v2\/video"}],"about":[{"href":"https:\/\/www.youreporter.it\/api\/wp\/v2\/types\/video"}],"author":[{"embeddable":true,"href":"https:\/\/www.youreporter.it\/api\/wp\/v2\/users\/4731"}],"replies":[{"embeddable":true,"href":"https:\/\/www.youreporter.it\/api\/wp\/v2\/comments?post=39370"}],"version-history":[{"count":0,"href":"https:\/\/www.youreporter.it\/api\/wp\/v2\/video\/39370\/revisions"}],"wp:attachment":[{"href":"https:\/\/www.youreporter.it\/api\/wp\/v2\/media?parent=39370"}],"wp:term":[{"taxonomy":"category","embeddable":true,"href":"https:\/\/www.youreporter.it\/api\/wp\/v2\/categories?post=39370"},{"taxonomy":"post_tag","embeddable":true,"href":"https:\/\/www.youreporter.it\/api\/wp\/v2\/tags?post=39370"},{"taxonomy":"geo","embeddable":true,"href":"https:\/\/www.youreporter.it\/api\/wp\/v2\/geo?post=39370"}],"curies":[{"name":"wp","href":"https:\/\/api.w.org\/{rel}","templated":true}]}}

<p>Un’auto della polizia si è incastrata tra due tram in marcia in piazza della Scala, a Milano. Nessuno è rimasto ferito, né tra gli agenti né tra i passeggeri che erano a bordo dei due mezzi in quel momento. L’incidente attorno alle 13.30 di martedì 3 Maggio per cause ancora da accertare. La dinamica è al vaglio della polizia che, in ogni caso, esclude che si sia trattato di un sinistro dovuto a un inseguimento. La vicenda ha destato la curiosità dei numerosi passanti presenti nel centro di Milano, molti dei quali si sono fermati per scattare fotografie con il proprio smartphone. Immagini che nelle ore successive hanno popolato i social network, rimbalzando da un account all’altro. Video da Youtube.</p>
