{"id":39293,"date":"2016-06-09T15:25:02","date_gmt":"2016-06-09T15:25:02","guid":{"rendered":"https:\/\/www.youreporter.it\/video_francia_sciopero_contro_la_legge_sul_lavoro\/"},"modified":"2016-06-09T15:25:02","modified_gmt":"2016-06-09T15:25:02","slug":"video_francia_sciopero_contro_la_legge_sul_lavoro","status":"publish","type":"video","link":"https:\/\/www.youreporter.it\/video\/video_francia_sciopero_contro_la_legge_sul_lavoro\/","title":{"rendered":"Francia, sciopero contro la legge sul lavoro"},"content":{"rendered":"<p>I francesi in piazza per una delle manifestazioni di questi giorni contro il disegno di legge sul lavoro che faciliter\u00e0 i licenziamenti, ridurr\u00e0\u00e0 i ricorsi davanti al giudice e aumenter\u00e0 la flessibilit\u00e0. Il 14 giugno \u00e8 prevista una mobilitazione nazionale<\/p>\n","protected":false},"author":4731,"featured_media":0,"comment_status":"closed","ping_status":"closed","template":"","categories":[1],"tags":[],"geo":[3629],"class_list":{"0":"post-39293","1":"video","2":"type-video","3":"status-publish","5":"category-cronaca","6":"geo-milano"},"acf":[],"_links":{"self":[{"href":"https:\/\/www.youreporter.it\/api\/wp\/v2\/video\/39293"}],"collection":[{"href":"https:\/\/www.youreporter.it\/api\/wp\/v2\/video"}],"about":[{"href":"https:\/\/www.youreporter.it\/api\/wp\/v2\/types\/video"}],"author":[{"embeddable":true,"href":"https:\/\/www.youreporter.it\/api\/wp\/v2\/users\/4731"}],"replies":[{"embeddable":true,"href":"https:\/\/www.youreporter.it\/api\/wp\/v2\/comments?post=39293"}],"version-history":[{"count":0,"href":"https:\/\/www.youreporter.it\/api\/wp\/v2\/video\/39293\/revisions"}],"wp:attachment":[{"href":"https:\/\/www.youreporter.it\/api\/wp\/v2\/media?parent=39293"}],"wp:term":[{"taxonomy":"category","embeddable":true,"href":"https:\/\/www.youreporter.it\/api\/wp\/v2\/categories?post=39293"},{"taxonomy":"post_tag","embeddable":true,"href":"https:\/\/www.youreporter.it\/api\/wp\/v2\/tags?post=39293"},{"taxonomy":"geo","embeddable":true,"href":"https:\/\/www.youreporter.it\/api\/wp\/v2\/geo?post=39293"}],"curies":[{"name":"wp","href":"https:\/\/api.w.org\/{rel}","templated":true}]}}

<p>I francesi in piazza per una delle manifestazioni di questi giorni contro il disegno di legge sul lavoro che faciliterà i licenziamenti, ridurràà i ricorsi davanti al giudice e aumenterà la flessibilità. Il 14 giugno è prevista una mobilitazione nazionale</p>
