{"id":39273,"date":"2016-06-11T12:40:12","date_gmt":"2016-06-11T12:40:12","guid":{"rendered":"https:\/\/www.youreporter.it\/video_estate_siamo_a_meta_giugno_e_segrate_s_e_svegliata_cosi\/"},"modified":"2016-06-11T12:40:12","modified_gmt":"2016-06-11T12:40:12","slug":"video_estate_siamo_a_meta_giugno_e_segrate_s_e_svegliata_cosi","status":"publish","type":"video","link":"https:\/\/www.youreporter.it\/video\/video_estate_siamo_a_meta_giugno_e_segrate_s_e_svegliata_cosi\/","title":{"rendered":"Estate? Siamo a met\u00e0 giugno, e Segrate s&#8217;\u00e8 svegliata cos\u00ec"},"content":{"rendered":"<p>Un violento temporale s&#8217;\u00e8 abbattuto all&#8217;alba in tutto il milanese, da giorni assediato da pioggia e acquazzoni brevi e intensissimi.<\/p>\n","protected":false},"author":4731,"featured_media":0,"comment_status":"closed","ping_status":"closed","template":"","categories":[1],"tags":[],"geo":[51,3629,3740],"class_list":{"0":"post-39273","1":"video","2":"type-video","3":"status-publish","5":"category-cronaca","6":"geo-lombardia","7":"geo-milano","8":"geo-segrate"},"acf":[],"_links":{"self":[{"href":"https:\/\/www.youreporter.it\/api\/wp\/v2\/video\/39273"}],"collection":[{"href":"https:\/\/www.youreporter.it\/api\/wp\/v2\/video"}],"about":[{"href":"https:\/\/www.youreporter.it\/api\/wp\/v2\/types\/video"}],"author":[{"embeddable":true,"href":"https:\/\/www.youreporter.it\/api\/wp\/v2\/users\/4731"}],"replies":[{"embeddable":true,"href":"https:\/\/www.youreporter.it\/api\/wp\/v2\/comments?post=39273"}],"version-history":[{"count":0,"href":"https:\/\/www.youreporter.it\/api\/wp\/v2\/video\/39273\/revisions"}],"wp:attachment":[{"href":"https:\/\/www.youreporter.it\/api\/wp\/v2\/media?parent=39273"}],"wp:term":[{"taxonomy":"category","embeddable":true,"href":"https:\/\/www.youreporter.it\/api\/wp\/v2\/categories?post=39273"},{"taxonomy":"post_tag","embeddable":true,"href":"https:\/\/www.youreporter.it\/api\/wp\/v2\/tags?post=39273"},{"taxonomy":"geo","embeddable":true,"href":"https:\/\/www.youreporter.it\/api\/wp\/v2\/geo?post=39273"}],"curies":[{"name":"wp","href":"https:\/\/api.w.org\/{rel}","templated":true}]}}

Estate? Siamo a metà giugno, e Segrate s&#8217;è svegliata così

<p>Un violento temporale s&#8217;è abbattuto all&#8217;alba in tutto il milanese, da giorni assediato da pioggia e acquazzoni brevi e intensissimi.</p>
