{"id":380141,"date":"2022-07-26T00:54:28","date_gmt":"2022-07-25T22:54:28","guid":{"rendered":"https:\/\/www.youreporter.it\/?post_type=video&#038;p=380141"},"modified":"2022-07-26T00:54:28","modified_gmt":"2022-07-25T22:54:28","slug":"14-luglio-1970-attualita-e-significato-storico-morale-della-rivolta-di-reggio","status":"publish","type":"video","link":"https:\/\/www.youreporter.it\/video\/14-luglio-1970-attualita-e-significato-storico-morale-della-rivolta-di-reggio\/","title":{"rendered":"14 luglio 1970: attualit\u00e0 e significato storico-morale della Rivolta di Reggio"},"content":{"rendered":"<p>Venerd\u00ec 29 luglio sar\u00e0 disponibile, sulle varie piattaforme Social Network presenti nella rete, la quinta giornata di studi, organizzata dal Circolo Culturale \u201cL\u2019Agor\u00e0\u201d sui fatti di Reggio del 1970. I Moti di Reggio rappresentano la rivolta urbana d\u2019Europa occidentale del Novecento. L&#8217;aspetto che sar\u00e0 affrontato nella nuova conversazione, organizzata dal sodalizio organizzatore, riguarder\u00e0 il tema inerente al \u201c14 luglio 1970: attualit\u00e0 e significato storico-morale della Rivolta di Reggio\u201d. Le riflessioni saranno a cura dell&#8217;onorevole Fortunato Aloi,gradito ospite del Circolo Culturale \u201cL\u2019Agor\u00e0\u201d, Tenuto conto dei protocolli di sicurezza anti-contagio e dei risultati altalenanti della pandemia di COVID 19 e nel rispetto delle norme del DPCM del 24 ottobre 2020 la conversazione sar\u00e0 disponibile, sulle varie piattaforme Social Network presenti nella rete, a far data da venerd\u00ec 29 luglio.<\/p>\n","protected":false},"author":18063,"featured_media":380143,"comment_status":"closed","ping_status":"closed","template":"","categories":[8282],"tags":[],"geo":[44,770,833],"class_list":{"0":"post-380141","1":"video","2":"type-video","3":"status-publish","4":"has-post-thumbnail","6":"category-arte-e-cultura","7":"geo-calabria","8":"geo-reggio-calabria","9":"geo-reggio-di-calabria"},"acf":[],"_links":{"self":[{"href":"https:\/\/www.youreporter.it\/api\/wp\/v2\/video\/380141"}],"collection":[{"href":"https:\/\/www.youreporter.it\/api\/wp\/v2\/video"}],"about":[{"href":"https:\/\/www.youreporter.it\/api\/wp\/v2\/types\/video"}],"author":[{"embeddable":true,"href":"https:\/\/www.youreporter.it\/api\/wp\/v2\/users\/18063"}],"replies":[{"embeddable":true,"href":"https:\/\/www.youreporter.it\/api\/wp\/v2\/comments?post=380141"}],"version-history":[{"count":1,"href":"https:\/\/www.youreporter.it\/api\/wp\/v2\/video\/380141\/revisions"}],"predecessor-version":[{"id":380309,"href":"https:\/\/www.youreporter.it\/api\/wp\/v2\/video\/380141\/revisions\/380309"}],"wp:featuredmedia":[{"embeddable":true,"href":"https:\/\/www.youreporter.it\/api\/wp\/v2\/media\/380143"}],"wp:attachment":[{"href":"https:\/\/www.youreporter.it\/api\/wp\/v2\/media?parent=380141"}],"wp:term":[{"taxonomy":"category","embeddable":true,"href":"https:\/\/www.youreporter.it\/api\/wp\/v2\/categories?post=380141"},{"taxonomy":"post_tag","embeddable":true,"href":"https:\/\/www.youreporter.it\/api\/wp\/v2\/tags?post=380141"},{"taxonomy":"geo","embeddable":true,"href":"https:\/\/www.youreporter.it\/api\/wp\/v2\/geo?post=380141"}],"curies":[{"name":"wp","href":"https:\/\/api.w.org\/{rel}","templated":true}]}}

14 luglio 1970: attualità e significato storico-morale della Rivolta di Reggio

<p>Venerdì 29 luglio sarà disponibile, sulle varie piattaforme Social Network presenti nella rete, la quinta giornata di studi, organizzata dal Circolo Culturale “L’Agorà” sui fatti di Reggio del 1970. I Moti di Reggio rappresentano la rivolta urbana d’Europa occidentale del Novecento. L&#8217;aspetto che sarà affrontato nella nuova conversazione, organizzata dal sodalizio organizzatore, riguarderà il tema inerente al “14 luglio 1970: attualità e significato storico-morale della Rivolta di Reggio”. Le riflessioni saranno a cura dell&#8217;onorevole Fortunato Aloi,gradito ospite del Circolo Culturale “L’Agorà”, Tenuto conto dei protocolli di sicurezza anti-contagio e dei risultati altalenanti della pandemia di COVID 19 e nel rispetto delle norme del DPCM del 24 ottobre 2020 la conversazione sarà disponibile, sulle varie piattaforme Social Network presenti nella rete, a far data da venerdì 29 luglio.</p>
