{"id":377715,"date":"2022-06-21T00:53:18","date_gmt":"2022-06-20T22:53:18","guid":{"rendered":"https:\/\/www.youreporter.it\/?post_type=video&#038;p=377715"},"modified":"2022-06-21T00:53:18","modified_gmt":"2022-06-20T22:53:18","slug":"a-reggio-calabria-conversazione-su-pier-paolo-pasolini","status":"publish","type":"video","link":"https:\/\/www.youreporter.it\/video\/a-reggio-calabria-conversazione-su-pier-paolo-pasolini\/","title":{"rendered":"A Reggio Calabria conversazione su Pier Paolo Pasolini"},"content":{"rendered":"<p>Con il patrocinio della Citt\u00e0 Metropolitana di Bologna, il prossimo 24 giugno sulle varie piattaforme Social Network presenti nella rete, sar\u00e0 disponibile la conversazione relativa alla conversazione sul tema \u201c1922-2022: nel centenario della nascita di Pier Paolo Pasolini\u201d, a cura del Circolo Culturale \u201cL\u2019Agor\u00e0\u201d. Pier Paolo Pasolini (Bologna 5 marzo 1922 \u2013 Roma 2 novembre 1975) \u00e8 tra le personalit\u00e0 pi\u00f9 rappresentative del Novecento italiano. Un intellettuale eclettico che si \u00e8 messo alla prova in diversi campi \u2013 dalla scrittura al cinema, alla musica e alla pittura \u2013 e che oggi viene ricordato soprattutto per il suo pensiero controcorrente e la dura critica rivolta alla societ\u00e0 capitalista, oltre che per lo spazio riservato agli ultimi della societ\u00e0. Un protagonista della cultura italiana che ha segnato il Novecento come poeta, sceneggiatore, attore, regista, scrittore e drammaturgo italiano, persino pittore, linguista e traduttore. Sicuramente il pi\u00f9 attento osservatore dei cambiamenti della societ\u00e0 italiana dal secondo dopoguerra sino alla met\u00e0 degli anni Settanta, ma fu anche una figura controcorrente, spesso polemico e radicale, critico verso le abitudini borghesi e la nascente societ\u00e0 dei consumi, come anche nei confronti del Sessantotto e dei suoi protagonisti, un militante anomalo del partito comunista. Il suo rapporto con la propria omosessualit\u00e0 fu al centro del suo personaggio pubblico. Queste alcune delle cifre che saranno oggetto di analisi nel corso della nuova conversazione culturale, organizzata dal sodalizio culturale reggino, parteciper\u00e0 in qualit\u00e0 di relatore Antonino Megale (vice Presidente del Circolo Culturale \u201cL\u2019Agor\u00e0\u201d). Tenuto conto dei protocolli di sicurezza anti-contagio e dei risultati altalenanti della pandemia di COVID 19 e nel rispetto delle norme del DPCM del 24 ottobre 2020 la conversazione sar\u00e0 disponibile, sulle varie piattaforme Social Network presenti nella rete, a far data dal 24 giugno.<\/p>\n","protected":false},"author":18063,"featured_media":377717,"comment_status":"closed","ping_status":"closed","template":"","categories":[8282],"tags":[],"geo":[44,770,833],"class_list":{"0":"post-377715","1":"video","2":"type-video","3":"status-publish","4":"has-post-thumbnail","6":"category-arte-e-cultura","7":"geo-calabria","8":"geo-reggio-calabria","9":"geo-reggio-di-calabria"},"acf":[],"_links":{"self":[{"href":"https:\/\/www.youreporter.it\/api\/wp\/v2\/video\/377715"}],"collection":[{"href":"https:\/\/www.youreporter.it\/api\/wp\/v2\/video"}],"about":[{"href":"https:\/\/www.youreporter.it\/api\/wp\/v2\/types\/video"}],"author":[{"embeddable":true,"href":"https:\/\/www.youreporter.it\/api\/wp\/v2\/users\/18063"}],"replies":[{"embeddable":true,"href":"https:\/\/www.youreporter.it\/api\/wp\/v2\/comments?post=377715"}],"version-history":[{"count":1,"href":"https:\/\/www.youreporter.it\/api\/wp\/v2\/video\/377715\/revisions"}],"predecessor-version":[{"id":377771,"href":"https:\/\/www.youreporter.it\/api\/wp\/v2\/video\/377715\/revisions\/377771"}],"wp:featuredmedia":[{"embeddable":true,"href":"https:\/\/www.youreporter.it\/api\/wp\/v2\/media\/377717"}],"wp:attachment":[{"href":"https:\/\/www.youreporter.it\/api\/wp\/v2\/media?parent=377715"}],"wp:term":[{"taxonomy":"category","embeddable":true,"href":"https:\/\/www.youreporter.it\/api\/wp\/v2\/categories?post=377715"},{"taxonomy":"post_tag","embeddable":true,"href":"https:\/\/www.youreporter.it\/api\/wp\/v2\/tags?post=377715"},{"taxonomy":"geo","embeddable":true,"href":"https:\/\/www.youreporter.it\/api\/wp\/v2\/geo?post=377715"}],"curies":[{"name":"wp","href":"https:\/\/api.w.org\/{rel}","templated":true}]}}

<p>Con il patrocinio della Città Metropolitana di Bologna, il prossimo 24 giugno sulle varie piattaforme Social Network presenti nella rete, sarà disponibile la conversazione relativa alla conversazione sul tema “1922-2022: nel centenario della nascita di Pier Paolo Pasolini”, a cura del Circolo Culturale “L’Agorà”. Pier Paolo Pasolini (Bologna 5 marzo 1922 – Roma 2 novembre 1975) è tra le personalità più rappresentative del Novecento italiano. Un intellettuale eclettico che si è messo alla prova in diversi campi – dalla scrittura al cinema, alla musica e alla pittura – e che oggi viene ricordato soprattutto per il suo pensiero controcorrente e la dura critica rivolta alla società capitalista, oltre che per lo spazio riservato agli ultimi della società. Un protagonista della cultura italiana che ha segnato il Novecento come poeta, sceneggiatore, attore, regista, scrittore e drammaturgo italiano, persino pittore, linguista e traduttore. Sicuramente il più attento osservatore dei cambiamenti della società italiana dal secondo dopoguerra sino alla metà degli anni Settanta, ma fu anche una figura controcorrente, spesso polemico e radicale, critico verso le abitudini borghesi e la nascente società dei consumi, come anche nei confronti del Sessantotto e dei suoi protagonisti, un militante anomalo del partito comunista. Il suo rapporto con la propria omosessualità fu al centro del suo personaggio pubblico. Queste alcune delle cifre che saranno oggetto di analisi nel corso della nuova conversazione culturale, organizzata dal sodalizio culturale reggino, parteciperà in qualità di relatore Antonino Megale (vice Presidente del Circolo Culturale “L’Agorà”). Tenuto conto dei protocolli di sicurezza anti-contagio e dei risultati altalenanti della pandemia di COVID 19 e nel rispetto delle norme del DPCM del 24 ottobre 2020 la conversazione sarà disponibile, sulle varie piattaforme Social Network presenti nella rete, a far data dal 24 giugno.</p>
