{"id":31619,"date":"2017-09-27T17:37:18","date_gmt":"2017-09-27T17:37:18","guid":{"rendered":"https:\/\/www.youreporter.it\/video_neve_sullo_stelvio_e_gia_tempo_di_settimana_bianca\/"},"modified":"2017-09-27T17:37:18","modified_gmt":"2017-09-27T17:37:18","slug":"video_neve_sullo_stelvio_e_gia_tempo_di_settimana_bianca","status":"publish","type":"video","link":"https:\/\/www.youreporter.it\/video\/video_neve_sullo_stelvio_e_gia_tempo_di_settimana_bianca\/","title":{"rendered":"Neve sullo Stelvio, \u00e8 gi\u00e0 tempo di settimana bianca!"},"content":{"rendered":"<p>Sci ai piedi e gi\u00f9 in pista: nevicate abbondanti al passo dello Stelvio, sul valico pi\u00f9 alto d&#8217;Italia.<\/p>\n","protected":false},"author":5228,"featured_media":0,"comment_status":"closed","ping_status":"closed","template":"","categories":[1],"tags":[],"geo":[7173,7241,59],"class_list":{"0":"post-31619","1":"video","2":"type-video","3":"status-publish","5":"category-cronaca","6":"geo-bolzano","7":"geo-prato-allo-stelvio","8":"geo-trentino-alto-adige"},"acf":[],"_links":{"self":[{"href":"https:\/\/www.youreporter.it\/api\/wp\/v2\/video\/31619"}],"collection":[{"href":"https:\/\/www.youreporter.it\/api\/wp\/v2\/video"}],"about":[{"href":"https:\/\/www.youreporter.it\/api\/wp\/v2\/types\/video"}],"author":[{"embeddable":true,"href":"https:\/\/www.youreporter.it\/api\/wp\/v2\/users\/5228"}],"replies":[{"embeddable":true,"href":"https:\/\/www.youreporter.it\/api\/wp\/v2\/comments?post=31619"}],"version-history":[{"count":0,"href":"https:\/\/www.youreporter.it\/api\/wp\/v2\/video\/31619\/revisions"}],"wp:attachment":[{"href":"https:\/\/www.youreporter.it\/api\/wp\/v2\/media?parent=31619"}],"wp:term":[{"taxonomy":"category","embeddable":true,"href":"https:\/\/www.youreporter.it\/api\/wp\/v2\/categories?post=31619"},{"taxonomy":"post_tag","embeddable":true,"href":"https:\/\/www.youreporter.it\/api\/wp\/v2\/tags?post=31619"},{"taxonomy":"geo","embeddable":true,"href":"https:\/\/www.youreporter.it\/api\/wp\/v2\/geo?post=31619"}],"curies":[{"name":"wp","href":"https:\/\/api.w.org\/{rel}","templated":true}]}}

Neve sullo Stelvio, è già tempo di settimana bianca!

<p>Sci ai piedi e giù in pista: nevicate abbondanti al passo dello Stelvio, sul valico più alto d&#8217;Italia.</p>
