{"id":31581,"date":"2014-12-15T12:27:42","date_gmt":"2014-12-15T12:27:42","guid":{"rendered":"https:\/\/www.youreporter.it\/video_roma_no_tav_bloccano_treno_frecciarossa_a_ostiense\/"},"modified":"2014-12-15T12:27:42","modified_gmt":"2014-12-15T12:27:42","slug":"video_roma_no_tav_bloccano_treno_frecciarossa_a_ostiense","status":"publish","type":"video","link":"https:\/\/www.youreporter.it\/video\/video_roma_no_tav_bloccano_treno_frecciarossa_a_ostiense\/","title":{"rendered":"Roma: no tav bloccano treno Frecciarossa a Ostiense"},"content":{"rendered":"<p>Alcuni attivisti no tav hanno bloccato la partenza di un treno frecciarossa Roma-Torino in solidariet\u00e0 a Chiara, Claudio, Mattia e Niccol\u00f2, che nella giornata di mercoled\u00ec 17 saranno giudicati in primo grado al Tribunale di Torino con l&#8217;accusa di terrorismo, per la vicenda danneggiamento del compressore del cantiere di Chiomonte. Video no tav info<\/p>\n","protected":false},"author":5229,"featured_media":0,"comment_status":"closed","ping_status":"closed","template":"","categories":[1],"tags":[],"geo":[2254],"class_list":{"0":"post-31581","1":"video","2":"type-video","3":"status-publish","5":"category-cronaca","6":"geo-roma"},"acf":[],"_links":{"self":[{"href":"https:\/\/www.youreporter.it\/api\/wp\/v2\/video\/31581"}],"collection":[{"href":"https:\/\/www.youreporter.it\/api\/wp\/v2\/video"}],"about":[{"href":"https:\/\/www.youreporter.it\/api\/wp\/v2\/types\/video"}],"author":[{"embeddable":true,"href":"https:\/\/www.youreporter.it\/api\/wp\/v2\/users\/5229"}],"replies":[{"embeddable":true,"href":"https:\/\/www.youreporter.it\/api\/wp\/v2\/comments?post=31581"}],"version-history":[{"count":0,"href":"https:\/\/www.youreporter.it\/api\/wp\/v2\/video\/31581\/revisions"}],"wp:attachment":[{"href":"https:\/\/www.youreporter.it\/api\/wp\/v2\/media?parent=31581"}],"wp:term":[{"taxonomy":"category","embeddable":true,"href":"https:\/\/www.youreporter.it\/api\/wp\/v2\/categories?post=31581"},{"taxonomy":"post_tag","embeddable":true,"href":"https:\/\/www.youreporter.it\/api\/wp\/v2\/tags?post=31581"},{"taxonomy":"geo","embeddable":true,"href":"https:\/\/www.youreporter.it\/api\/wp\/v2\/geo?post=31581"}],"curies":[{"name":"wp","href":"https:\/\/api.w.org\/{rel}","templated":true}]}}

<p>Alcuni attivisti no tav hanno bloccato la partenza di un treno frecciarossa Roma-Torino in solidarietà a Chiara, Claudio, Mattia e Niccolò, che nella giornata di mercoledì 17 saranno giudicati in primo grado al Tribunale di Torino con l&#8217;accusa di terrorismo, per la vicenda danneggiamento del compressore del cantiere di Chiomonte. Video no tav info</p>
