{"id":30958,"date":"2015-07-03T09:43:52","date_gmt":"2015-07-03T09:43:52","guid":{"rendered":"https:\/\/www.youreporter.it\/video_isole_far_oer_il_massacro_delle_balene_pilota\/"},"modified":"2015-07-03T09:43:52","modified_gmt":"2015-07-03T09:43:52","slug":"video_isole_far_oer_il_massacro_delle_balene_pilota","status":"publish","type":"video","link":"https:\/\/www.youreporter.it\/video\/video_isole_far_oer_il_massacro_delle_balene_pilota\/","title":{"rendered":"Isole Far Oer, il massacro delle balene pilota"},"content":{"rendered":"<p>Pochi minuti e il mare diventa rosso, come il sangue delle balene pilota, massacrate in questo terribile video. Siamo a Hvannasund nel nord delle Isole Faer \u00d8er, dove i volontari di Sea Shepherd hanno girato queste violente immagini. I cacciatori uccidono i globicefali utilizzando persino un coltello, la &#8216;grindadr\u00e0p&#8217; ovvero la caccia delle balene \u00e8 una delle pi\u00f9 grandi risorse economiche delle Isole Faer \u00d8er.<br \/>\nVideo: Sea Shepherd<\/p>\n","protected":false},"author":5229,"featured_media":0,"comment_status":"closed","ping_status":"closed","template":"","categories":[1],"tags":[],"geo":[3629],"class_list":{"0":"post-30958","1":"video","2":"type-video","3":"status-publish","5":"category-cronaca","6":"geo-milano"},"acf":[],"_links":{"self":[{"href":"https:\/\/www.youreporter.it\/api\/wp\/v2\/video\/30958"}],"collection":[{"href":"https:\/\/www.youreporter.it\/api\/wp\/v2\/video"}],"about":[{"href":"https:\/\/www.youreporter.it\/api\/wp\/v2\/types\/video"}],"author":[{"embeddable":true,"href":"https:\/\/www.youreporter.it\/api\/wp\/v2\/users\/5229"}],"replies":[{"embeddable":true,"href":"https:\/\/www.youreporter.it\/api\/wp\/v2\/comments?post=30958"}],"version-history":[{"count":0,"href":"https:\/\/www.youreporter.it\/api\/wp\/v2\/video\/30958\/revisions"}],"wp:attachment":[{"href":"https:\/\/www.youreporter.it\/api\/wp\/v2\/media?parent=30958"}],"wp:term":[{"taxonomy":"category","embeddable":true,"href":"https:\/\/www.youreporter.it\/api\/wp\/v2\/categories?post=30958"},{"taxonomy":"post_tag","embeddable":true,"href":"https:\/\/www.youreporter.it\/api\/wp\/v2\/tags?post=30958"},{"taxonomy":"geo","embeddable":true,"href":"https:\/\/www.youreporter.it\/api\/wp\/v2\/geo?post=30958"}],"curies":[{"name":"wp","href":"https:\/\/api.w.org\/{rel}","templated":true}]}}

<p>Pochi minuti e il mare diventa rosso, come il sangue delle balene pilota, massacrate in questo terribile video. Siamo a Hvannasund nel nord delle Isole Faer Øer, dove i volontari di Sea Shepherd hanno girato queste violente immagini. I cacciatori uccidono i globicefali utilizzando persino un coltello, la &#8216;grindadràp&#8217; ovvero la caccia delle balene è una delle più grandi risorse economiche delle Isole Faer Øer.<br />
Video: Sea Shepherd</p>
