{"id":25622,"date":"2014-09-24T20:52:27","date_gmt":"2014-09-24T20:52:27","guid":{"rendered":"https:\/\/www.youreporter.it\/video_corcolle_non_siamo_razzisti_qualcuno_soffia_sul_fuoco\/"},"modified":"2014-09-24T20:52:27","modified_gmt":"2014-09-24T20:52:27","slug":"video_corcolle_non_siamo_razzisti_qualcuno_soffia_sul_fuoco","status":"publish","type":"video","link":"https:\/\/www.youreporter.it\/video\/video_corcolle_non_siamo_razzisti_qualcuno_soffia_sul_fuoco\/","title":{"rendered":"Corcolle (Rm): &#8221; Non siamo razzisti, qualcuno da fuori  soffia sul fuoco&#8221;"},"content":{"rendered":"<p>Cos\u00ec la gente di Corcolle che proprio non ci sta ad essere tacciata di razzismo.  &#8221; C&#8217;\u00e8 qualcuno che sta montando la vicenda degli immigrati arrivati qui qualche giorno fa. Per noi non sono un gran problema&#8221;. L&#8217;aria che si respira \u00e8 di una calma apparente ma solo perch\u00e8 si temono le iniziative di gruppi come quelli che hanno causato problemi di &#8216;ordine pubblico&#8217; (ronde, presidi etc) come quella che ha condotto alla caccia al nero di qualche giorno fa. Gli autobus continuano a transitare frequentemente, senza problemi, come sempre ma resta da stabilire cosa sia effettivamente accaduto tre giorni fa, quando si verific\u00f2 &#8220;l&#8217;assalto ai bus&#8221;. Da CARA, come si vede, poche uscite, bocche pi\u00f9 che cucite , in modo ermetico, anche da parte degli italiani, forse responsabili del sito. Nel frattempo \u00e8 partita una raccolta di firme per la &#8216;cacciata&#8217; degli immigrati e, contestualmente sono apparse scritte a spray sui muri contro quella presenza giudicata ingombrante. Scritte prontamente rimosse dal Nucleo Decoro Urbano del Comune.  Il risultato di questa atmosfera \u00e8 che gli immigrati rimangono &#8216;segregati&#8217; all&#8217;interno della palazzina grigia, nessuna parola e, qualcuno dice che per sabato si sta organizzando una manifestazione della destra. Le immagini sono di questa mattina, 24 settembre 2014. Rimane il presidio costante della Polizia ( e il viavai della stampa..). A proposito di immigrati, stasera &#8216;problemi&#8217; anche al CARA di Licenza<\/p>\n","protected":false},"author":5226,"featured_media":0,"comment_status":"closed","ping_status":"closed","template":"","categories":[1],"tags":[],"geo":[2254],"class_list":{"0":"post-25622","1":"video","2":"type-video","3":"status-publish","5":"category-cronaca","6":"geo-roma"},"acf":[],"_links":{"self":[{"href":"https:\/\/www.youreporter.it\/api\/wp\/v2\/video\/25622"}],"collection":[{"href":"https:\/\/www.youreporter.it\/api\/wp\/v2\/video"}],"about":[{"href":"https:\/\/www.youreporter.it\/api\/wp\/v2\/types\/video"}],"author":[{"embeddable":true,"href":"https:\/\/www.youreporter.it\/api\/wp\/v2\/users\/5226"}],"replies":[{"embeddable":true,"href":"https:\/\/www.youreporter.it\/api\/wp\/v2\/comments?post=25622"}],"version-history":[{"count":0,"href":"https:\/\/www.youreporter.it\/api\/wp\/v2\/video\/25622\/revisions"}],"wp:attachment":[{"href":"https:\/\/www.youreporter.it\/api\/wp\/v2\/media?parent=25622"}],"wp:term":[{"taxonomy":"category","embeddable":true,"href":"https:\/\/www.youreporter.it\/api\/wp\/v2\/categories?post=25622"},{"taxonomy":"post_tag","embeddable":true,"href":"https:\/\/www.youreporter.it\/api\/wp\/v2\/tags?post=25622"},{"taxonomy":"geo","embeddable":true,"href":"https:\/\/www.youreporter.it\/api\/wp\/v2\/geo?post=25622"}],"curies":[{"name":"wp","href":"https:\/\/api.w.org\/{rel}","templated":true}]}}

<p>Così la gente di Corcolle che proprio non ci sta ad essere tacciata di razzismo.  &#8221; C&#8217;è qualcuno che sta montando la vicenda degli immigrati arrivati qui qualche giorno fa. Per noi non sono un gran problema&#8221;. L&#8217;aria che si respira è di una calma apparente ma solo perchè si temono le iniziative di gruppi come quelli che hanno causato problemi di &#8216;ordine pubblico&#8217; (ronde, presidi etc) come quella che ha condotto alla caccia al nero di qualche giorno fa. Gli autobus continuano a transitare frequentemente, senza problemi, come sempre ma resta da stabilire cosa sia effettivamente accaduto tre giorni fa, quando si verificò &#8220;l&#8217;assalto ai bus&#8221;. Da CARA, come si vede, poche uscite, bocche più che cucite , in modo ermetico, anche da parte degli italiani, forse responsabili del sito. Nel frattempo è partita una raccolta di firme per la &#8216;cacciata&#8217; degli immigrati e, contestualmente sono apparse scritte a spray sui muri contro quella presenza giudicata ingombrante. Scritte prontamente rimosse dal Nucleo Decoro Urbano del Comune.  Il risultato di questa atmosfera è che gli immigrati rimangono &#8216;segregati&#8217; all&#8217;interno della palazzina grigia, nessuna parola e, qualcuno dice che per sabato si sta organizzando una manifestazione della destra. Le immagini sono di questa mattina, 24 settembre 2014. Rimane il presidio costante della Polizia ( e il viavai della stampa..). A proposito di immigrati, stasera &#8216;problemi&#8217; anche al CARA di Licenza</p>
