{"id":25411,"date":"2014-12-07T05:29:08","date_gmt":"2014-12-07T05:29:08","guid":{"rendered":"https:\/\/www.youreporter.it\/video_vertenza_coop_al_centro_tiburtino_siamo_alla_resa_dei_conti\/"},"modified":"2014-12-07T05:29:08","modified_gmt":"2014-12-07T05:29:08","slug":"video_vertenza_coop_al_centro_tiburtino_siamo_alla_resa_dei_conti","status":"publish","type":"video","link":"https:\/\/www.youreporter.it\/video\/video_vertenza_coop_al_centro_tiburtino_siamo_alla_resa_dei_conti\/","title":{"rendered":"Vertenza Coop al Centro Tiburtino: siamo alla resa dei conti"},"content":{"rendered":"<p>Le decisioni sul destino del punto vendita Coop al Centro Commerciale Tiburtino erano solo state rinviate ma ora siamo arrivati al dunque. La propriet\u00e0, Coop Tirreno, avrebbe piani di &#8216;diversa destinazione&#8217; del sito.  Mesi fa pareva essere in ballo un acquirente ( una grossa catena si supermercati) che per\u00f2  non sarebbe pi\u00f9 interessata all&#8217;acquisto. Si \u00e8 arrivati ad un &#8216;passaggio di mano&#8217; presso una cooperativa differente che per\u00f2 ha posto, in un documento\/bozza ancora ufficioso, paletti molto stretti. I dipendenti? Ascoltiamo quanto dicono in una riunione informale, seduti\/e ad un tavolino, tra un caff\u00e8 ed un cornetto &#8221; Non \u00e8 giusto che diritti riconosciuti ed applicati secondo norma, anzi al di sotto di quanto le norme stesse prevedano, come ad esempio la malattia,   vengano considerate come &#8220;..insostenibili&#8221; da parte del nuovo acquirente. E cos\u00ec anche parti della bozza in questione, in cui orari e trattamenti vengono stabiliti secondo metodi che ci umiliano, come persone e come dipendenti&#8221;. Ed ancora: &#8221; Eravamo circa 90 dipendenti, ora siano meno della met\u00e0, per gestire un&#8217;area vendita enorme, Ogni dipendente diviso tra pi\u00f9 reparti, \u00e8 normale che questa situazione crei incidenti sul lavoro, importanti o meno, quasi tutti i giorni&#8221; La tensione si avverte forte e nei prossimi giorni avremo notizie pi\u00f9 chiare su nomi ed eventi che, al momento, non \u00e8 opportuno specificare. Immagini &#8216;criptate&#8217; sugli appunti..<\/p>\n","protected":false},"author":5226,"featured_media":0,"comment_status":"closed","ping_status":"closed","template":"","categories":[1],"tags":[],"geo":[2305,49,2254],"class_list":{"0":"post-25411","1":"video","2":"type-video","3":"status-publish","5":"category-cronaca","6":"geo-guidonia-montecelio","7":"geo-lazio","8":"geo-roma"},"acf":[],"_links":{"self":[{"href":"https:\/\/www.youreporter.it\/api\/wp\/v2\/video\/25411"}],"collection":[{"href":"https:\/\/www.youreporter.it\/api\/wp\/v2\/video"}],"about":[{"href":"https:\/\/www.youreporter.it\/api\/wp\/v2\/types\/video"}],"author":[{"embeddable":true,"href":"https:\/\/www.youreporter.it\/api\/wp\/v2\/users\/5226"}],"replies":[{"embeddable":true,"href":"https:\/\/www.youreporter.it\/api\/wp\/v2\/comments?post=25411"}],"version-history":[{"count":0,"href":"https:\/\/www.youreporter.it\/api\/wp\/v2\/video\/25411\/revisions"}],"wp:attachment":[{"href":"https:\/\/www.youreporter.it\/api\/wp\/v2\/media?parent=25411"}],"wp:term":[{"taxonomy":"category","embeddable":true,"href":"https:\/\/www.youreporter.it\/api\/wp\/v2\/categories?post=25411"},{"taxonomy":"post_tag","embeddable":true,"href":"https:\/\/www.youreporter.it\/api\/wp\/v2\/tags?post=25411"},{"taxonomy":"geo","embeddable":true,"href":"https:\/\/www.youreporter.it\/api\/wp\/v2\/geo?post=25411"}],"curies":[{"name":"wp","href":"https:\/\/api.w.org\/{rel}","templated":true}]}}

<p>Le decisioni sul destino del punto vendita Coop al Centro Commerciale Tiburtino erano solo state rinviate ma ora siamo arrivati al dunque. La proprietà, Coop Tirreno, avrebbe piani di &#8216;diversa destinazione&#8217; del sito.  Mesi fa pareva essere in ballo un acquirente ( una grossa catena si supermercati) che però  non sarebbe più interessata all&#8217;acquisto. Si è arrivati ad un &#8216;passaggio di mano&#8217; presso una cooperativa differente che però ha posto, in un documento/bozza ancora ufficioso, paletti molto stretti. I dipendenti? Ascoltiamo quanto dicono in una riunione informale, seduti/e ad un tavolino, tra un caffè ed un cornetto &#8221; Non è giusto che diritti riconosciuti ed applicati secondo norma, anzi al di sotto di quanto le norme stesse prevedano, come ad esempio la malattia,   vengano considerate come &#8220;..insostenibili&#8221; da parte del nuovo acquirente. E così anche parti della bozza in questione, in cui orari e trattamenti vengono stabiliti secondo metodi che ci umiliano, come persone e come dipendenti&#8221;. Ed ancora: &#8221; Eravamo circa 90 dipendenti, ora siano meno della metà, per gestire un&#8217;area vendita enorme, Ogni dipendente diviso tra più reparti, è normale che questa situazione crei incidenti sul lavoro, importanti o meno, quasi tutti i giorni&#8221; La tensione si avverte forte e nei prossimi giorni avremo notizie più chiare su nomi ed eventi che, al momento, non è opportuno specificare. Immagini &#8216;criptate&#8217; sugli appunti..</p>
