{"id":25371,"date":"2015-01-09T01:53:56","date_gmt":"2015-01-09T01:53:56","guid":{"rendered":"https:\/\/www.youreporter.it\/video_tivoli_chiude_il_campo_rom_a_stacchini_si_no_forse_v\/"},"modified":"2015-01-09T01:53:56","modified_gmt":"2015-01-09T01:53:56","slug":"video_tivoli_chiude_il_campo_rom_a_stacchini_si_no_forse_v","status":"publish","type":"video","link":"https:\/\/www.youreporter.it\/video\/video_tivoli_chiude_il_campo_rom_a_stacchini_si_no_forse_v\/","title":{"rendered":"Tivoli. Chiude il campo rom &#8216;siculo&#8217; a Stacchini? Si, no, forse (V)"},"content":{"rendered":"<p>Immagini corsare..Il giorno &#8216;X&#8217; sarebbe il 9 gennaio 2015, proprio lo stesso di cui si parla da qualche tempo come la data in cui sarebbe stato firmato l&#8217;accordo con la nuova propriet\u00e0 interessata all&#8217;ex polverificio Stacchini e proprio come il giorno in cui sarebbe iniziato, dopo (le voci parlavano di questo, ma nulla di ufficiale) un accordo tra la Polizia Locale e gli abitanti del settore dei &#8220;siciliani&#8221;  dell&#8217;area antistante  Stacchini. Una specie di D-Day insomma. Abbiamo chiesto una conferma da qualcuno, autorevole, di Palazzo San Bernardino. La risposta \u00e8 desolante:&#8221;.. in Comune non ci sono conferme..&#8221;. Benissimo&#8230; Il filmato che propongo \u00e8 di questa sera, tardi, una incursione in auto, lenta ma non troppo, proprio nei pressi del &#8216;campo dei siciliani&#8217;: presenze nettamente diminuite ma ancora nutrita ed attiva. Nel frattempo, un&#8217;ora prima c&#8217;\u00e8 stata una baruffa al campo principale: \u00e8 dovuta intervenire un&#8217;ambulanza \u00e8 qualcuno gira ora con vistosi cerotti sulla testa. Si vede che sono volate legnate. Lo dicevo, la tensione sale. Domattina comunque un salto lo facciamo li<\/p>\n","protected":false},"author":5226,"featured_media":0,"comment_status":"closed","ping_status":"closed","template":"","categories":[1],"tags":[],"geo":[49,2254,2365],"class_list":{"0":"post-25371","1":"video","2":"type-video","3":"status-publish","5":"category-cronaca","6":"geo-lazio","7":"geo-roma","8":"geo-tivoli"},"acf":[],"_links":{"self":[{"href":"https:\/\/www.youreporter.it\/api\/wp\/v2\/video\/25371"}],"collection":[{"href":"https:\/\/www.youreporter.it\/api\/wp\/v2\/video"}],"about":[{"href":"https:\/\/www.youreporter.it\/api\/wp\/v2\/types\/video"}],"author":[{"embeddable":true,"href":"https:\/\/www.youreporter.it\/api\/wp\/v2\/users\/5226"}],"replies":[{"embeddable":true,"href":"https:\/\/www.youreporter.it\/api\/wp\/v2\/comments?post=25371"}],"version-history":[{"count":0,"href":"https:\/\/www.youreporter.it\/api\/wp\/v2\/video\/25371\/revisions"}],"wp:attachment":[{"href":"https:\/\/www.youreporter.it\/api\/wp\/v2\/media?parent=25371"}],"wp:term":[{"taxonomy":"category","embeddable":true,"href":"https:\/\/www.youreporter.it\/api\/wp\/v2\/categories?post=25371"},{"taxonomy":"post_tag","embeddable":true,"href":"https:\/\/www.youreporter.it\/api\/wp\/v2\/tags?post=25371"},{"taxonomy":"geo","embeddable":true,"href":"https:\/\/www.youreporter.it\/api\/wp\/v2\/geo?post=25371"}],"curies":[{"name":"wp","href":"https:\/\/api.w.org\/{rel}","templated":true}]}}

<p>Immagini corsare..Il giorno &#8216;X&#8217; sarebbe il 9 gennaio 2015, proprio lo stesso di cui si parla da qualche tempo come la data in cui sarebbe stato firmato l&#8217;accordo con la nuova proprietà interessata all&#8217;ex polverificio Stacchini e proprio come il giorno in cui sarebbe iniziato, dopo (le voci parlavano di questo, ma nulla di ufficiale) un accordo tra la Polizia Locale e gli abitanti del settore dei &#8220;siciliani&#8221;  dell&#8217;area antistante  Stacchini. Una specie di D-Day insomma. Abbiamo chiesto una conferma da qualcuno, autorevole, di Palazzo San Bernardino. La risposta è desolante:&#8221;.. in Comune non ci sono conferme..&#8221;. Benissimo&#8230; Il filmato che propongo è di questa sera, tardi, una incursione in auto, lenta ma non troppo, proprio nei pressi del &#8216;campo dei siciliani&#8217;: presenze nettamente diminuite ma ancora nutrita ed attiva. Nel frattempo, un&#8217;ora prima c&#8217;è stata una baruffa al campo principale: è dovuta intervenire un&#8217;ambulanza è qualcuno gira ora con vistosi cerotti sulla testa. Si vede che sono volate legnate. Lo dicevo, la tensione sale. Domattina comunque un salto lo facciamo li</p>
