{"id":25363,"date":"2015-01-12T21:09:49","date_gmt":"2015-01-12T21:09:49","guid":{"rendered":"https:\/\/www.youreporter.it\/video_tivoli_terme_rifiuti_di_tre_giorni_si_butta_di_tutto_v\/"},"modified":"2015-01-12T21:09:49","modified_gmt":"2015-01-12T21:09:49","slug":"video_tivoli_terme_rifiuti_di_tre_giorni_si_butta_di_tutto_v","status":"publish","type":"video","link":"https:\/\/www.youreporter.it\/video\/video_tivoli_terme_rifiuti_di_tre_giorni_si_butta_di_tutto_v\/","title":{"rendered":"Tivoli Terme: rifiuti di tre giorni, si butta di tutto (V)"},"content":{"rendered":"<p>La continuazione (video) del filmato di ieri, domenica 11 gennaio 2015.  Sempre al sito dell&#8217;asilo. I rifiuti non sono raccolti da tre giorni ma lo sversamento selvaggio, senza regole, senza civilt\u00e0, senza faccia, \u00e8 continuato, ignorando completamente differenziata, campane e tutto il resto. Il frigorifero che avevamo filmato ieri \u00e8 ancora li ma ha solo cambiato posizione rispetto ai cassonetti. Di questo passo non si va da nessuna parte<\/p>\n","protected":false},"author":5226,"featured_media":0,"comment_status":"closed","ping_status":"closed","template":"","categories":[1],"tags":[],"geo":[49,2254,2365],"class_list":{"0":"post-25363","1":"video","2":"type-video","3":"status-publish","5":"category-cronaca","6":"geo-lazio","7":"geo-roma","8":"geo-tivoli"},"acf":[],"_links":{"self":[{"href":"https:\/\/www.youreporter.it\/api\/wp\/v2\/video\/25363"}],"collection":[{"href":"https:\/\/www.youreporter.it\/api\/wp\/v2\/video"}],"about":[{"href":"https:\/\/www.youreporter.it\/api\/wp\/v2\/types\/video"}],"author":[{"embeddable":true,"href":"https:\/\/www.youreporter.it\/api\/wp\/v2\/users\/5226"}],"replies":[{"embeddable":true,"href":"https:\/\/www.youreporter.it\/api\/wp\/v2\/comments?post=25363"}],"version-history":[{"count":0,"href":"https:\/\/www.youreporter.it\/api\/wp\/v2\/video\/25363\/revisions"}],"wp:attachment":[{"href":"https:\/\/www.youreporter.it\/api\/wp\/v2\/media?parent=25363"}],"wp:term":[{"taxonomy":"category","embeddable":true,"href":"https:\/\/www.youreporter.it\/api\/wp\/v2\/categories?post=25363"},{"taxonomy":"post_tag","embeddable":true,"href":"https:\/\/www.youreporter.it\/api\/wp\/v2\/tags?post=25363"},{"taxonomy":"geo","embeddable":true,"href":"https:\/\/www.youreporter.it\/api\/wp\/v2\/geo?post=25363"}],"curies":[{"name":"wp","href":"https:\/\/api.w.org\/{rel}","templated":true}]}}

<p>La continuazione (video) del filmato di ieri, domenica 11 gennaio 2015.  Sempre al sito dell&#8217;asilo. I rifiuti non sono raccolti da tre giorni ma lo sversamento selvaggio, senza regole, senza civiltà, senza faccia, è continuato, ignorando completamente differenziata, campane e tutto il resto. Il frigorifero che avevamo filmato ieri è ancora li ma ha solo cambiato posizione rispetto ai cassonetti. Di questo passo non si va da nessuna parte</p>
