{"id":25332,"date":"2015-01-25T05:16:47","date_gmt":"2015-01-25T05:16:47","guid":{"rendered":"https:\/\/www.youreporter.it\/video_i_grillini_e_la_notte_dell_onesta_comincia_la_kermesse_v\/"},"modified":"2015-01-25T05:16:47","modified_gmt":"2015-01-25T05:16:47","slug":"video_i_grillini_e_la_notte_dell_onesta_comincia_la_kermesse_v","status":"publish","type":"video","link":"https:\/\/www.youreporter.it\/video\/video_i_grillini_e_la_notte_dell_onesta_comincia_la_kermesse_v\/","title":{"rendered":"I Grillini e la Notte dell&#8217;Onest\u00e0: comincia la kermesse (V)"},"content":{"rendered":"<p>Piazza del Popolo a Roma . Non si pu\u00f2 definire colma ( ce ne vuole eh..) ma molte decine di persone c&#8217;erano. Contro tutte le mafie e le illegalit\u00e0, a partire da Mafia Capitale fino alla Mafia Mafia sicula. Prime fasi della serata. Peccato: niente accrediti stampa per nessuno e questo ha influito sulla qualit\u00e0 delle immagini.<\/p>\n","protected":false},"author":5226,"featured_media":0,"comment_status":"closed","ping_status":"closed","template":"","categories":[1],"tags":[],"geo":[2254],"class_list":{"0":"post-25332","1":"video","2":"type-video","3":"status-publish","5":"category-cronaca","6":"geo-roma"},"acf":[],"_links":{"self":[{"href":"https:\/\/www.youreporter.it\/api\/wp\/v2\/video\/25332"}],"collection":[{"href":"https:\/\/www.youreporter.it\/api\/wp\/v2\/video"}],"about":[{"href":"https:\/\/www.youreporter.it\/api\/wp\/v2\/types\/video"}],"author":[{"embeddable":true,"href":"https:\/\/www.youreporter.it\/api\/wp\/v2\/users\/5226"}],"replies":[{"embeddable":true,"href":"https:\/\/www.youreporter.it\/api\/wp\/v2\/comments?post=25332"}],"version-history":[{"count":0,"href":"https:\/\/www.youreporter.it\/api\/wp\/v2\/video\/25332\/revisions"}],"wp:attachment":[{"href":"https:\/\/www.youreporter.it\/api\/wp\/v2\/media?parent=25332"}],"wp:term":[{"taxonomy":"category","embeddable":true,"href":"https:\/\/www.youreporter.it\/api\/wp\/v2\/categories?post=25332"},{"taxonomy":"post_tag","embeddable":true,"href":"https:\/\/www.youreporter.it\/api\/wp\/v2\/tags?post=25332"},{"taxonomy":"geo","embeddable":true,"href":"https:\/\/www.youreporter.it\/api\/wp\/v2\/geo?post=25332"}],"curies":[{"name":"wp","href":"https:\/\/api.w.org\/{rel}","templated":true}]}}

I Grillini e la Notte dell&#8217;Onestà: comincia la kermesse (V)

<p>Piazza del Popolo a Roma . Non si può definire colma ( ce ne vuole eh..) ma molte decine di persone c&#8217;erano. Contro tutte le mafie e le illegalità, a partire da Mafia Capitale fino alla Mafia Mafia sicula. Prime fasi della serata. Peccato: niente accrediti stampa per nessuno e questo ha influito sulla qualità delle immagini.</p>
