{"id":25303,"date":"2015-01-31T21:30:59","date_gmt":"2015-01-31T21:30:59","guid":{"rendered":"https:\/\/www.youreporter.it\/video_ilivello_aniene_presso_pontelucano_piu_basso_ma_preoccupa\/"},"modified":"2015-01-31T21:30:59","modified_gmt":"2015-01-31T21:30:59","slug":"video_ilivello_aniene_presso_pontelucano_piu_basso_ma_preoccupa","status":"publish","type":"video","link":"https:\/\/www.youreporter.it\/video\/video_ilivello_aniene_presso_pontelucano_piu_basso_ma_preoccupa\/","title":{"rendered":"Il livello dell&#8217;Aniene presso Pontelucano pi\u00f9 basso ma preoccupa ancora"},"content":{"rendered":"<p>Oggi si rivede la barra di livello idrico e la schiuma che ieri era presente in gran quantit\u00e0 \u00e8 sparita, defluita verso il Tevere, a Roma. Ma la portata \u00e8 ancora preoccupante e si tengono d&#8217;occhio le previsioni meteo. A dragarlo pare brutto, ovvio..<\/p>\n","protected":false},"author":5226,"featured_media":0,"comment_status":"closed","ping_status":"closed","template":"","categories":[1],"tags":[],"geo":[49,2254,2365],"class_list":{"0":"post-25303","1":"video","2":"type-video","3":"status-publish","5":"category-cronaca","6":"geo-lazio","7":"geo-roma","8":"geo-tivoli"},"acf":[],"_links":{"self":[{"href":"https:\/\/www.youreporter.it\/api\/wp\/v2\/video\/25303"}],"collection":[{"href":"https:\/\/www.youreporter.it\/api\/wp\/v2\/video"}],"about":[{"href":"https:\/\/www.youreporter.it\/api\/wp\/v2\/types\/video"}],"author":[{"embeddable":true,"href":"https:\/\/www.youreporter.it\/api\/wp\/v2\/users\/5226"}],"replies":[{"embeddable":true,"href":"https:\/\/www.youreporter.it\/api\/wp\/v2\/comments?post=25303"}],"version-history":[{"count":0,"href":"https:\/\/www.youreporter.it\/api\/wp\/v2\/video\/25303\/revisions"}],"wp:attachment":[{"href":"https:\/\/www.youreporter.it\/api\/wp\/v2\/media?parent=25303"}],"wp:term":[{"taxonomy":"category","embeddable":true,"href":"https:\/\/www.youreporter.it\/api\/wp\/v2\/categories?post=25303"},{"taxonomy":"post_tag","embeddable":true,"href":"https:\/\/www.youreporter.it\/api\/wp\/v2\/tags?post=25303"},{"taxonomy":"geo","embeddable":true,"href":"https:\/\/www.youreporter.it\/api\/wp\/v2\/geo?post=25303"}],"curies":[{"name":"wp","href":"https:\/\/api.w.org\/{rel}","templated":true}]}}

Il livello dell&#8217;Aniene presso Pontelucano più basso ma preoccupa ancora

<p>Oggi si rivede la barra di livello idrico e la schiuma che ieri era presente in gran quantità è sparita, defluita verso il Tevere, a Roma. Ma la portata è ancora preoccupante e si tengono d&#8217;occhio le previsioni meteo. A dragarlo pare brutto, ovvio..</p>
