{"id":25287,"date":"2015-02-15T00:58:58","date_gmt":"2015-02-15T00:58:58","guid":{"rendered":"https:\/\/www.youreporter.it\/video_roma_con_tsipras_e_contro_l_austeriti_v3\/"},"modified":"2015-02-15T00:58:58","modified_gmt":"2015-02-15T00:58:58","slug":"video_roma_con_tsipras_e_contro_l_austeriti_v3","status":"publish","type":"video","link":"https:\/\/www.youreporter.it\/video\/video_roma_con_tsipras_e_contro_l_austeriti_v3\/","title":{"rendered":"Roma: con Tsipras e contro l&#8217;austerit\u00e0 (V3)"},"content":{"rendered":"<p>Altre fasi della affollata manifestazione che si \u00e8 tenuta oggi a Roma in solidariet\u00e0 alla Grecia di Tsipras e contro l&#8217;austerit\u00e0<\/p>\n","protected":false},"author":5226,"featured_media":0,"comment_status":"closed","ping_status":"closed","template":"","categories":[1],"tags":[],"geo":[2254],"class_list":{"0":"post-25287","1":"video","2":"type-video","3":"status-publish","5":"category-cronaca","6":"geo-roma"},"acf":[],"_links":{"self":[{"href":"https:\/\/www.youreporter.it\/api\/wp\/v2\/video\/25287"}],"collection":[{"href":"https:\/\/www.youreporter.it\/api\/wp\/v2\/video"}],"about":[{"href":"https:\/\/www.youreporter.it\/api\/wp\/v2\/types\/video"}],"author":[{"embeddable":true,"href":"https:\/\/www.youreporter.it\/api\/wp\/v2\/users\/5226"}],"replies":[{"embeddable":true,"href":"https:\/\/www.youreporter.it\/api\/wp\/v2\/comments?post=25287"}],"version-history":[{"count":0,"href":"https:\/\/www.youreporter.it\/api\/wp\/v2\/video\/25287\/revisions"}],"wp:attachment":[{"href":"https:\/\/www.youreporter.it\/api\/wp\/v2\/media?parent=25287"}],"wp:term":[{"taxonomy":"category","embeddable":true,"href":"https:\/\/www.youreporter.it\/api\/wp\/v2\/categories?post=25287"},{"taxonomy":"post_tag","embeddable":true,"href":"https:\/\/www.youreporter.it\/api\/wp\/v2\/tags?post=25287"},{"taxonomy":"geo","embeddable":true,"href":"https:\/\/www.youreporter.it\/api\/wp\/v2\/geo?post=25287"}],"curies":[{"name":"wp","href":"https:\/\/api.w.org\/{rel}","templated":true}]}}

Roma: con Tsipras e contro l&#8217;austerità (V3)

<p>Altre fasi della affollata manifestazione che si è tenuta oggi a Roma in solidarietà alla Grecia di Tsipras e contro l&#8217;austerità</p>
