{"id":25086,"date":"2015-05-05T19:42:59","date_gmt":"2015-05-05T19:42:59","guid":{"rendered":"https:\/\/www.youreporter.it\/video_sciopero_scuola_a_roma_servizio_d_ordine_vs_striscione\/"},"modified":"2015-05-05T19:42:59","modified_gmt":"2015-05-05T19:42:59","slug":"video_sciopero_scuola_a_roma_servizio_d_ordine_vs_striscione","status":"publish","type":"video","link":"https:\/\/www.youreporter.it\/video\/video_sciopero_scuola_a_roma_servizio_d_ordine_vs_striscione\/","title":{"rendered":"Sciopero  Scuola a Roma: Servizio d&#8217;Ordine contro Striscione"},"content":{"rendered":"<p>Alcuni manifestanti, in modo pacifico cercavano di esporre il loro striscione sul Palco di Piazza del Popolo. E&#8217; scattato il servizio d&#8217;ordine che, con metodi &#8216;bruschi&#8217; ha cercato di impedire l&#8217;accesso e l&#8217;esposizione. Ne \u00e8 nato un parapiglia . Alla fine lo striscione \u00e8 stato esposto ma sulla rampa del palco il &#8216;dibattito&#8217; \u00e8 continuato con toni accesi<\/p>\n","protected":false},"author":5226,"featured_media":0,"comment_status":"closed","ping_status":"closed","template":"","categories":[1],"tags":[],"geo":[2254],"class_list":{"0":"post-25086","1":"video","2":"type-video","3":"status-publish","5":"category-cronaca","6":"geo-roma"},"acf":[],"_links":{"self":[{"href":"https:\/\/www.youreporter.it\/api\/wp\/v2\/video\/25086"}],"collection":[{"href":"https:\/\/www.youreporter.it\/api\/wp\/v2\/video"}],"about":[{"href":"https:\/\/www.youreporter.it\/api\/wp\/v2\/types\/video"}],"author":[{"embeddable":true,"href":"https:\/\/www.youreporter.it\/api\/wp\/v2\/users\/5226"}],"replies":[{"embeddable":true,"href":"https:\/\/www.youreporter.it\/api\/wp\/v2\/comments?post=25086"}],"version-history":[{"count":0,"href":"https:\/\/www.youreporter.it\/api\/wp\/v2\/video\/25086\/revisions"}],"wp:attachment":[{"href":"https:\/\/www.youreporter.it\/api\/wp\/v2\/media?parent=25086"}],"wp:term":[{"taxonomy":"category","embeddable":true,"href":"https:\/\/www.youreporter.it\/api\/wp\/v2\/categories?post=25086"},{"taxonomy":"post_tag","embeddable":true,"href":"https:\/\/www.youreporter.it\/api\/wp\/v2\/tags?post=25086"},{"taxonomy":"geo","embeddable":true,"href":"https:\/\/www.youreporter.it\/api\/wp\/v2\/geo?post=25086"}],"curies":[{"name":"wp","href":"https:\/\/api.w.org\/{rel}","templated":true}]}}

<p>Alcuni manifestanti, in modo pacifico cercavano di esporre il loro striscione sul Palco di Piazza del Popolo. E&#8217; scattato il servizio d&#8217;ordine che, con metodi &#8216;bruschi&#8217; ha cercato di impedire l&#8217;accesso e l&#8217;esposizione. Ne è nato un parapiglia . Alla fine lo striscione è stato esposto ma sulla rampa del palco il &#8216;dibattito&#8217; è continuato con toni accesi</p>
