{"id":25030,"date":"2015-05-23T19:22:23","date_gmt":"2015-05-23T19:22:23","guid":{"rendered":"https:\/\/www.youreporter.it\/video_roma_al_carnevale_africano_pannella_tiene_il_ritmo_fumando\/"},"modified":"2015-05-23T19:22:23","modified_gmt":"2015-05-23T19:22:23","slug":"video_roma_al_carnevale_africano_pannella_tiene_il_ritmo_fumando","status":"publish","type":"video","link":"https:\/\/www.youreporter.it\/video\/video_roma_al_carnevale_africano_pannella_tiene_il_ritmo_fumando\/","title":{"rendered":"Roma, al Carnevale Africano, Pannella tiene il ritmo, fumando, ovvio"},"content":{"rendered":"<p>Organizzato dal  Movimento Africani in Italia , patrocinato dal CSV e dal Comune di Roma, \u00e8 alla sua prima edizione. La seconda parte, quella pi\u00f9 &#8216;animata&#8217; si \u00e8 svolta presso i giardini di Piazza Vittorio, la piazza multietnica per eccellenza. Ospite speciale era un Marco Pannella felicissimo e commosso. Al termine verr\u00e0 premiato e nominato &#8216;Re Africano&#8217;. Nonostante l&#8217;et\u00e0 e qualche acciacco di salute, Marco ha sempre seguito i ritmi e il giro festoso attorno alla Piazza<\/p>\n","protected":false},"author":5226,"featured_media":0,"comment_status":"closed","ping_status":"closed","template":"","categories":[1],"tags":[],"geo":[2254],"class_list":{"0":"post-25030","1":"video","2":"type-video","3":"status-publish","5":"category-cronaca","6":"geo-roma"},"acf":[],"_links":{"self":[{"href":"https:\/\/www.youreporter.it\/api\/wp\/v2\/video\/25030"}],"collection":[{"href":"https:\/\/www.youreporter.it\/api\/wp\/v2\/video"}],"about":[{"href":"https:\/\/www.youreporter.it\/api\/wp\/v2\/types\/video"}],"author":[{"embeddable":true,"href":"https:\/\/www.youreporter.it\/api\/wp\/v2\/users\/5226"}],"replies":[{"embeddable":true,"href":"https:\/\/www.youreporter.it\/api\/wp\/v2\/comments?post=25030"}],"version-history":[{"count":0,"href":"https:\/\/www.youreporter.it\/api\/wp\/v2\/video\/25030\/revisions"}],"wp:attachment":[{"href":"https:\/\/www.youreporter.it\/api\/wp\/v2\/media?parent=25030"}],"wp:term":[{"taxonomy":"category","embeddable":true,"href":"https:\/\/www.youreporter.it\/api\/wp\/v2\/categories?post=25030"},{"taxonomy":"post_tag","embeddable":true,"href":"https:\/\/www.youreporter.it\/api\/wp\/v2\/tags?post=25030"},{"taxonomy":"geo","embeddable":true,"href":"https:\/\/www.youreporter.it\/api\/wp\/v2\/geo?post=25030"}],"curies":[{"name":"wp","href":"https:\/\/api.w.org\/{rel}","templated":true}]}}

<p>Organizzato dal  Movimento Africani in Italia , patrocinato dal CSV e dal Comune di Roma, è alla sua prima edizione. La seconda parte, quella più &#8216;animata&#8217; si è svolta presso i giardini di Piazza Vittorio, la piazza multietnica per eccellenza. Ospite speciale era un Marco Pannella felicissimo e commosso. Al termine verrà premiato e nominato &#8216;Re Africano&#8217;. Nonostante l&#8217;età e qualche acciacco di salute, Marco ha sempre seguito i ritmi e il giro festoso attorno alla Piazza</p>
