{"id":24937,"date":"2015-06-14T05:05:31","date_gmt":"2015-06-14T05:05:31","guid":{"rendered":"https:\/\/www.youreporter.it\/video_roma_pride_2015_short_movie\/"},"modified":"2015-06-14T05:05:31","modified_gmt":"2015-06-14T05:05:31","slug":"video_roma_pride_2015_short_movie","status":"publish","type":"video","link":"https:\/\/www.youreporter.it\/video\/video_roma_pride_2015_short_movie\/","title":{"rendered":"Roma Pride 2015: short movie"},"content":{"rendered":"<p>Le fasi &#8216;topiche&#8217; le troverete in post dedicati. Giornata nuvolosa ma torrida, tant&#8217;\u00e8 che l&#8217;organizzazione ha fatto uso di un mega-nebulizzatore. Partiti da Piazza Esedra verso le 16, il lungo serpentone ha raggiunto Piazza Venezia. Molto buona la partecipazione. L&#8217;atmosfera \u00e8 stata quella classica: colori, carri tematici, megawatt di musica, moltissimi\/e che danzavano. Quello che attira sempre l&#8217;attenzione \u00e8 la estrema &#8216;vivacit\u00e0 cromatica&#8217; sia di acconciature che di abbigliamenti. L&#8217;edizione di quest&#8217;anno \u00e8 stata improntata al tema dei Diritti Civili, l&#8217;uguaglianza appunto che deve essere norma legiferata ed applicata anche alla &#8216;galassia LGBT&#8217;. Madrina Federica Sciarelli. Presenti anche Nichi Vendola, Vladimir Luxuria, Ignazio Marino e parte della sua giunta capitolina. Un evento riuscito in pieno<\/p>\n","protected":false},"author":5226,"featured_media":0,"comment_status":"closed","ping_status":"closed","template":"","categories":[1],"tags":[],"geo":[2254],"class_list":{"0":"post-24937","1":"video","2":"type-video","3":"status-publish","5":"category-cronaca","6":"geo-roma"},"acf":[],"_links":{"self":[{"href":"https:\/\/www.youreporter.it\/api\/wp\/v2\/video\/24937"}],"collection":[{"href":"https:\/\/www.youreporter.it\/api\/wp\/v2\/video"}],"about":[{"href":"https:\/\/www.youreporter.it\/api\/wp\/v2\/types\/video"}],"author":[{"embeddable":true,"href":"https:\/\/www.youreporter.it\/api\/wp\/v2\/users\/5226"}],"replies":[{"embeddable":true,"href":"https:\/\/www.youreporter.it\/api\/wp\/v2\/comments?post=24937"}],"version-history":[{"count":0,"href":"https:\/\/www.youreporter.it\/api\/wp\/v2\/video\/24937\/revisions"}],"wp:attachment":[{"href":"https:\/\/www.youreporter.it\/api\/wp\/v2\/media?parent=24937"}],"wp:term":[{"taxonomy":"category","embeddable":true,"href":"https:\/\/www.youreporter.it\/api\/wp\/v2\/categories?post=24937"},{"taxonomy":"post_tag","embeddable":true,"href":"https:\/\/www.youreporter.it\/api\/wp\/v2\/tags?post=24937"},{"taxonomy":"geo","embeddable":true,"href":"https:\/\/www.youreporter.it\/api\/wp\/v2\/geo?post=24937"}],"curies":[{"name":"wp","href":"https:\/\/api.w.org\/{rel}","templated":true}]}}

<p>Le fasi &#8216;topiche&#8217; le troverete in post dedicati. Giornata nuvolosa ma torrida, tant&#8217;è che l&#8217;organizzazione ha fatto uso di un mega-nebulizzatore. Partiti da Piazza Esedra verso le 16, il lungo serpentone ha raggiunto Piazza Venezia. Molto buona la partecipazione. L&#8217;atmosfera è stata quella classica: colori, carri tematici, megawatt di musica, moltissimi/e che danzavano. Quello che attira sempre l&#8217;attenzione è la estrema &#8216;vivacità cromatica&#8217; sia di acconciature che di abbigliamenti. L&#8217;edizione di quest&#8217;anno è stata improntata al tema dei Diritti Civili, l&#8217;uguaglianza appunto che deve essere norma legiferata ed applicata anche alla &#8216;galassia LGBT&#8217;. Madrina Federica Sciarelli. Presenti anche Nichi Vendola, Vladimir Luxuria, Ignazio Marino e parte della sua giunta capitolina. Un evento riuscito in pieno</p>
