{"id":24925,"date":"2015-06-20T21:17:59","date_gmt":"2015-06-20T21:17:59","guid":{"rendered":"https:\/\/www.youreporter.it\/video_giornata_mondiale_del_rifugiato_the_italian_way_v\/"},"modified":"2015-06-20T21:17:59","modified_gmt":"2015-06-20T21:17:59","slug":"video_giornata_mondiale_del_rifugiato_the_italian_way_v","status":"publish","type":"video","link":"https:\/\/www.youreporter.it\/video\/video_giornata_mondiale_del_rifugiato_the_italian_way_v\/","title":{"rendered":"Giornata Mondiale del Rifugiato: the Italian Way (V)"},"content":{"rendered":"<p>Sicuramente  questo giovane immigrato neanche immagina che oggi sia la Giornata che, nelle  intenzioni, dovrebbe ricordare e sensibilizzare tutta la gente del Mondo sul tema dei migranti, dell&#8217;immigrazione in genere e dei Rifugiati in particolare. E&#8217; troppo impegnato a cercare qualcosa che gli regali la dignit\u00e0 che forse non possiede pi\u00f9. Cos\u00ec come probabilmente non ne saranno a conoscenza le migliaia di persone che ancora sono sugli scogli di Ventimiglia o gli eritrei di Ponte Mammolo e cos\u00ec via. Troppo occupati a non farsi &#8216;agguantare&#8217; da poliziotti agli ordini chi pensa che la &#8216;questione migranti&#8217; sia solo una roba di ordine pubblico.  Queste immagini sono proprio di oggi. In Italia c&#8217;\u00e8 davvero poco di cui celebrare ma anche in Europa e anche in tutto il mondo.  Gente di serie Z e a volte le ipocrisie che vengono scatenate da  queste date sono assolutamente rivoltanti. La strada \u00e8 lunga<\/p>\n","protected":false},"author":5226,"featured_media":0,"comment_status":"closed","ping_status":"closed","template":"","categories":[1],"tags":[],"geo":[49,2254,2365],"class_list":{"0":"post-24925","1":"video","2":"type-video","3":"status-publish","5":"category-cronaca","6":"geo-lazio","7":"geo-roma","8":"geo-tivoli"},"acf":[],"_links":{"self":[{"href":"https:\/\/www.youreporter.it\/api\/wp\/v2\/video\/24925"}],"collection":[{"href":"https:\/\/www.youreporter.it\/api\/wp\/v2\/video"}],"about":[{"href":"https:\/\/www.youreporter.it\/api\/wp\/v2\/types\/video"}],"author":[{"embeddable":true,"href":"https:\/\/www.youreporter.it\/api\/wp\/v2\/users\/5226"}],"replies":[{"embeddable":true,"href":"https:\/\/www.youreporter.it\/api\/wp\/v2\/comments?post=24925"}],"version-history":[{"count":0,"href":"https:\/\/www.youreporter.it\/api\/wp\/v2\/video\/24925\/revisions"}],"wp:attachment":[{"href":"https:\/\/www.youreporter.it\/api\/wp\/v2\/media?parent=24925"}],"wp:term":[{"taxonomy":"category","embeddable":true,"href":"https:\/\/www.youreporter.it\/api\/wp\/v2\/categories?post=24925"},{"taxonomy":"post_tag","embeddable":true,"href":"https:\/\/www.youreporter.it\/api\/wp\/v2\/tags?post=24925"},{"taxonomy":"geo","embeddable":true,"href":"https:\/\/www.youreporter.it\/api\/wp\/v2\/geo?post=24925"}],"curies":[{"name":"wp","href":"https:\/\/api.w.org\/{rel}","templated":true}]}}

<p>Sicuramente  questo giovane immigrato neanche immagina che oggi sia la Giornata che, nelle  intenzioni, dovrebbe ricordare e sensibilizzare tutta la gente del Mondo sul tema dei migranti, dell&#8217;immigrazione in genere e dei Rifugiati in particolare. E&#8217; troppo impegnato a cercare qualcosa che gli regali la dignità che forse non possiede più. Così come probabilmente non ne saranno a conoscenza le migliaia di persone che ancora sono sugli scogli di Ventimiglia o gli eritrei di Ponte Mammolo e così via. Troppo occupati a non farsi &#8216;agguantare&#8217; da poliziotti agli ordini chi pensa che la &#8216;questione migranti&#8217; sia solo una roba di ordine pubblico.  Queste immagini sono proprio di oggi. In Italia c&#8217;è davvero poco di cui celebrare ma anche in Europa e anche in tutto il mondo.  Gente di serie Z e a volte le ipocrisie che vengono scatenate da  queste date sono assolutamente rivoltanti. La strada è lunga</p>
