{"id":16139,"date":"2015-05-25T22:27:34","date_gmt":"2015-05-25T22:27:34","guid":{"rendered":"https:\/\/www.youreporter.it\/video_viabilita_limitata_in_centro_via_lamarmora_causa_maltempo\/"},"modified":"2015-05-25T22:27:34","modified_gmt":"2015-05-25T22:27:34","slug":"video_viabilita_limitata_in_centro_via_lamarmora_causa_maltempo","status":"publish","type":"video","link":"https:\/\/www.youreporter.it\/video\/video_viabilita_limitata_in_centro_via_lamarmora_causa_maltempo\/","title":{"rendered":"Viabilit\u00e0 limitata in centro (via Lamarmora) causa maltempo"},"content":{"rendered":"<p>In via Lamarmora davanti alla caserma dei carabinieri il maltempo ha causato la rottura di un pezzo di selciato. I militari hanno aiutato la squadra della polizia locale a dirigere il traffico. La viabilit\u00e0 dei tram lungo la via \u00e8 stata limitata, i mezzi di superficie sorvegliati dagli uomini in divisa affinch\u00e8 ruote o rotaie non si incastrassero nel manto stradale interrotto. Intanto ambulanze corrono in velocit\u00e0 verso il centro citt\u00e0.<\/p>\n","protected":false},"author":4607,"featured_media":0,"comment_status":"closed","ping_status":"closed","template":"","categories":[1],"tags":[],"geo":[51,3629],"class_list":{"0":"post-16139","1":"video","2":"type-video","3":"status-publish","5":"category-cronaca","6":"geo-lombardia","7":"geo-milano"},"acf":[],"_links":{"self":[{"href":"https:\/\/www.youreporter.it\/api\/wp\/v2\/video\/16139"}],"collection":[{"href":"https:\/\/www.youreporter.it\/api\/wp\/v2\/video"}],"about":[{"href":"https:\/\/www.youreporter.it\/api\/wp\/v2\/types\/video"}],"author":[{"embeddable":true,"href":"https:\/\/www.youreporter.it\/api\/wp\/v2\/users\/4607"}],"replies":[{"embeddable":true,"href":"https:\/\/www.youreporter.it\/api\/wp\/v2\/comments?post=16139"}],"version-history":[{"count":0,"href":"https:\/\/www.youreporter.it\/api\/wp\/v2\/video\/16139\/revisions"}],"wp:attachment":[{"href":"https:\/\/www.youreporter.it\/api\/wp\/v2\/media?parent=16139"}],"wp:term":[{"taxonomy":"category","embeddable":true,"href":"https:\/\/www.youreporter.it\/api\/wp\/v2\/categories?post=16139"},{"taxonomy":"post_tag","embeddable":true,"href":"https:\/\/www.youreporter.it\/api\/wp\/v2\/tags?post=16139"},{"taxonomy":"geo","embeddable":true,"href":"https:\/\/www.youreporter.it\/api\/wp\/v2\/geo?post=16139"}],"curies":[{"name":"wp","href":"https:\/\/api.w.org\/{rel}","templated":true}]}}

Viabilità limitata in centro (via Lamarmora) causa maltempo

<p>In via Lamarmora davanti alla caserma dei carabinieri il maltempo ha causato la rottura di un pezzo di selciato. I militari hanno aiutato la squadra della polizia locale a dirigere il traffico. La viabilità dei tram lungo la via è stata limitata, i mezzi di superficie sorvegliati dagli uomini in divisa affinchè ruote o rotaie non si incastrassero nel manto stradale interrotto. Intanto ambulanze corrono in velocità verso il centro città.</p>
