{"id":15789,"date":"2015-05-03T14:28:44","date_gmt":"2015-05-03T14:28:44","guid":{"rendered":"https:\/\/www.youreporter.it\/video_expo_2015_-_giornata_inaugurale\/"},"modified":"2015-05-03T14:28:44","modified_gmt":"2015-05-03T14:28:44","slug":"video_expo_2015_-_giornata_inaugurale","status":"publish","type":"video","link":"https:\/\/www.youreporter.it\/video\/video_expo_2015_-_giornata_inaugurale\/","title":{"rendered":"EXPO 2015 &#8211; GIORNATA INAUGURALE"},"content":{"rendered":"<p>Milano 1 Maggio 2015 ore 12, il presidente del Consiglio Matteo Renzi, insieme al presidente emerito della Repubblica Giorgio Napolitano e ai ministri Martina, Delrio, Gentiloni e Alfano, ha dato il via all\u2019EXPO 2015. \u201cNon ci credevano in tanti, ora grazie al sudore dei lavoratori e delle lavoratrici l\u2019Expo \u00e8 realt\u00e0\u201d. \u201cNon \u00e8 ancora una scommessa vinta, abbiamo sei mesi per vincerla. Siamo un grande Paese, abbiamo una grande forza, un grande ruolo. Basta piangersi addosso, come vorrebbero i professionisti del non ce la farete mai. Cari signori professionisti, stamattina avete la vostra risposta\u201d. E poi ha ringraziato in particolare due persone: l\u2019ex sindaco di Milano Letizia Moratti e l\u2019ex capo dello Stato Giorgio Napolitano.\u00a0<\/p>\n<p>In prima fila Renzi e Napolitano, appena dietro gli ex presidenti del Consiglio Mario Monti, Romano Prodi e Massimo D\u2019Alema. Poi i ministri Delrio, Gentiloni, Martina, Pinotti e Alfano. In platea anche Mauro Moretti (Finmeccanica), il presidente dei Banca Intesa Giovanni Bazoli e Lapo Elkann. Tra i sottosegretari: Angelo Rughetti e Ivan Scalfarotto. Ma anche il giocatore dell\u2019Inter Javier Zanetti, la ballerina Carla Fracci e\u00a0lo stilista Giorgio Armani.\u00a0<\/p>\n<p>Papa Francesco ha mandato un videomessaggio: \u00abSono grato di unire la mia voce\u00bb all\u2019Expo, e la mia \u00ab\u00e8 la voce dei pellegrini nel mondo intero, \u00e8 la voce di tanti poveri che fanno parte di questo popolo e con dignit\u00e0 cercano di guadagnarsi il pane col sudore della fronte\u00bb. Cos\u00ec il Papa nel videomessaggio alla inaugurazione dell\u2019Expo. E \u00abvorrei farmi portavoce di tanti fratelli e sorelle, cristiani e non, che Dio ha amato e per il quale ci ha insegnato\u00bb a \u00abchiedere il pane quotidiano\u00bb. L\u2019Expo \u00e8 \u00aboccasione propizia per globalizzare la solidariet\u00e0\u00bb.<\/p>\n","protected":false},"author":4186,"featured_media":0,"comment_status":"closed","ping_status":"closed","template":"","categories":[8282],"tags":[],"geo":[51,3629],"class_list":{"0":"post-15789","1":"video","2":"type-video","3":"status-publish","5":"category-arte-e-cultura","6":"geo-lombardia","7":"geo-milano"},"acf":[],"_links":{"self":[{"href":"https:\/\/www.youreporter.it\/api\/wp\/v2\/video\/15789"}],"collection":[{"href":"https:\/\/www.youreporter.it\/api\/wp\/v2\/video"}],"about":[{"href":"https:\/\/www.youreporter.it\/api\/wp\/v2\/types\/video"}],"author":[{"embeddable":true,"href":"https:\/\/www.youreporter.it\/api\/wp\/v2\/users\/4186"}],"replies":[{"embeddable":true,"href":"https:\/\/www.youreporter.it\/api\/wp\/v2\/comments?post=15789"}],"version-history":[{"count":0,"href":"https:\/\/www.youreporter.it\/api\/wp\/v2\/video\/15789\/revisions"}],"wp:attachment":[{"href":"https:\/\/www.youreporter.it\/api\/wp\/v2\/media?parent=15789"}],"wp:term":[{"taxonomy":"category","embeddable":true,"href":"https:\/\/www.youreporter.it\/api\/wp\/v2\/categories?post=15789"},{"taxonomy":"post_tag","embeddable":true,"href":"https:\/\/www.youreporter.it\/api\/wp\/v2\/tags?post=15789"},{"taxonomy":"geo","embeddable":true,"href":"https:\/\/www.youreporter.it\/api\/wp\/v2\/geo?post=15789"}],"curies":[{"name":"wp","href":"https:\/\/api.w.org\/{rel}","templated":true}]}}

<p>Milano 1 Maggio 2015 ore 12, il presidente del Consiglio Matteo Renzi, insieme al presidente emerito della Repubblica Giorgio Napolitano e ai ministri Martina, Delrio, Gentiloni e Alfano, ha dato il via all’EXPO 2015. “Non ci credevano in tanti, ora grazie al sudore dei lavoratori e delle lavoratrici l’Expo è realtà”. “Non è ancora una scommessa vinta, abbiamo sei mesi per vincerla. Siamo un grande Paese, abbiamo una grande forza, un grande ruolo. Basta piangersi addosso, come vorrebbero i professionisti del non ce la farete mai. Cari signori professionisti, stamattina avete la vostra risposta”. E poi ha ringraziato in particolare due persone: l’ex sindaco di Milano Letizia Moratti e l’ex capo dello Stato Giorgio Napolitano. </p>
<p>In prima fila Renzi e Napolitano, appena dietro gli ex presidenti del Consiglio Mario Monti, Romano Prodi e Massimo D’Alema. Poi i ministri Delrio, Gentiloni, Martina, Pinotti e Alfano. In platea anche Mauro Moretti (Finmeccanica), il presidente dei Banca Intesa Giovanni Bazoli e Lapo Elkann. Tra i sottosegretari: Angelo Rughetti e Ivan Scalfarotto. Ma anche il giocatore dell’Inter Javier Zanetti, la ballerina Carla Fracci e lo stilista Giorgio Armani. </p>
<p>Papa Francesco ha mandato un videomessaggio: «Sono grato di unire la mia voce» all’Expo, e la mia «è la voce dei pellegrini nel mondo intero, è la voce di tanti poveri che fanno parte di questo popolo e con dignità cercano di guadagnarsi il pane col sudore della fronte». Così il Papa nel videomessaggio alla inaugurazione dell’Expo. E «vorrei farmi portavoce di tanti fratelli e sorelle, cristiani e non, che Dio ha amato e per il quale ci ha insegnato» a «chiedere il pane quotidiano». L’Expo è «occasione propizia per globalizzare la solidarietà».</p>
