{"id":156960,"date":"2015-01-30T09:29:26","date_gmt":"2015-01-30T09:29:26","guid":{"rendered":"https:\/\/www.youreporter.it\/video_scultura_e_impresa_-_michele_d_aniello\/"},"modified":"2015-01-30T09:29:26","modified_gmt":"2015-01-30T09:29:26","slug":"video_scultura_e_impresa_-_michele_d_aniello","status":"publish","type":"video","link":"https:\/\/www.youreporter.it\/video\/video_scultura_e_impresa_-_michele_d_aniello\/","title":{"rendered":"Scultura e impresa &#8211; Michele D&#8217;Aniello"},"content":{"rendered":"<p>Art Hotels Novecento .Art City White Night .E&#8217; stato un vero successo! IL 24 gennaio, l&#8217;Hotel Novecento di Bologna, ha ospitato le opere di Michele per Arte Fiera Off. Nell&#8217;aria, l&#8217;attesa e l&#8217;entusiasmo per un momento speciale quando alle ore 19,00 \u00e8 stato accesa la fiamma della scultura caminetto. Questa fiamma, \u00e8 il simbolo della speranza, il calore del sentimento che si percepisce nelle relazioni d&#8217;amicizia, la motivazione che anima il cambiamento verso il raggiungimento di un obiettivo e tutto ci\u00f2 che di positivo crea calore nel cuore. La scultura caminetto, fa parte del ciclo di opere &#8220;Piante con Seme&#8221; nelle quali Michele parla dei valori dell&#8217;uomo e del successo. Il seme, ha un valore assoluto, perch\u00e9 in esso \u00e8 gi\u00e0 presente potenzialmente la pianta, e la condizione affinch\u00e9 si sviluppi dipende dalla cura che avremo e dalla perseveranza per favorire le condizioni che permetteranno al seme di svilupparsi e crescere. Cos\u00ec come in ciascuno di noi c&#8217;\u00e8 gi\u00e0 il seme del successo che attende solo che noi creiamo le condizioni giuste e lo coltiviamo affinch\u00e9 possa germogliare e far accadere (succedere) quello per cui \u00e8 stato creato. Questo \u00e8 il messaggio di successo che D&#8217;Aniello ha condiviso con tutti i presenti.<\/p>\n","protected":false},"author":17634,"featured_media":0,"comment_status":"closed","ping_status":"closed","template":"","categories":[8282],"tags":[],"geo":[1475,46],"class_list":{"0":"post-156960","1":"video","2":"type-video","3":"status-publish","5":"category-arte-e-cultura","6":"geo-bologna","7":"geo-emilia-romagna"},"acf":[],"_links":{"self":[{"href":"https:\/\/www.youreporter.it\/api\/wp\/v2\/video\/156960"}],"collection":[{"href":"https:\/\/www.youreporter.it\/api\/wp\/v2\/video"}],"about":[{"href":"https:\/\/www.youreporter.it\/api\/wp\/v2\/types\/video"}],"author":[{"embeddable":true,"href":"https:\/\/www.youreporter.it\/api\/wp\/v2\/users\/17634"}],"replies":[{"embeddable":true,"href":"https:\/\/www.youreporter.it\/api\/wp\/v2\/comments?post=156960"}],"version-history":[{"count":0,"href":"https:\/\/www.youreporter.it\/api\/wp\/v2\/video\/156960\/revisions"}],"wp:attachment":[{"href":"https:\/\/www.youreporter.it\/api\/wp\/v2\/media?parent=156960"}],"wp:term":[{"taxonomy":"category","embeddable":true,"href":"https:\/\/www.youreporter.it\/api\/wp\/v2\/categories?post=156960"},{"taxonomy":"post_tag","embeddable":true,"href":"https:\/\/www.youreporter.it\/api\/wp\/v2\/tags?post=156960"},{"taxonomy":"geo","embeddable":true,"href":"https:\/\/www.youreporter.it\/api\/wp\/v2\/geo?post=156960"}],"curies":[{"name":"wp","href":"https:\/\/api.w.org\/{rel}","templated":true}]}}

<p>Art Hotels Novecento .Art City White Night .E&#8217; stato un vero successo! IL 24 gennaio, l&#8217;Hotel Novecento di Bologna, ha ospitato le opere di Michele per Arte Fiera Off. Nell&#8217;aria, l&#8217;attesa e l&#8217;entusiasmo per un momento speciale quando alle ore 19,00 è stato accesa la fiamma della scultura caminetto. Questa fiamma, è il simbolo della speranza, il calore del sentimento che si percepisce nelle relazioni d&#8217;amicizia, la motivazione che anima il cambiamento verso il raggiungimento di un obiettivo e tutto ciò che di positivo crea calore nel cuore. La scultura caminetto, fa parte del ciclo di opere &#8220;Piante con Seme&#8221; nelle quali Michele parla dei valori dell&#8217;uomo e del successo. Il seme, ha un valore assoluto, perché in esso è già presente potenzialmente la pianta, e la condizione affinché si sviluppi dipende dalla cura che avremo e dalla perseveranza per favorire le condizioni che permetteranno al seme di svilupparsi e crescere. Così come in ciascuno di noi c&#8217;è già il seme del successo che attende solo che noi creiamo le condizioni giuste e lo coltiviamo affinché possa germogliare e far accadere (succedere) quello per cui è stato creato. Questo è il messaggio di successo che D&#8217;Aniello ha condiviso con tutti i presenti.</p>
