{"id":154478,"date":"2015-06-04T11:13:46","date_gmt":"2015-06-04T11:13:46","guid":{"rendered":"https:\/\/www.youreporter.it\/video_taste_of_milan_prima_serata\/"},"modified":"2015-06-04T11:13:46","modified_gmt":"2015-06-04T11:13:46","slug":"video_taste_of_milan_prima_serata","status":"publish","type":"video","link":"https:\/\/www.youreporter.it\/video\/video_taste_of_milan_prima_serata\/","title":{"rendered":"Taste of Milan, prima serata"},"content":{"rendered":"<p>Taste of Milan \u00e8 l&#8217;appuntamento annuale con la ricercatezza culinaria e le novit\u00e0 che troveremo nei locali pi\u00f9 blasonati<\/p>\n","protected":false},"author":17591,"featured_media":0,"comment_status":"closed","ping_status":"closed","template":"","categories":[1],"tags":[],"geo":[51,3629],"class_list":{"0":"post-154478","1":"video","2":"type-video","3":"status-publish","5":"category-cronaca","6":"geo-lombardia","7":"geo-milano"},"acf":[],"_links":{"self":[{"href":"https:\/\/www.youreporter.it\/api\/wp\/v2\/video\/154478"}],"collection":[{"href":"https:\/\/www.youreporter.it\/api\/wp\/v2\/video"}],"about":[{"href":"https:\/\/www.youreporter.it\/api\/wp\/v2\/types\/video"}],"author":[{"embeddable":true,"href":"https:\/\/www.youreporter.it\/api\/wp\/v2\/users\/17591"}],"replies":[{"embeddable":true,"href":"https:\/\/www.youreporter.it\/api\/wp\/v2\/comments?post=154478"}],"version-history":[{"count":0,"href":"https:\/\/www.youreporter.it\/api\/wp\/v2\/video\/154478\/revisions"}],"wp:attachment":[{"href":"https:\/\/www.youreporter.it\/api\/wp\/v2\/media?parent=154478"}],"wp:term":[{"taxonomy":"category","embeddable":true,"href":"https:\/\/www.youreporter.it\/api\/wp\/v2\/categories?post=154478"},{"taxonomy":"post_tag","embeddable":true,"href":"https:\/\/www.youreporter.it\/api\/wp\/v2\/tags?post=154478"},{"taxonomy":"geo","embeddable":true,"href":"https:\/\/www.youreporter.it\/api\/wp\/v2\/geo?post=154478"}],"curies":[{"name":"wp","href":"https:\/\/api.w.org\/{rel}","templated":true}]}}

<p>Taste of Milan è l&#8217;appuntamento annuale con la ricercatezza culinaria e le novità che troveremo nei locali più blasonati</p>
