{"id":148730,"date":"2016-05-11T00:12:11","date_gmt":"2016-05-11T00:12:11","guid":{"rendered":"https:\/\/www.youreporter.it\/video_giro_d_italia_tappa_4_video_intervista_a_ulissi_e_dumoulin\/"},"modified":"2016-05-11T00:12:11","modified_gmt":"2016-05-11T00:12:11","slug":"video_giro_d_italia_tappa_4_video_intervista_a_ulissi_e_dumoulin","status":"publish","type":"video","link":"https:\/\/www.youreporter.it\/video\/video_giro_d_italia_tappa_4_video_intervista_a_ulissi_e_dumoulin\/","title":{"rendered":"Giro D&#8217;Italia tappa 4..VIDEO intervista a Ulissi e Dumoulin"},"content":{"rendered":"<p>DIEGO ULISSI VINCE LA QUARTA TAPPA DEL GIRO D&#8217;ITALIA TOM DUMOULIN SI RIPRENDE LA MAGLIA ROSA<\/p>\n<p>Sul traguardo di Praia a Mare vince la prima tappa italiana della gara<\/p>\n<p>Il corridore Italiano Diego Ulissi (Lampre &#8211; Merida) ha vinto la quarta tappa del 99\u00ba Giro d&#8217;Italia, da Catanzaro a Praia a Mare di 200 km. Al secondo e terzo posto si sono classificati rispettivamente Tom Dumoulin (Team Giant &#8211; Alpecin) e Steven Kruijswijk (Team Lotto NL &#8211; Jumbo).<\/p>\n<p>Grazie al secondo posto, Tom Dumoulin (Team Giant &#8211; Alpecin) indossa la Maglia Rosa di leader della classifica generale della corsa.<\/p>\n<p>RISULTATO FINALE<br \/>\n1 &#8211; Diego Ulissi (Lampre &#8211; Merida) &#8211; 200km in 4h46&#8217;51&#8221;, media 41,833 km\/h<br \/>\n2 &#8211; Tom Dumoulin (Team Giant &#8211; Alpecin) a 5&#8243;<br \/>\n3 &#8211; Steven Kruijswijk (Team Lotto NL &#8211; Jumbo) s.t.<\/p>\n<p>MAGLIE<\/p>\n<p>Maglia Rosa, leader della classifica generale, sponsorizzata da Enel &#8211; Tom Dumoulin (Team Giant &#8211; Alpecin)<br \/>\nMaglia Rossa, leader della classifica a punti, sponsorizzata da Algida &#8211; Marcel Kittel (Etixx &#8211; Quick-Step)<br \/>\nMaglia Azzurra, leader del Gran Premio della Montagna, sponsorizzata da Banca Mediolanum &#8211; Damiano Cunego (Nippo &#8211; Vini Fantini)<br \/>\nMaglia Bianca, leader della Classifica dei Giovani, sponsorizzata da Eurospin &#8211; Bob Jungels (Etixx &#8211; Quick-Step) a 20&#8243;<\/p>\n<p>CLASSIFICA GENERALE<br \/>\n1 &#8211; Tom Dumoulin (Team Giant &#8211; Alpecin)<br \/>\n2 &#8211; Bob Jungels (Etixx &#8211; Quick-Step) a 20&#8243;<br \/>\n3 &#8211; Diego Ulissi (Lampre &#8211; Merida) s.t.<\/p>\n<p>Il vincitore Diego Ulissi, subito dopo il traguardo, ha dichiarato: &#8220;Sono estremamente felice. C\u2019\u00e8 stato un grandissimo lavoro di squadra. Valerio Conti ha lavorato sodo per portar fuori il gruppetto da dove sono uscito io. Sapevo che il gruppo inseguitore sarebbe andato pi\u00f9 veloce di me ma sono riuscito a mantenere una buona velocit\u00e0. Ho dato tutto quel che avevo. \u00c8 una grande emozione&#8221;.<\/p>\n<p>La nuova Maglia Rosa Tom Dumoulin, subito dopo l&#8217;arrivo, ha dichiarato: &#8220;\u00c8 bello riprendersi la Maglia Rosa. Abbiamo lavorato proprio per questo. Abbiamo mandato Georg Preidler nell&#8217;ultima fuga. Sarebbe stato perfetto se fosse stato lui a prendere il comando della classifica generale ma non era destino. Ho cercato la vittoria di tappa alla fine ma Ulissi era semplicemente troppo forte&#8221;<\/p>\n","protected":false},"author":16996,"featured_media":0,"comment_status":"closed","ping_status":"closed","template":"","categories":[21],"tags":[],"geo":[44,586,687],"class_list":{"0":"post-148730","1":"video","2":"type-video","3":"status-publish","5":"category-sport","6":"geo-calabria","7":"geo-cosenza","8":"geo-praia-a-mare"},"acf":[],"_links":{"self":[{"href":"https:\/\/www.youreporter.it\/api\/wp\/v2\/video\/148730"}],"collection":[{"href":"https:\/\/www.youreporter.it\/api\/wp\/v2\/video"}],"about":[{"href":"https:\/\/www.youreporter.it\/api\/wp\/v2\/types\/video"}],"author":[{"embeddable":true,"href":"https:\/\/www.youreporter.it\/api\/wp\/v2\/users\/16996"}],"replies":[{"embeddable":true,"href":"https:\/\/www.youreporter.it\/api\/wp\/v2\/comments?post=148730"}],"version-history":[{"count":0,"href":"https:\/\/www.youreporter.it\/api\/wp\/v2\/video\/148730\/revisions"}],"wp:attachment":[{"href":"https:\/\/www.youreporter.it\/api\/wp\/v2\/media?parent=148730"}],"wp:term":[{"taxonomy":"category","embeddable":true,"href":"https:\/\/www.youreporter.it\/api\/wp\/v2\/categories?post=148730"},{"taxonomy":"post_tag","embeddable":true,"href":"https:\/\/www.youreporter.it\/api\/wp\/v2\/tags?post=148730"},{"taxonomy":"geo","embeddable":true,"href":"https:\/\/www.youreporter.it\/api\/wp\/v2\/geo?post=148730"}],"curies":[{"name":"wp","href":"https:\/\/api.w.org\/{rel}","templated":true}]}}

<p>DIEGO ULISSI VINCE LA QUARTA TAPPA DEL GIRO D&#8217;ITALIA TOM DUMOULIN SI RIPRENDE LA MAGLIA ROSA</p>
<p>Sul traguardo di Praia a Mare vince la prima tappa italiana della gara</p>
<p>Il corridore Italiano Diego Ulissi (Lampre &#8211; Merida) ha vinto la quarta tappa del 99º Giro d&#8217;Italia, da Catanzaro a Praia a Mare di 200 km. Al secondo e terzo posto si sono classificati rispettivamente Tom Dumoulin (Team Giant &#8211; Alpecin) e Steven Kruijswijk (Team Lotto NL &#8211; Jumbo).</p>
<p>Grazie al secondo posto, Tom Dumoulin (Team Giant &#8211; Alpecin) indossa la Maglia Rosa di leader della classifica generale della corsa.</p>
<p>RISULTATO FINALE<br />
1 &#8211; Diego Ulissi (Lampre &#8211; Merida) &#8211; 200km in 4h46&#8217;51&#8221;, media 41,833 km/h<br />
2 &#8211; Tom Dumoulin (Team Giant &#8211; Alpecin) a 5&#8243;<br />
3 &#8211; Steven Kruijswijk (Team Lotto NL &#8211; Jumbo) s.t.</p>
<p>MAGLIE</p>
<p>Maglia Rosa, leader della classifica generale, sponsorizzata da Enel &#8211; Tom Dumoulin (Team Giant &#8211; Alpecin)<br />
Maglia Rossa, leader della classifica a punti, sponsorizzata da Algida &#8211; Marcel Kittel (Etixx &#8211; Quick-Step)<br />
Maglia Azzurra, leader del Gran Premio della Montagna, sponsorizzata da Banca Mediolanum &#8211; Damiano Cunego (Nippo &#8211; Vini Fantini)<br />
Maglia Bianca, leader della Classifica dei Giovani, sponsorizzata da Eurospin &#8211; Bob Jungels (Etixx &#8211; Quick-Step) a 20&#8243;</p>
<p>CLASSIFICA GENERALE<br />
1 &#8211; Tom Dumoulin (Team Giant &#8211; Alpecin)<br />
2 &#8211; Bob Jungels (Etixx &#8211; Quick-Step) a 20&#8243;<br />
3 &#8211; Diego Ulissi (Lampre &#8211; Merida) s.t.</p>
<p>Il vincitore Diego Ulissi, subito dopo il traguardo, ha dichiarato: &#8220;Sono estremamente felice. C’è stato un grandissimo lavoro di squadra. Valerio Conti ha lavorato sodo per portar fuori il gruppetto da dove sono uscito io. Sapevo che il gruppo inseguitore sarebbe andato più veloce di me ma sono riuscito a mantenere una buona velocità. Ho dato tutto quel che avevo. È una grande emozione&#8221;.</p>
<p>La nuova Maglia Rosa Tom Dumoulin, subito dopo l&#8217;arrivo, ha dichiarato: &#8220;È bello riprendersi la Maglia Rosa. Abbiamo lavorato proprio per questo. Abbiamo mandato Georg Preidler nell&#8217;ultima fuga. Sarebbe stato perfetto se fosse stato lui a prendere il comando della classifica generale ma non era destino. Ho cercato la vittoria di tappa alla fine ma Ulissi era semplicemente troppo forte&#8221;</p>
