{"id":148638,"date":"2016-09-23T18:17:07","date_gmt":"2016-09-23T18:17:07","guid":{"rendered":"https:\/\/www.youreporter.it\/video_la_passeggiata_in_piazza_castello_del_presidente_mattarella\/"},"modified":"2016-09-23T18:17:07","modified_gmt":"2016-09-23T18:17:07","slug":"video_la_passeggiata_in_piazza_castello_del_presidente_mattarella","status":"publish","type":"video","link":"https:\/\/www.youreporter.it\/video\/video_la_passeggiata_in_piazza_castello_del_presidente_mattarella\/","title":{"rendered":"La passeggiata in Piazza Castello del Presidente Mattarella"},"content":{"rendered":"<p>La passeggiata da Palazzo Reale, Piazza Castello fino al Teatro Carignano del Presidente della Repubblica Sergio Mattarella al Teatro Carignano per lo Slow Food Terra Madre Salone del Gusto 2016&#8242;. L\u2019inaugurazione.<\/p>\n<p>Per l&#8217;edizione di quest&#8217;anno sono previsti 800 espositori provenienti da 100 Paesi diversi. 5 mila delegati della rete di Terra Madre provenienti da 160 nazioni. 128 appuntamenti tra cui 27 lezioni di scuola di cucina e 82 laboratori del gusto. Presenti anche 40 chef e 300 produttori. I poli principali, senza biglietto di ingresso, saranno il Parco del Valentino con orario 10-19 e il centro citt\u00e0. A Palazzo Reale ci sar\u00e0 la sede dell&#8217;enoteca e altri eventi sono in programma anche a Piazza Castello, via Roma e Piazza San Carlo.<\/p>\n<p>Un grande lavoro per gli oltre 1000 volontari, dove per l\u2019organizzazione \u00e8 stata una vera e propria macchina da guerra, mettere in piedi tutta una serie di attivit\u00e0 che saranno in giro per la in citt\u00e0<\/p>\n<p>Slow Food il cambiamento.<br \/>\nDopo 20 anni bisognava anche cambiare. Adesso noi questo salone del gusto ITINERANTE sar\u00e0 un evento  che coinvolger\u00e0 tutta la citt\u00e0. Torino sta rispondendo in maniera straordinaria, non solo con i cittadini, ma anche le istituzioni. I grandi musei si aprono a Terra Madre e si aprono anche dal punto di vista culturale.<br \/>\nUn successo dunque.<\/p>\n","protected":false},"author":16996,"featured_media":0,"comment_status":"closed","ping_status":"closed","template":"","categories":[1],"tags":[],"geo":[5500,54,5347],"class_list":{"0":"post-148638","1":"video","2":"type-video","3":"status-publish","5":"category-cronaca","6":"geo-mombello-di-torino","7":"geo-piemonte","8":"geo-torino"},"acf":[],"_links":{"self":[{"href":"https:\/\/www.youreporter.it\/api\/wp\/v2\/video\/148638"}],"collection":[{"href":"https:\/\/www.youreporter.it\/api\/wp\/v2\/video"}],"about":[{"href":"https:\/\/www.youreporter.it\/api\/wp\/v2\/types\/video"}],"author":[{"embeddable":true,"href":"https:\/\/www.youreporter.it\/api\/wp\/v2\/users\/16996"}],"replies":[{"embeddable":true,"href":"https:\/\/www.youreporter.it\/api\/wp\/v2\/comments?post=148638"}],"version-history":[{"count":0,"href":"https:\/\/www.youreporter.it\/api\/wp\/v2\/video\/148638\/revisions"}],"wp:attachment":[{"href":"https:\/\/www.youreporter.it\/api\/wp\/v2\/media?parent=148638"}],"wp:term":[{"taxonomy":"category","embeddable":true,"href":"https:\/\/www.youreporter.it\/api\/wp\/v2\/categories?post=148638"},{"taxonomy":"post_tag","embeddable":true,"href":"https:\/\/www.youreporter.it\/api\/wp\/v2\/tags?post=148638"},{"taxonomy":"geo","embeddable":true,"href":"https:\/\/www.youreporter.it\/api\/wp\/v2\/geo?post=148638"}],"curies":[{"name":"wp","href":"https:\/\/api.w.org\/{rel}","templated":true}]}}

<p>La passeggiata da Palazzo Reale, Piazza Castello fino al Teatro Carignano del Presidente della Repubblica Sergio Mattarella al Teatro Carignano per lo Slow Food Terra Madre Salone del Gusto 2016&#8242;. L’inaugurazione.</p>
<p>Per l&#8217;edizione di quest&#8217;anno sono previsti 800 espositori provenienti da 100 Paesi diversi. 5 mila delegati della rete di Terra Madre provenienti da 160 nazioni. 128 appuntamenti tra cui 27 lezioni di scuola di cucina e 82 laboratori del gusto. Presenti anche 40 chef e 300 produttori. I poli principali, senza biglietto di ingresso, saranno il Parco del Valentino con orario 10-19 e il centro città. A Palazzo Reale ci sarà la sede dell&#8217;enoteca e altri eventi sono in programma anche a Piazza Castello, via Roma e Piazza San Carlo.</p>
<p>Un grande lavoro per gli oltre 1000 volontari, dove per l’organizzazione è stata una vera e propria macchina da guerra, mettere in piedi tutta una serie di attività che saranno in giro per la in città</p>
<p>Slow Food il cambiamento.<br />
Dopo 20 anni bisognava anche cambiare. Adesso noi questo salone del gusto ITINERANTE sarà un evento  che coinvolgerà tutta la città. Torino sta rispondendo in maniera straordinaria, non solo con i cittadini, ma anche le istituzioni. I grandi musei si aprono a Terra Madre e si aprono anche dal punto di vista culturale.<br />
Un successo dunque.</p>
