{"id":148550,"date":"2016-11-22T09:34:26","date_gmt":"2016-11-22T09:34:26","guid":{"rendered":"https:\/\/www.youreporter.it\/video_siviglia-juventus_inizia_con_un_accoltellamento_il_video\/"},"modified":"2016-11-22T09:34:26","modified_gmt":"2016-11-22T09:34:26","slug":"video_siviglia-juventus_inizia_con_un_accoltellamento_il_video","status":"publish","type":"video","link":"https:\/\/www.youreporter.it\/video\/video_siviglia-juventus_inizia_con_un_accoltellamento_il_video\/","title":{"rendered":"SIVIGLIA-JUVENTUS Inizia con un accoltellamento. IL VIDEO"},"content":{"rendered":"<p>Siviglia Juventus di Champions di questa sera ore 20.45 \u00e8 gi\u00e0 iniziata. Ieri sera nella citt\u00e0 di Sevilla \u00e8 successo di tutto.<\/p>\n<p>Alcune decine di ultr\u00e0 del Siviglia hanno fatto irruzione ieri sera in un bar del centro nel quale stavano cenando alcuni tifosi della Juventus. Devastando il locale e lasciando diversi feriti italiani a terra. L\u2019agguato nella Taberna El Papelon, in calle Reyes Cat\u00f3licos.<\/p>\n<p>In questo video si vede che i tifosi della Juventus vengono presi di mira e dalle prime indiscrezioni ci sarebbe un tifoso bianconero accoltellato.<\/p>\n","protected":false},"author":16996,"featured_media":0,"comment_status":"closed","ping_status":"closed","template":"","categories":[21],"tags":[],"geo":[7543],"class_list":{"0":"post-148550","1":"video","2":"type-video","3":"status-publish","5":"category-sport","6":"geo-norcia"},"acf":[],"_links":{"self":[{"href":"https:\/\/www.youreporter.it\/api\/wp\/v2\/video\/148550"}],"collection":[{"href":"https:\/\/www.youreporter.it\/api\/wp\/v2\/video"}],"about":[{"href":"https:\/\/www.youreporter.it\/api\/wp\/v2\/types\/video"}],"author":[{"embeddable":true,"href":"https:\/\/www.youreporter.it\/api\/wp\/v2\/users\/16996"}],"replies":[{"embeddable":true,"href":"https:\/\/www.youreporter.it\/api\/wp\/v2\/comments?post=148550"}],"version-history":[{"count":0,"href":"https:\/\/www.youreporter.it\/api\/wp\/v2\/video\/148550\/revisions"}],"wp:attachment":[{"href":"https:\/\/www.youreporter.it\/api\/wp\/v2\/media?parent=148550"}],"wp:term":[{"taxonomy":"category","embeddable":true,"href":"https:\/\/www.youreporter.it\/api\/wp\/v2\/categories?post=148550"},{"taxonomy":"post_tag","embeddable":true,"href":"https:\/\/www.youreporter.it\/api\/wp\/v2\/tags?post=148550"},{"taxonomy":"geo","embeddable":true,"href":"https:\/\/www.youreporter.it\/api\/wp\/v2\/geo?post=148550"}],"curies":[{"name":"wp","href":"https:\/\/api.w.org\/{rel}","templated":true}]}}

<p>Siviglia Juventus di Champions di questa sera ore 20.45 è già iniziata. Ieri sera nella città di Sevilla è successo di tutto.</p>
<p>Alcune decine di ultrà del Siviglia hanno fatto irruzione ieri sera in un bar del centro nel quale stavano cenando alcuni tifosi della Juventus. Devastando il locale e lasciando diversi feriti italiani a terra. L’agguato nella Taberna El Papelon, in calle Reyes Católicos.</p>
<p>In questo video si vede che i tifosi della Juventus vengono presi di mira e dalle prime indiscrezioni ci sarebbe un tifoso bianconero accoltellato.</p>
