{"id":147095,"date":"2017-03-22T08:37:46","date_gmt":"2017-03-22T08:37:46","guid":{"rendered":"https:\/\/www.youreporter.it\/video_giro_d_italia_presentate_le_maglie_del_giro100\/"},"modified":"2017-03-22T08:37:46","modified_gmt":"2017-03-22T08:37:46","slug":"video_giro_d_italia_presentate_le_maglie_del_giro100","status":"publish","type":"video","link":"https:\/\/www.youreporter.it\/video\/video_giro_d_italia_presentate_le_maglie_del_giro100\/","title":{"rendered":"Giro d&#8217;Italia: PRESENTATE LE MAGLIE DEL #GIRO100"},"content":{"rendered":"<p>PRESENTATE LE MAGLIE DEL #GIRO100<\/p>\n<p>Presentate ieri a Milano attraverso un video emozionale che ne ripercorre la storia e le tradizioni, tre delle quattro maglie che identificheranno i leader delle classifiche del Giro d\u2019Italia edizione 100, in programma dal 5 al 28 maggio con partenza dalla Sardegna e arrivo a Milano. La quarta maglia \u2013 quella riservata al leader della Classifica a Punti \u2013 verr\u00e0 svelata successivamente. Per celebrare la storica edizione, questa maglia porter\u00e0 con s\u00e9 una sorpresa per tutti gli appassionati della Corsa Rosa.<\/p>\n<p>Le maglie del Giro d\u2019Italia 100 sono prodotte da Santini Maglificio Sportivo che ne ha curato anche il design e i particolari.<\/p>\n<p>MAGLIA ROSA \u2013 sponsorizzata da ENEL \u2013 leader della Classifica Generale<br \/>\nMAGLIA AZZURRA \u2013 sponsorizzata da BANCA MEDIOLANUM \u2013 leader del Gran Premio della Montagna<br \/>\nMAGLIA BIANCA \u2013 sponsorizzata da EUROSPIN \u2013 leader della Classifica dei Giovani<\/p>\n<p>, afferma Carlo Tamburi, Direttore Enel Italia.<\/p>\n<p>.<\/p>\n<p>.<br \/>\n#Giro100<\/p>\n","protected":false},"author":16996,"featured_media":0,"comment_status":"closed","ping_status":"closed","template":"","categories":[21],"tags":[],"geo":[51,3629],"class_list":{"0":"post-147095","1":"video","2":"type-video","3":"status-publish","5":"category-sport","6":"geo-lombardia","7":"geo-milano"},"acf":[],"_links":{"self":[{"href":"https:\/\/www.youreporter.it\/api\/wp\/v2\/video\/147095"}],"collection":[{"href":"https:\/\/www.youreporter.it\/api\/wp\/v2\/video"}],"about":[{"href":"https:\/\/www.youreporter.it\/api\/wp\/v2\/types\/video"}],"author":[{"embeddable":true,"href":"https:\/\/www.youreporter.it\/api\/wp\/v2\/users\/16996"}],"replies":[{"embeddable":true,"href":"https:\/\/www.youreporter.it\/api\/wp\/v2\/comments?post=147095"}],"version-history":[{"count":0,"href":"https:\/\/www.youreporter.it\/api\/wp\/v2\/video\/147095\/revisions"}],"wp:attachment":[{"href":"https:\/\/www.youreporter.it\/api\/wp\/v2\/media?parent=147095"}],"wp:term":[{"taxonomy":"category","embeddable":true,"href":"https:\/\/www.youreporter.it\/api\/wp\/v2\/categories?post=147095"},{"taxonomy":"post_tag","embeddable":true,"href":"https:\/\/www.youreporter.it\/api\/wp\/v2\/tags?post=147095"},{"taxonomy":"geo","embeddable":true,"href":"https:\/\/www.youreporter.it\/api\/wp\/v2\/geo?post=147095"}],"curies":[{"name":"wp","href":"https:\/\/api.w.org\/{rel}","templated":true}]}}

<p>PRESENTATE LE MAGLIE DEL #GIRO100</p>
<p>Presentate ieri a Milano attraverso un video emozionale che ne ripercorre la storia e le tradizioni, tre delle quattro maglie che identificheranno i leader delle classifiche del Giro d’Italia edizione 100, in programma dal 5 al 28 maggio con partenza dalla Sardegna e arrivo a Milano. La quarta maglia – quella riservata al leader della Classifica a Punti – verrà svelata successivamente. Per celebrare la storica edizione, questa maglia porterà con sé una sorpresa per tutti gli appassionati della Corsa Rosa.</p>
<p>Le maglie del Giro d’Italia 100 sono prodotte da Santini Maglificio Sportivo che ne ha curato anche il design e i particolari.</p>
<p>MAGLIA ROSA – sponsorizzata da ENEL – leader della Classifica Generale<br />
MAGLIA AZZURRA – sponsorizzata da BANCA MEDIOLANUM – leader del Gran Premio della Montagna<br />
MAGLIA BIANCA – sponsorizzata da EUROSPIN – leader della Classifica dei Giovani</p>
<p>, afferma Carlo Tamburi, Direttore Enel Italia.</p>
<p>.</p>
<p>.<br />
#Giro100</p>
