{"id":145066,"date":"2017-12-27T20:24:35","date_gmt":"2017-12-27T20:24:35","guid":{"rendered":"https:\/\/www.youreporter.it\/video_monte_linzone_prealpi_bergamasche_almeno_40_cm_di_neve\/"},"modified":"2017-12-27T20:24:35","modified_gmt":"2017-12-27T20:24:35","slug":"video_monte_linzone_prealpi_bergamasche_almeno_40_cm_di_neve","status":"publish","type":"video","link":"https:\/\/www.youreporter.it\/video\/video_monte_linzone_prealpi_bergamasche_almeno_40_cm_di_neve\/","title":{"rendered":"Monte Linzone prealpi Bergamasche almeno 40 cm di neve"},"content":{"rendered":"<p>Monte Linzone 1,392 metri .s.l.m si arriva dal passo Valcava Prealpi Bergamasche video di Stefano Guarneroli via Meteo Natura<br \/>\nLa perturbazione che ha interessato il Monte Linzone ha lasciato un buon quantitativo di neve sopra i 1000-1200 metri, la neve al suolo \u00e8 di circa 40 cm e lo spettacolo assicurato!<\/p>\n<p>IL VALICO &#8211;<br \/>\nIl valico di Valcava \u00e8 un valico prealpino posto a 1.340 m di altitudine, che mette in comunicazione la Valle San Martino (Provincia di Bergamo nel comune di Torre de&#8217; Busi in cui ricade il valico e a sud dello stesso, Provincia di Lecco a nord dello stesso) con la Valle Imagna (provincia di Bergamo). Prende il nome dal paesino di Valcava, che si trova in prossimit\u00e0 del valico sul versante della Val San Martino; per metonimia, talvolta, con &#8220;Valcava&#8221; si intende anche il valico stesso.<\/p>\n<p>IL MONTE LINZONE &#8211;<br \/>\nIl monte Linzone (Linz\u00f9 in bergamasco) \u00e8 una montagna delle Prealpi Bergamasche alta 1.392 m. circondata da boschi e la cui sommit\u00e0 \u00e8 ricoperta da un ampio prato erboso. Il versante sud si apre sulla pianura bergamasca, mentre il versante nord d\u00e0 sulla valle Imagna. Per via della posizione predominante sulla pianura padana diversi ripetitori sono stati piazzati lungo la cresta che collega il Linzone al monte Albenza. Subito sotto dei ripetitori c&#8217;\u00e8 una cava dove si estrae materiale per l&#8217;edilizia.<\/p>\n","protected":false},"author":16996,"featured_media":0,"comment_status":"closed","ping_status":"closed","template":"","categories":[1],"tags":[],"geo":[3405,51,3485],"class_list":{"0":"post-145066","1":"video","2":"type-video","3":"status-publish","5":"category-cronaca","6":"geo-lecco","7":"geo-lombardia","8":"geo-torre-de-busi"},"acf":[],"_links":{"self":[{"href":"https:\/\/www.youreporter.it\/api\/wp\/v2\/video\/145066"}],"collection":[{"href":"https:\/\/www.youreporter.it\/api\/wp\/v2\/video"}],"about":[{"href":"https:\/\/www.youreporter.it\/api\/wp\/v2\/types\/video"}],"author":[{"embeddable":true,"href":"https:\/\/www.youreporter.it\/api\/wp\/v2\/users\/16996"}],"replies":[{"embeddable":true,"href":"https:\/\/www.youreporter.it\/api\/wp\/v2\/comments?post=145066"}],"version-history":[{"count":0,"href":"https:\/\/www.youreporter.it\/api\/wp\/v2\/video\/145066\/revisions"}],"wp:attachment":[{"href":"https:\/\/www.youreporter.it\/api\/wp\/v2\/media?parent=145066"}],"wp:term":[{"taxonomy":"category","embeddable":true,"href":"https:\/\/www.youreporter.it\/api\/wp\/v2\/categories?post=145066"},{"taxonomy":"post_tag","embeddable":true,"href":"https:\/\/www.youreporter.it\/api\/wp\/v2\/tags?post=145066"},{"taxonomy":"geo","embeddable":true,"href":"https:\/\/www.youreporter.it\/api\/wp\/v2\/geo?post=145066"}],"curies":[{"name":"wp","href":"https:\/\/api.w.org\/{rel}","templated":true}]}}

<p>Monte Linzone 1,392 metri .s.l.m si arriva dal passo Valcava Prealpi Bergamasche video di Stefano Guarneroli via Meteo Natura<br />
La perturbazione che ha interessato il Monte Linzone ha lasciato un buon quantitativo di neve sopra i 1000-1200 metri, la neve al suolo è di circa 40 cm e lo spettacolo assicurato!</p>
<p>IL VALICO &#8211;<br />
Il valico di Valcava è un valico prealpino posto a 1.340 m di altitudine, che mette in comunicazione la Valle San Martino (Provincia di Bergamo nel comune di Torre de&#8217; Busi in cui ricade il valico e a sud dello stesso, Provincia di Lecco a nord dello stesso) con la Valle Imagna (provincia di Bergamo). Prende il nome dal paesino di Valcava, che si trova in prossimità del valico sul versante della Val San Martino; per metonimia, talvolta, con &#8220;Valcava&#8221; si intende anche il valico stesso.</p>
<p>IL MONTE LINZONE &#8211;<br />
Il monte Linzone (Linzù in bergamasco) è una montagna delle Prealpi Bergamasche alta 1.392 m. circondata da boschi e la cui sommità è ricoperta da un ampio prato erboso. Il versante sud si apre sulla pianura bergamasca, mentre il versante nord dà sulla valle Imagna. Per via della posizione predominante sulla pianura padana diversi ripetitori sono stati piazzati lungo la cresta che collega il Linzone al monte Albenza. Subito sotto dei ripetitori c&#8217;è una cava dove si estrae materiale per l&#8217;edilizia.</p>
