{"id":145021,"date":"2018-01-02T19:57:04","date_gmt":"2018-01-02T19:57:04","guid":{"rendered":"https:\/\/www.youreporter.it\/video_incidente_stradale_a21_6_morti_video_2_polizia_stradale\/"},"modified":"2018-01-02T19:57:04","modified_gmt":"2018-01-02T19:57:04","slug":"video_incidente_stradale_a21_6_morti_video_2_polizia_stradale","status":"publish","type":"video","link":"https:\/\/www.youreporter.it\/video\/video_incidente_stradale_a21_6_morti_video_2_polizia_stradale\/","title":{"rendered":"Incidente mortale A21, 6 morti \/ Nuovo Video in notturna"},"content":{"rendered":"<p>Incidente mortale Brescia riaperta A21 in direzione Sud, prosegue l\u2019attivit\u00e0 della polizia stradale per il ripristino della viabilit\u00e0 in direzione Nord. Il cavalcavia SP24 interessato dal fuoco \u00e8 interdetto al traffico temporaneamente<\/p>\n<p>Grave incidente mortale sull\u2019A21 che collega Torino e Brescia, disagi per la viabilit\u00e0 per chiusura autostrada in entrambi sensi di marcia. Quattro mezzi pesanti e un\u2019auto coinvolte, Polizia Stradale di Brescia e Cremona sul posto con vigili del fuoco e soccorsi sanitari.<\/p>\n<p>L&#8217;incidente stradale tra due mezzi pesanti e un\u2019autovettura al km. 234 dell&#8217;A21: un\u2019autocisterna trasportante 50mc di gasolio si \u00e8 incendiata dopo l&#8217;urto.<\/p>\n<p>E&#8217; un bilancio molto drammatico e triste quello che vi raccontiamo oggi, che si \u00e8 verificato sull\u2019autostrada A21 che, confermano le sei vittime e tra questi purtroppo due bambini.<\/p>\n<p>Le sei vittime sono quattro adulti e appunto due bambini. Morto uno dei camionisti e i cinque occupanti dell&#8217;auto, tre adulti e due bambini. Un&#8217;intera famiglia distrutta. Il fumo nero e denso che si \u00e8 alzato dopo l&#8217;impatto, ha complicato l&#8217;intervento dei soccorritori.  Il tratto di autostrada dell&#8217;uscita di Brescia Centro e quella di Manerbio \u00e8 stato chiuso in entrambe le direzioni.<br \/>\nSul posto oltre al personale del 118 con elisoccorso e tre ambulanze anche i vigili del fuoco e la Polizia stradale. Da ricostruire l&#8217;esatta dinamica dello schianto<\/p>\n","protected":false},"author":16996,"featured_media":0,"comment_status":"closed","ping_status":"closed","template":"","categories":[1],"tags":[],"geo":[2934,2921,51],"class_list":{"0":"post-145021","1":"video","2":"type-video","3":"status-publish","5":"category-cronaca","6":"geo-bassano-bresciano","7":"geo-brescia","8":"geo-lombardia"},"acf":[],"_links":{"self":[{"href":"https:\/\/www.youreporter.it\/api\/wp\/v2\/video\/145021"}],"collection":[{"href":"https:\/\/www.youreporter.it\/api\/wp\/v2\/video"}],"about":[{"href":"https:\/\/www.youreporter.it\/api\/wp\/v2\/types\/video"}],"author":[{"embeddable":true,"href":"https:\/\/www.youreporter.it\/api\/wp\/v2\/users\/16996"}],"replies":[{"embeddable":true,"href":"https:\/\/www.youreporter.it\/api\/wp\/v2\/comments?post=145021"}],"version-history":[{"count":0,"href":"https:\/\/www.youreporter.it\/api\/wp\/v2\/video\/145021\/revisions"}],"wp:attachment":[{"href":"https:\/\/www.youreporter.it\/api\/wp\/v2\/media?parent=145021"}],"wp:term":[{"taxonomy":"category","embeddable":true,"href":"https:\/\/www.youreporter.it\/api\/wp\/v2\/categories?post=145021"},{"taxonomy":"post_tag","embeddable":true,"href":"https:\/\/www.youreporter.it\/api\/wp\/v2\/tags?post=145021"},{"taxonomy":"geo","embeddable":true,"href":"https:\/\/www.youreporter.it\/api\/wp\/v2\/geo?post=145021"}],"curies":[{"name":"wp","href":"https:\/\/api.w.org\/{rel}","templated":true}]}}

<p>Incidente mortale Brescia riaperta A21 in direzione Sud, prosegue l’attività della polizia stradale per il ripristino della viabilità in direzione Nord. Il cavalcavia SP24 interessato dal fuoco è interdetto al traffico temporaneamente</p>
<p>Grave incidente mortale sull’A21 che collega Torino e Brescia, disagi per la viabilità per chiusura autostrada in entrambi sensi di marcia. Quattro mezzi pesanti e un’auto coinvolte, Polizia Stradale di Brescia e Cremona sul posto con vigili del fuoco e soccorsi sanitari.</p>
<p>L&#8217;incidente stradale tra due mezzi pesanti e un’autovettura al km. 234 dell&#8217;A21: un’autocisterna trasportante 50mc di gasolio si è incendiata dopo l&#8217;urto.</p>
<p>E&#8217; un bilancio molto drammatico e triste quello che vi raccontiamo oggi, che si è verificato sull’autostrada A21 che, confermano le sei vittime e tra questi purtroppo due bambini.</p>
<p>Le sei vittime sono quattro adulti e appunto due bambini. Morto uno dei camionisti e i cinque occupanti dell&#8217;auto, tre adulti e due bambini. Un&#8217;intera famiglia distrutta. Il fumo nero e denso che si è alzato dopo l&#8217;impatto, ha complicato l&#8217;intervento dei soccorritori.  Il tratto di autostrada dell&#8217;uscita di Brescia Centro e quella di Manerbio è stato chiuso in entrambe le direzioni.<br />
Sul posto oltre al personale del 118 con elisoccorso e tre ambulanze anche i vigili del fuoco e la Polizia stradale. Da ricostruire l&#8217;esatta dinamica dello schianto</p>
