{"id":145018,"date":"2018-01-03T16:16:13","date_gmt":"2018-01-03T16:16:13","guid":{"rendered":"https:\/\/www.youreporter.it\/video_pazzesca_nevicata_a_livigno_con_il_paese_tutto_bianco\/"},"modified":"2018-01-03T16:16:13","modified_gmt":"2018-01-03T16:16:13","slug":"video_pazzesca_nevicata_a_livigno_con_il_paese_tutto_bianco","status":"publish","type":"video","link":"https:\/\/www.youreporter.it\/video\/video_pazzesca_nevicata_a_livigno_con_il_paese_tutto_bianco\/","title":{"rendered":"Pazzesca nevicata a Livigno, il paese \u00e8 tutto bianco!"},"content":{"rendered":"<p>Livigno fa il &#8220;pieno&#8221; di neve! Che nevicata pazzesca in atto sul centro turistico lombardo. Nelle immagini girate poco fa, una panoramica completa del paese sommerso dalla neve, almeno 20 i centimetri caduti a terra. Le strade se pur con accumuli di neve presenti sui lati sono praticabili con la massima prudenza. Fonte video: @tutto Livigno<\/p>\n<p>LA LOCALITA&#8217; DI LIVIGNO &#8211;<br \/>\nLivigno, comune di poco pi\u00f9 di 6.500 abitanti della provincia di Sondrio in Lombardia. Secondo comune tra i pi\u00f9 elevati d&#8217;Italia dopo Sestriere, \u00e8 il pi\u00f9 settentrionale ed il pi\u00f9 esteso della Lombardia, nonch\u00e9 il pi\u00f9 popolato fra i 27 comuni italiani posti oltre i 1.500 metri di altitudine sul livello del mare. Zona extradoganale, fa parte della Comunit\u00e0 montana Alta Valtellina ed \u00e8 una rinomata stazione turistica invernale ed estiva delle Alpi.<\/p>\n<p>QUESTA LA SITUAZIONE METEO AGGIORNATA ALLE ORE 16.35 &#8211;<br \/>\n Piogge in corso sulle regioni settentrionali (ad esclusione della Liguria e dell&#8217;Emilia Romagna centro-occidentale). Qualche debole pioggia anche tra Campania e Puglia settentrionale. Nevicate lungo le zone alpine fino a quote di montagna. Via Italia Live Meteo<\/p>\n","protected":false},"author":16996,"featured_media":0,"comment_status":"closed","ping_status":"closed","template":"","categories":[1],"tags":[],"geo":[4047,51,4011],"class_list":{"0":"post-145018","1":"video","2":"type-video","3":"status-publish","5":"category-cronaca","6":"geo-livigno","7":"geo-lombardia","8":"geo-sondrio"},"acf":[],"_links":{"self":[{"href":"https:\/\/www.youreporter.it\/api\/wp\/v2\/video\/145018"}],"collection":[{"href":"https:\/\/www.youreporter.it\/api\/wp\/v2\/video"}],"about":[{"href":"https:\/\/www.youreporter.it\/api\/wp\/v2\/types\/video"}],"author":[{"embeddable":true,"href":"https:\/\/www.youreporter.it\/api\/wp\/v2\/users\/16996"}],"replies":[{"embeddable":true,"href":"https:\/\/www.youreporter.it\/api\/wp\/v2\/comments?post=145018"}],"version-history":[{"count":0,"href":"https:\/\/www.youreporter.it\/api\/wp\/v2\/video\/145018\/revisions"}],"wp:attachment":[{"href":"https:\/\/www.youreporter.it\/api\/wp\/v2\/media?parent=145018"}],"wp:term":[{"taxonomy":"category","embeddable":true,"href":"https:\/\/www.youreporter.it\/api\/wp\/v2\/categories?post=145018"},{"taxonomy":"post_tag","embeddable":true,"href":"https:\/\/www.youreporter.it\/api\/wp\/v2\/tags?post=145018"},{"taxonomy":"geo","embeddable":true,"href":"https:\/\/www.youreporter.it\/api\/wp\/v2\/geo?post=145018"}],"curies":[{"name":"wp","href":"https:\/\/api.w.org\/{rel}","templated":true}]}}

Pazzesca nevicata a Livigno, il paese è tutto bianco!

<p>Livigno fa il &#8220;pieno&#8221; di neve! Che nevicata pazzesca in atto sul centro turistico lombardo. Nelle immagini girate poco fa, una panoramica completa del paese sommerso dalla neve, almeno 20 i centimetri caduti a terra. Le strade se pur con accumuli di neve presenti sui lati sono praticabili con la massima prudenza. Fonte video: @tutto Livigno</p>
<p>LA LOCALITA&#8217; DI LIVIGNO &#8211;<br />
Livigno, comune di poco più di 6.500 abitanti della provincia di Sondrio in Lombardia. Secondo comune tra i più elevati d&#8217;Italia dopo Sestriere, è il più settentrionale ed il più esteso della Lombardia, nonché il più popolato fra i 27 comuni italiani posti oltre i 1.500 metri di altitudine sul livello del mare. Zona extradoganale, fa parte della Comunità montana Alta Valtellina ed è una rinomata stazione turistica invernale ed estiva delle Alpi.</p>
<p>QUESTA LA SITUAZIONE METEO AGGIORNATA ALLE ORE 16.35 &#8211;<br />
 Piogge in corso sulle regioni settentrionali (ad esclusione della Liguria e dell&#8217;Emilia Romagna centro-occidentale). Qualche debole pioggia anche tra Campania e Puglia settentrionale. Nevicate lungo le zone alpine fino a quote di montagna. Via Italia Live Meteo</p>
