{"id":140210,"date":"2016-02-24T09:22:41","date_gmt":"2016-02-24T09:22:41","guid":{"rendered":"https:\/\/www.youreporter.it\/video_fairplay_corecom_lombardia_2015_a_mihajlovic_e_telenova\/"},"modified":"2016-02-24T09:22:41","modified_gmt":"2016-02-24T09:22:41","slug":"video_fairplay_corecom_lombardia_2015_a_mihajlovic_e_telenova","status":"publish","type":"video","link":"https:\/\/www.youreporter.it\/video\/video_fairplay_corecom_lombardia_2015_a_mihajlovic_e_telenova\/","title":{"rendered":"Fairplay Corecom Lombardia 2015 a Mihajlovic e Telenova"},"content":{"rendered":"<p>Fair-play Calcio e TV,CoReCom Lombardia premia l&#8217;allenatore del Milan, Sinisa Mihajlovi\u0107 e Gianni Visnadi, direttore Telenova.<\/p>\n<p>Nel tardo pomeriggio di gioved\u00ec 18 febbraio 2016, a Milano, presso la Sala Pirelli annessa alla sede del Consiglio Regionale Lombardia, si \u00e8 svolta l\u2019iniziativa Fair-play Calcio e TV, giunta alla sua quarta edizione.<\/p>\n<p>A fare gli onori di casa, sullo sfondo di una suggestiva copia della Champions League, la presidente del Co.Re.Com. Lombardia, Federica Zanella, che ha premiato l\u2019allenatore del Milan, Sini\u0161a Mihajlovi\u0107 e il direttore di Telenova news, Gianni Visnadi, per la trasmissione \u201cNova Stadio\u201d: &#8220;Il salotto di Gianni Visnadi &#8211; dice la motivazione &#8211; \u00e8 vivace ma sempre all&#8217;insegna del fair play senza cadere in toni offensivi&#8221;. Una menzione speciale per &#8220;Riunione di redazione&#8221; Top Calcio 24 di Telelombardia.<\/p>\n<p>L\u2019iniziativa, nata da una felice intuizione proprio di Federica Zanella, intende contribuire alla diffusione dei valori positivi dello sport che, cos\u00ec come enunciati anche nel &#8211; Codice Media e Sport &#8211; pongono l\u2019agonismo sportivo al servizio di un corretto e pacifico sviluppo delle relazioni umane.<\/p>\n<p>Tra i vari ospiti convenuti, volti noti delle istituzioni Regionali, del giornalismo sportivo e dello spettacolo, tra i quali l\u2019olimpionico Antonio Rossi, assessore regionale sport e giovani, Tiziano Crudeli e Carlo Pellegatti e l\u2019istrionico attore Ugo Conti, opinionista a Novastadio.<\/p>\n<p>Oltre al Premio Fair Play Calcio e TV, il tecnico rossonero ha ricevuto la tessera di socio ad honorem del Milan Club Regione Lombardia. Un vero tour de force quello di Miha, considerato che nella stesso pomeriggio era stato con Carlos Bacca al Meet&#038;Greet organizzato a Casa Milan.<\/p>\n<p>Combattente sul campo come nella vita, Sinisa, sollecitato dalla Presidente Zanella e dai numerosi convenuti, ha rilasciato alcuni sagaci commenti sulle prestazioni della sua squadra in campionato e in vista di una possibile conquista per un posto in Europa: &#8220;Preferisco perdere il derby e vincere lo scudetto \u2026 L&#8217;obiettivo di una grande squadra va oltre una singola partita \u2026 Fissarsi sul derby \u00e8 mentalit\u00e0 provinciale\u201d. Quindi, sull&#8217;opportunit\u00e0 di privilegiare l&#8217;utilizzo di giocatori italiani, ha sottolineato: &#8220;Era uno dei nostri obiettivi portare tanti calciatori italiani in squadra. Poi ci sono stranieri bravi come Niang e Bacca, e questa \u00e8 la strada giusta. Anche Donnarumma per me non \u00e8 stata una sorpresa. Lo conoscevo e sapevo che era forte anche se giovanissimo cos\u00ec come lo \u00e8 Locatelli\u201d. In prospettiva dello scontro con il Napoli ha poi aggiunto: \u201cIl Napoli ha dimostrato di essere la squadra migliore insieme alla Juve. Non sar\u00e0 facile per noi ma neanche per loro. La corsa al terzo posto? Mah, intanto pensiamo partita dopo partita. Sicuramente il girone d&#8217;andata non \u00e8 stato come volevamo. Abbiamo cambiato tanto in panchina e in campo. Vediamo, in questo momento stiamo meglio delle nostre concorrenti. Speriamo di riuscire ad arrivare terzi. \u00c8 molto difficile, ma stiamo recuperando. Ce la metteremo tutta. Abbiamo grandi margini di miglioramento, e se saremo bravi e fortunati potremo farcela ad arrivare terzi&#8221;.<\/p>\n","protected":false},"author":17299,"featured_media":0,"comment_status":"closed","ping_status":"closed","template":"","categories":[1],"tags":[],"geo":[51,3629],"class_list":{"0":"post-140210","1":"video","2":"type-video","3":"status-publish","5":"category-cronaca","6":"geo-lombardia","7":"geo-milano"},"acf":[],"_links":{"self":[{"href":"https:\/\/www.youreporter.it\/api\/wp\/v2\/video\/140210"}],"collection":[{"href":"https:\/\/www.youreporter.it\/api\/wp\/v2\/video"}],"about":[{"href":"https:\/\/www.youreporter.it\/api\/wp\/v2\/types\/video"}],"author":[{"embeddable":true,"href":"https:\/\/www.youreporter.it\/api\/wp\/v2\/users\/17299"}],"replies":[{"embeddable":true,"href":"https:\/\/www.youreporter.it\/api\/wp\/v2\/comments?post=140210"}],"version-history":[{"count":0,"href":"https:\/\/www.youreporter.it\/api\/wp\/v2\/video\/140210\/revisions"}],"wp:attachment":[{"href":"https:\/\/www.youreporter.it\/api\/wp\/v2\/media?parent=140210"}],"wp:term":[{"taxonomy":"category","embeddable":true,"href":"https:\/\/www.youreporter.it\/api\/wp\/v2\/categories?post=140210"},{"taxonomy":"post_tag","embeddable":true,"href":"https:\/\/www.youreporter.it\/api\/wp\/v2\/tags?post=140210"},{"taxonomy":"geo","embeddable":true,"href":"https:\/\/www.youreporter.it\/api\/wp\/v2\/geo?post=140210"}],"curies":[{"name":"wp","href":"https:\/\/api.w.org\/{rel}","templated":true}]}}

<p>Fair-play Calcio e TV,CoReCom Lombardia premia l&#8217;allenatore del Milan, Sinisa Mihajlović e Gianni Visnadi, direttore Telenova.</p>
<p>Nel tardo pomeriggio di giovedì 18 febbraio 2016, a Milano, presso la Sala Pirelli annessa alla sede del Consiglio Regionale Lombardia, si è svolta l’iniziativa Fair-play Calcio e TV, giunta alla sua quarta edizione.</p>
<p>A fare gli onori di casa, sullo sfondo di una suggestiva copia della Champions League, la presidente del Co.Re.Com. Lombardia, Federica Zanella, che ha premiato l’allenatore del Milan, Siniša Mihajlović e il direttore di Telenova news, Gianni Visnadi, per la trasmissione “Nova Stadio”: &#8220;Il salotto di Gianni Visnadi &#8211; dice la motivazione &#8211; è vivace ma sempre all&#8217;insegna del fair play senza cadere in toni offensivi&#8221;. Una menzione speciale per &#8220;Riunione di redazione&#8221; Top Calcio 24 di Telelombardia.</p>
<p>L’iniziativa, nata da una felice intuizione proprio di Federica Zanella, intende contribuire alla diffusione dei valori positivi dello sport che, così come enunciati anche nel &#8211; Codice Media e Sport &#8211; pongono l’agonismo sportivo al servizio di un corretto e pacifico sviluppo delle relazioni umane.</p>
<p>Tra i vari ospiti convenuti, volti noti delle istituzioni Regionali, del giornalismo sportivo e dello spettacolo, tra i quali l’olimpionico Antonio Rossi, assessore regionale sport e giovani, Tiziano Crudeli e Carlo Pellegatti e l’istrionico attore Ugo Conti, opinionista a Novastadio.</p>
<p>Oltre al Premio Fair Play Calcio e TV, il tecnico rossonero ha ricevuto la tessera di socio ad honorem del Milan Club Regione Lombardia. Un vero tour de force quello di Miha, considerato che nella stesso pomeriggio era stato con Carlos Bacca al Meet&#038;Greet organizzato a Casa Milan.</p>
<p>Combattente sul campo come nella vita, Sinisa, sollecitato dalla Presidente Zanella e dai numerosi convenuti, ha rilasciato alcuni sagaci commenti sulle prestazioni della sua squadra in campionato e in vista di una possibile conquista per un posto in Europa: &#8220;Preferisco perdere il derby e vincere lo scudetto … L&#8217;obiettivo di una grande squadra va oltre una singola partita … Fissarsi sul derby è mentalità provinciale”. Quindi, sull&#8217;opportunità di privilegiare l&#8217;utilizzo di giocatori italiani, ha sottolineato: &#8220;Era uno dei nostri obiettivi portare tanti calciatori italiani in squadra. Poi ci sono stranieri bravi come Niang e Bacca, e questa è la strada giusta. Anche Donnarumma per me non è stata una sorpresa. Lo conoscevo e sapevo che era forte anche se giovanissimo così come lo è Locatelli”. In prospettiva dello scontro con il Napoli ha poi aggiunto: “Il Napoli ha dimostrato di essere la squadra migliore insieme alla Juve. Non sarà facile per noi ma neanche per loro. La corsa al terzo posto? Mah, intanto pensiamo partita dopo partita. Sicuramente il girone d&#8217;andata non è stato come volevamo. Abbiamo cambiato tanto in panchina e in campo. Vediamo, in questo momento stiamo meglio delle nostre concorrenti. Speriamo di riuscire ad arrivare terzi. È molto difficile, ma stiamo recuperando. Ce la metteremo tutta. Abbiamo grandi margini di miglioramento, e se saremo bravi e fortunati potremo farcela ad arrivare terzi&#8221;.</p>
