{"id":133649,"date":"2015-04-29T17:43:22","date_gmt":"2015-04-29T17:43:22","guid":{"rendered":"https:\/\/www.youreporter.it\/video_presentazione_centenario_grande_guerra_l_esercito_marciava\/"},"modified":"2015-04-29T17:43:22","modified_gmt":"2015-04-29T17:43:22","slug":"video_presentazione_centenario_grande_guerra_l_esercito_marciava","status":"publish","type":"video","link":"https:\/\/www.youreporter.it\/video\/video_presentazione_centenario_grande_guerra_l_esercito_marciava\/","title":{"rendered":"Conferenza Centenario Grande Guerra L&#8217;Esercito Marciava&#8230;"},"content":{"rendered":"<p>Roma, 29 aprile 2015. Si \u00e8 svolta questa mattina, presso la Sala conferenze del Circolo Ufficiali delle Forze Armate d\u2019Italia, la conferenza stampa di presentazione degli eventi commemorativi per il centenario della Grande Guerra e del 154\u00b0 Anniversario della costituzione dell\u2019Esercito Italiano.<\/p>\n<p>L\u2019evento \u00e8 stato presentato dal Capo Reparto Affari Generale dello Stato Maggiore dell\u2019Esercito, Generale di Divisione Giuseppenicola Tota, e dal Professor Umberto Broccoli, sovraintendente ai beni culturali del comune di Roma.<br \/>\n\u201cL\u2019Esercito marciava\u2026\u201d \u00e8 dunque il nome evocativo del progetto realizzato dall\u2019Esercito Italiano per ricordare l\u2019ingresso in guerra dell\u2019Italia e riscoprire il sacrificio di un popolo, di un\u2019intera nazione.<\/p>\n<p>Tre saranno i principali momenti che caratterizzano l\u2019iniziativa che si svolger\u00e0 dall\u201911 al 24 maggio. La staffetta di soldati che, partendo da cinque localit\u00e0 diverse e correndo ininterrottamente, attraverser\u00e0 vie, borghi, paesi, sacrari e citt\u00e0 fino a giungere, la sera del 24 maggio, a Trieste in piazza Unit\u00e0 d\u2019Italia. Saranno percorsi 5 differenti itinerari per un totale di 5 mila e 200 chilometri che avranno come punti di partenza le localit\u00e0 di Trapani, Lecce, Cagliari, Padova e Aosta. Gli oltre 600 soldati impegnati si alterneranno portando il tricolore simbolo dell&#8217;unit\u00e0 d&#8217;Italia. Tanti gli eventi promozionali nei principali centri urbani attraversarti dalla staffetta nel corso dei quali saranno condivisi quei valori, sentimenti e ideali dei nostri avi e che sono ancora quelli dell\u2019Esercito di oggi. Importante novit\u00e0, la consegna degli stati di servizio di soldati italiani che hanno partecipato alla prima guerra mondiale agli eredi che ne hanno fatto richiesta. La giornata conclusiva, a Trieste, il 24 maggio, in piazza Unit\u00e0 d\u2019Italia con la cerimonia dell&#8217;alzabandiera quale emblema di condivisione e commemorazione del sacrificio di un intero popolo.<\/p>\n<p>Tanti gli interventi artistici e musicali tra cui quello della cantante Ivana Spagna, della soprana Carmela Maffongelli che interpreteranno alcune popolari canzoni del periodo.<\/p>\n","protected":false},"author":13508,"featured_media":0,"comment_status":"closed","ping_status":"closed","template":"","categories":[1],"tags":[],"geo":[2254],"class_list":{"0":"post-133649","1":"video","2":"type-video","3":"status-publish","5":"category-cronaca","6":"geo-roma"},"acf":[],"_links":{"self":[{"href":"https:\/\/www.youreporter.it\/api\/wp\/v2\/video\/133649"}],"collection":[{"href":"https:\/\/www.youreporter.it\/api\/wp\/v2\/video"}],"about":[{"href":"https:\/\/www.youreporter.it\/api\/wp\/v2\/types\/video"}],"author":[{"embeddable":true,"href":"https:\/\/www.youreporter.it\/api\/wp\/v2\/users\/13508"}],"replies":[{"embeddable":true,"href":"https:\/\/www.youreporter.it\/api\/wp\/v2\/comments?post=133649"}],"version-history":[{"count":0,"href":"https:\/\/www.youreporter.it\/api\/wp\/v2\/video\/133649\/revisions"}],"wp:attachment":[{"href":"https:\/\/www.youreporter.it\/api\/wp\/v2\/media?parent=133649"}],"wp:term":[{"taxonomy":"category","embeddable":true,"href":"https:\/\/www.youreporter.it\/api\/wp\/v2\/categories?post=133649"},{"taxonomy":"post_tag","embeddable":true,"href":"https:\/\/www.youreporter.it\/api\/wp\/v2\/tags?post=133649"},{"taxonomy":"geo","embeddable":true,"href":"https:\/\/www.youreporter.it\/api\/wp\/v2\/geo?post=133649"}],"curies":[{"name":"wp","href":"https:\/\/api.w.org\/{rel}","templated":true}]}}

<p>Roma, 29 aprile 2015. Si è svolta questa mattina, presso la Sala conferenze del Circolo Ufficiali delle Forze Armate d’Italia, la conferenza stampa di presentazione degli eventi commemorativi per il centenario della Grande Guerra e del 154° Anniversario della costituzione dell’Esercito Italiano.</p>
<p>L’evento è stato presentato dal Capo Reparto Affari Generale dello Stato Maggiore dell’Esercito, Generale di Divisione Giuseppenicola Tota, e dal Professor Umberto Broccoli, sovraintendente ai beni culturali del comune di Roma.<br />
“L’Esercito marciava…” è dunque il nome evocativo del progetto realizzato dall’Esercito Italiano per ricordare l’ingresso in guerra dell’Italia e riscoprire il sacrificio di un popolo, di un’intera nazione.</p>
<p>Tre saranno i principali momenti che caratterizzano l’iniziativa che si svolgerà dall’11 al 24 maggio. La staffetta di soldati che, partendo da cinque località diverse e correndo ininterrottamente, attraverserà vie, borghi, paesi, sacrari e città fino a giungere, la sera del 24 maggio, a Trieste in piazza Unità d’Italia. Saranno percorsi 5 differenti itinerari per un totale di 5 mila e 200 chilometri che avranno come punti di partenza le località di Trapani, Lecce, Cagliari, Padova e Aosta. Gli oltre 600 soldati impegnati si alterneranno portando il tricolore simbolo dell&#8217;unità d&#8217;Italia. Tanti gli eventi promozionali nei principali centri urbani attraversarti dalla staffetta nel corso dei quali saranno condivisi quei valori, sentimenti e ideali dei nostri avi e che sono ancora quelli dell’Esercito di oggi. Importante novità, la consegna degli stati di servizio di soldati italiani che hanno partecipato alla prima guerra mondiale agli eredi che ne hanno fatto richiesta. La giornata conclusiva, a Trieste, il 24 maggio, in piazza Unità d’Italia con la cerimonia dell&#8217;alzabandiera quale emblema di condivisione e commemorazione del sacrificio di un intero popolo.</p>
<p>Tanti gli interventi artistici e musicali tra cui quello della cantante Ivana Spagna, della soprana Carmela Maffongelli che interpreteranno alcune popolari canzoni del periodo.</p>
