{"id":133644,"date":"2015-05-04T18:58:58","date_gmt":"2015-05-04T18:58:58","guid":{"rendered":"https:\/\/www.youreporter.it\/video_esercito_festeggia_i_154_anni_al_servizio_degli_italiani\/"},"modified":"2015-05-04T18:58:58","modified_gmt":"2015-05-04T18:58:58","slug":"video_esercito_festeggia_i_154_anni_al_servizio_degli_italiani","status":"publish","type":"video","link":"https:\/\/www.youreporter.it\/video\/video_esercito_festeggia_i_154_anni_al_servizio_degli_italiani\/","title":{"rendered":"Esercito festeggia i 154 anni al servizio degli italiani"},"content":{"rendered":"<p>Il 4 maggio 1861 a Torino, Manfredo Fanti, in qualit\u00e0 di Ministro della Guerra decret\u00f2 la fine dell&#8217;Armata Sarda e la nascita dell&#8217;Esercito Italiano.<\/p>\n<p>Sono iniziate questa mattina con la deposizione di una corona d\u2019alloro al Sacrario dei Caduti nel cortile d\u2019onore di Palazzo Esercito, le celebrazioni per il 154\u00b0 Anniversario della Costituzione dell\u2019Esercito Italiano. Successivamente, presso l&#8217;Ippodromo militare Gen. \u201cPietro Giannattasio\u201d di Tor di Quinto, si svolta una cerimonia militare alla presenza del Ministro della Difesa, Roberta Pinotti, del Capo di Stato Maggiore della Difesa, Gen. Claudio Graziano e del Capo di Stato Maggiore dell\u2019Esercito, Gen. di Corpo d\u2019Armata Danilo Errico.<\/p>\n<p>\u201cSempre pronto rispetto alle esigenze del Paese\u201d cos\u00ec ha voluto definire l\u2019impegno dell\u2019Esercito il Signor Presidente della Repubblica nel suo messaggio augurale, mentre il Gen. Errico ha riportato la frase con la quale il Ministro della Difesa ha inteso racchiudere l\u2019essenza dell\u2019esercito:\u201d Noi ci siamo sempre&#8221;<\/p>\n<p>Durante il suo intervento il Generale Errico ha inoltre sottolineato \u201cche il passato ci insegna che l\u2019Esercito Italiano \u00e8 stato prima strumento e veicolo dell\u2019unit\u00e0 e, successivamente, piena espressione della collettivit\u00e0 nazionale\u201d. \u201c Oggi l\u2019Esercito \u2013 ha aggiunto il Capo di Stato Maggiore \u2013 continua a essere un solido punto di riferimento tanto a livello internazionale, quanto per la collettivit\u00e0 nazionale, dove si fa carico delle sempre pi\u00f9 esigenti richieste di sicurezza interna. Un complesso di attivit\u00e0 che ha reso l\u2019Esercito una vera e propria risorsa per tutti gli italiani.\u201d<\/p>\n<p> Nel corso della cerimonia il Ministro della Difesa ha conferito la Medaglia d\u2019Oro al Valor Militare alla Bandiera di Guerra dell\u2019Esercito, la Medaglia d\u2019Oro al Valore dell\u2019Esercito al Caporale maggiore Scelto Monica Contrafatto, la Medaglia d\u2019Argento al Valore dell\u2019Esercito al Caporale Maggiore Capo Pasquale Mele e al Caporale Maggiore Capo Gennaro D\u2019Agostino, la Medaglia di Bronzo al Valore dell\u2019Esercito al Capitano Giovanni Iafolla e al Maresciallo Capo Luca Costanzo, militari feriti e  soldati che si sono distinti per particolari atti di valore in Afghanistan e sul territorio nazionale.<\/p>\n<p>La cerimonia si \u00e8 conclusa con il carosello di lance e con la tradizionale carica dei  \u201cLancieri di Montebello (8\u00b0).<\/p>\n<p>Attualmente, sono circa 9000 i militari dell\u2019Esercito impegnati nelle operazioni internazionali in 17 diversi paesi e sul territorio nazionale nell\u2019ambito dell\u2019operazione \u201cStrade Sicure\u201d (1800 a Milano sul sito espositivo EXPO, dove stanotte i militari dell\u2019Esercito hanno effettuato  il primo arresto di un ladro)  3 sono i generali dell\u2019Esercito Italiano al Comando di importanti missioni internazionali: UNIFIL in Libano, KFOR in Kosovo e EUTM SOMALIA in Somalia.<\/p>\n","protected":false},"author":13508,"featured_media":0,"comment_status":"closed","ping_status":"closed","template":"","categories":[1],"tags":[],"geo":[2254],"class_list":{"0":"post-133644","1":"video","2":"type-video","3":"status-publish","5":"category-cronaca","6":"geo-roma"},"acf":[],"_links":{"self":[{"href":"https:\/\/www.youreporter.it\/api\/wp\/v2\/video\/133644"}],"collection":[{"href":"https:\/\/www.youreporter.it\/api\/wp\/v2\/video"}],"about":[{"href":"https:\/\/www.youreporter.it\/api\/wp\/v2\/types\/video"}],"author":[{"embeddable":true,"href":"https:\/\/www.youreporter.it\/api\/wp\/v2\/users\/13508"}],"replies":[{"embeddable":true,"href":"https:\/\/www.youreporter.it\/api\/wp\/v2\/comments?post=133644"}],"version-history":[{"count":0,"href":"https:\/\/www.youreporter.it\/api\/wp\/v2\/video\/133644\/revisions"}],"wp:attachment":[{"href":"https:\/\/www.youreporter.it\/api\/wp\/v2\/media?parent=133644"}],"wp:term":[{"taxonomy":"category","embeddable":true,"href":"https:\/\/www.youreporter.it\/api\/wp\/v2\/categories?post=133644"},{"taxonomy":"post_tag","embeddable":true,"href":"https:\/\/www.youreporter.it\/api\/wp\/v2\/tags?post=133644"},{"taxonomy":"geo","embeddable":true,"href":"https:\/\/www.youreporter.it\/api\/wp\/v2\/geo?post=133644"}],"curies":[{"name":"wp","href":"https:\/\/api.w.org\/{rel}","templated":true}]}}

<p>Il 4 maggio 1861 a Torino, Manfredo Fanti, in qualità di Ministro della Guerra decretò la fine dell&#8217;Armata Sarda e la nascita dell&#8217;Esercito Italiano.</p>
<p>Sono iniziate questa mattina con la deposizione di una corona d’alloro al Sacrario dei Caduti nel cortile d’onore di Palazzo Esercito, le celebrazioni per il 154° Anniversario della Costituzione dell’Esercito Italiano. Successivamente, presso l&#8217;Ippodromo militare Gen. “Pietro Giannattasio” di Tor di Quinto, si svolta una cerimonia militare alla presenza del Ministro della Difesa, Roberta Pinotti, del Capo di Stato Maggiore della Difesa, Gen. Claudio Graziano e del Capo di Stato Maggiore dell’Esercito, Gen. di Corpo d’Armata Danilo Errico.</p>
<p>“Sempre pronto rispetto alle esigenze del Paese” così ha voluto definire l’impegno dell’Esercito il Signor Presidente della Repubblica nel suo messaggio augurale, mentre il Gen. Errico ha riportato la frase con la quale il Ministro della Difesa ha inteso racchiudere l’essenza dell’esercito:” Noi ci siamo sempre&#8221;</p>
<p>Durante il suo intervento il Generale Errico ha inoltre sottolineato “che il passato ci insegna che l’Esercito Italiano è stato prima strumento e veicolo dell’unità e, successivamente, piena espressione della collettività nazionale”. “ Oggi l’Esercito – ha aggiunto il Capo di Stato Maggiore – continua a essere un solido punto di riferimento tanto a livello internazionale, quanto per la collettività nazionale, dove si fa carico delle sempre più esigenti richieste di sicurezza interna. Un complesso di attività che ha reso l’Esercito una vera e propria risorsa per tutti gli italiani.”</p>
<p> Nel corso della cerimonia il Ministro della Difesa ha conferito la Medaglia d’Oro al Valor Militare alla Bandiera di Guerra dell’Esercito, la Medaglia d’Oro al Valore dell’Esercito al Caporale maggiore Scelto Monica Contrafatto, la Medaglia d’Argento al Valore dell’Esercito al Caporale Maggiore Capo Pasquale Mele e al Caporale Maggiore Capo Gennaro D’Agostino, la Medaglia di Bronzo al Valore dell’Esercito al Capitano Giovanni Iafolla e al Maresciallo Capo Luca Costanzo, militari feriti e  soldati che si sono distinti per particolari atti di valore in Afghanistan e sul territorio nazionale.</p>
<p>La cerimonia si è conclusa con il carosello di lance e con la tradizionale carica dei  “Lancieri di Montebello (8°).</p>
<p>Attualmente, sono circa 9000 i militari dell’Esercito impegnati nelle operazioni internazionali in 17 diversi paesi e sul territorio nazionale nell’ambito dell’operazione “Strade Sicure” (1800 a Milano sul sito espositivo EXPO, dove stanotte i militari dell’Esercito hanno effettuato  il primo arresto di un ladro)  3 sono i generali dell’Esercito Italiano al Comando di importanti missioni internazionali: UNIFIL in Libano, KFOR in Kosovo e EUTM SOMALIA in Somalia.</p>
