{"id":131257,"date":"2015-09-18T10:04:14","date_gmt":"2015-09-18T10:04:14","guid":{"rendered":"https:\/\/www.youreporter.it\/video_convegno_lotta_allo_spreco_e_contrasto_alle_nuove_poverta\/"},"modified":"2015-09-18T10:04:14","modified_gmt":"2015-09-18T10:04:14","slug":"video_convegno_lotta_allo_spreco_e_contrasto_alle_nuove_poverta","status":"publish","type":"video","link":"https:\/\/www.youreporter.it\/video\/video_convegno_lotta_allo_spreco_e_contrasto_alle_nuove_poverta\/","title":{"rendered":"Convegno &#8220;Lotta allo spreco e contrasto alle nuove povert\u00e0&#8221;"},"content":{"rendered":"<p>Gioved\u00ec 17 settembre 2015, dalle ore 10.00 alle ore 13.00, si \u00e8 tenuto l\u2019evento \u201cLotta allo spreco e contrasto alle nuove povert\u00e0. Il Volontariato porta le sue esperienze a Expo per rilanciare un patto di comunit\u00e0\u201d.<\/p>\n","protected":false},"author":11125,"featured_media":0,"comment_status":"closed","ping_status":"closed","template":"","categories":[1],"tags":[],"geo":[51,3629],"class_list":{"0":"post-131257","1":"video","2":"type-video","3":"status-publish","5":"category-cronaca","6":"geo-lombardia","7":"geo-milano"},"acf":[],"_links":{"self":[{"href":"https:\/\/www.youreporter.it\/api\/wp\/v2\/video\/131257"}],"collection":[{"href":"https:\/\/www.youreporter.it\/api\/wp\/v2\/video"}],"about":[{"href":"https:\/\/www.youreporter.it\/api\/wp\/v2\/types\/video"}],"author":[{"embeddable":true,"href":"https:\/\/www.youreporter.it\/api\/wp\/v2\/users\/11125"}],"replies":[{"embeddable":true,"href":"https:\/\/www.youreporter.it\/api\/wp\/v2\/comments?post=131257"}],"version-history":[{"count":0,"href":"https:\/\/www.youreporter.it\/api\/wp\/v2\/video\/131257\/revisions"}],"wp:attachment":[{"href":"https:\/\/www.youreporter.it\/api\/wp\/v2\/media?parent=131257"}],"wp:term":[{"taxonomy":"category","embeddable":true,"href":"https:\/\/www.youreporter.it\/api\/wp\/v2\/categories?post=131257"},{"taxonomy":"post_tag","embeddable":true,"href":"https:\/\/www.youreporter.it\/api\/wp\/v2\/tags?post=131257"},{"taxonomy":"geo","embeddable":true,"href":"https:\/\/www.youreporter.it\/api\/wp\/v2\/geo?post=131257"}],"curies":[{"name":"wp","href":"https:\/\/api.w.org\/{rel}","templated":true}]}}

Convegno &#8220;Lotta allo spreco e contrasto alle nuove povertà&#8221;

<p>Giovedì 17 settembre 2015, dalle ore 10.00 alle ore 13.00, si è tenuto l’evento “Lotta allo spreco e contrasto alle nuove povertà. Il Volontariato porta le sue esperienze a Expo per rilanciare un patto di comunità”.</p>
